NOAA-Style Climate Reports


Report for 2004 July
<pre>
                  MONTHLY CLIMATOLOGICAL SUMMARY FOR 7/2004
                                        HEAT  COOL        
     MEAN                               DEG   DEG       WIND SPEED       DOM MEAN  MEAN
DAY  TEMP  HIGH   TIME     LOW   TIME   DAYS  DAYS RAIN AVG  HI  TIME    DIR BAROM HUM
---------------------------------------------------------------------------------------
1    79.7  87.8   4:31pm  73.0   3:52am    0   15  0.00   0   8  12:13am   S 29.87   75
2    83.4  91.0   1:27pm  76.5   4:39am    0   18  0.00   0   8   6:18pm   S 29.83   71
3    83.9  92.7   4:07pm  73.9   7:29am    0   19  0.00   0  12   7:39am   S 29.78   65
4    85.2  95.1   1:39pm  77.2   7:13am    0   20  0.00   0  10   5:41pm   S 29.78   64
5    83.7  90.1   1:07pm  76.5   7:15am    0   19  0.00   0  12   3:53pm   S 29.86   66
6    82.7  90.3   5:54pm  75.3  11:44am    0   18  0.02   0  10  12:06pm   S 29.90   68
7    82.4  87.6   7:34pm  77.9   7:29am    0   17  0.00   0  10  11:08am   S 29.83   71
8    85.4  95.4   1:26pm  76.7   7:17am    0   20  0.00   0  12   5:00pm   S 29.78   63
9    84.8  92.9   1:27pm  76.5   7:08am    0   20  0.00   0  10   1:56am   S 29.88   63
10   83.7  93.6   1:55pm  75.3   7:03am    0   19  0.00   0   8   5:46pm   S 29.97   62
11   84.8  94.7   1:23pm  76.3   6:56am    0   20  0.00   0   7  10:35pm   S 29.99   58
12   84.7  95.6   1:54pm  74.9   6:56am    0   20  0.00   0   3   1:33pm   S 29.97   58
13   87.2  99.4   1:45pm  77.0   7:20am    0   22  0.00   0   5  10:08pm   S 29.94   52
14   88.3 101.2   1:08pm  77.2   7:22am    0   23  0.00   0   6   6:49pm   S 29.87   50
15   89.2 100.7   1:41pm  78.3   7:28am    0   24  0.00   0   7   4:52pm   S 29.83   45
16   90.0 100.4   2:06pm  79.9   6:54am    0   25  0.00   0   5  10:02pm  SE 29.81   48
17   87.3  98.5   1:35pm  81.1   7:11am    0   22  0.00   0   5  12:01pm  NW 29.83   53
18   83.7  94.7   1:28pm  74.7   6:58am    0   19  0.00   0   3   1:55pm  NW 29.89   47
19   84.5  97.8   1:51pm  73.7   6:58am    0   20  0.00   0   5   6:00pm   S 29.87   50
20   85.7  96.1   1:19pm  75.4   6:58am    0   21  0.00   0   7  12:56pm   S 29.86   52
21   84.9  94.0   2:10pm  76.0   7:15am    0   20  0.00   0  10   3:40pm   S 29.88   55
22   86.2  97.3   1:24pm  76.8   7:06am    0   21  0.00   0  11   7:21pm   S 29.89   55
23   87.3  97.5   1:12pm  78.3   7:06am    0   22  0.00   0   8   5:36pm   S 29.91   53
24   86.4  97.8   1:24pm  78.5  11:48pm    0   21  0.00   0   5   2:48pm   S 29.99   54
25   75.1  78.6  12:00am  71.6  11:57pm    0   10  0.00   0   5   9:45am NNW 30.11   70
26   75.4  85.5   4:35pm  67.6  12:00am    0   10  0.00   0   3   9:58am NNW 30.09   63
27   78.0  87.4   3:16pm  69.3   4:54am    0   13  0.00   0   6   8:49am   S 30.02   61
28   77.0  86.1   3:11pm  72.1  11:03pm    0   12  2.41   1  10  12:38pm   S 29.90   73
29   76.8  83.8   5:19pm  71.5   7:27am    0   12  1.30   0  11   2:09am   S 29.84   84
30   78.9  90.3   1:50pm  71.1   7:13am    0   14  0.00   0   2   2:56pm  NW 29.87   74
31   83.0  95.1   2:00pm  72.1   6:31am    0   18  0.00   0   6   4:00am   S 29.96   64
---------------------------------------------------------------------------------------
TOT  83.5 101.2  7/14/04  67.6  7/26/04    0  574  3.73   0  12   7/3/04   S 29.90   61

HEAT BASE: 65.0
COOL BASE: 65.0

</pre>