NOAA-Style Climate Reports


Report for 2004 August
<PRE>
                  MONTHLY CLIMATOLOGICAL SUMMARY FOR 8/2004
                                        HEAT  COOL        
     MEAN                               DEG   DEG       WIND SPEED       DOM MEAN  MEAN
DAY  TEMP  HIGH   TIME     LOW   TIME   DAYS  DAYS RAIN AVG  HI  TIME    DIR BAROM HUM
---------------------------------------------------------------------------------------
1    86.2  94.9  12:59pm  76.8   6:54am    0   21  0.00   0   6   6:00pm   S 30.02   63
2    88.0  97.8   1:31pm  78.8   7:12am    0   23  0.00   0   6   8:57pm   S 29.99   60
3    89.5  99.0   1:50pm  80.1   7:14am    0   24  0.00   0   6   7:09pm   S 29.94   56
4    89.5  99.9   1:06pm  80.7   7:18am    0   24  0.00   0   5   7:03pm   S 29.90   53
5    87.6  97.1   2:18pm  80.1   7:59am    0   23  0.00   0   5  12:23pm NNW 29.96   57
6    81.8  88.6   3:28pm  74.9   7:42am    0   17  0.00   0   8   6:28am   S 30.03   55
7    79.6  87.2   4:34pm  72.8   7:00am    0   15  0.00   0   8   8:51am   S 30.00   52
8    81.0  90.1   4:02pm  73.7   5:55am    0   16  0.00   0   7  11:05am   S 30.02   52
9    85.5  96.8   1:48pm  76.5   7:34am    0   20  0.00   0   3   2:12am NNW 30.09   50
10   86.0  97.3   1:34pm  76.7   7:20am    0   21  0.00   0   3   2:24pm   S 30.04   51
11   80.5  89.7   1:56pm  72.0  10:00am    0   16  0.00   0   7  11:12am NNW 30.01   60
12   75.8  87.6   1:33pm  64.3   7:18am    0   11  0.00   0   3  12:52pm   S 30.12   53
13   76.2  85.3   2:48pm  70.1   6:26am    0   11  0.00   0   6   7:17pm   S 30.15   54
14   77.5  86.7   2:13pm  69.6   6:26am    0   13  0.00   0   7  11:52am   S 30.20   54
15   79.6  87.4   3:47pm  72.5   7:57am    0   15  0.00   0   7  10:27am   S 30.23   46
16   80.0  89.3   2:39pm  71.6   7:57am    0   15  0.00   0   6  12:54pm   S 30.23   47
17   82.5  92.7   1:57pm  72.0   6:58am    0   17  0.00   0   7   5:49pm   S 30.16   45
18   83.1  92.3   1:39pm  72.8   7:32am    0   18  0.00   0  11   5:17pm   S 30.05   46
19   73.5  82.0  12:00am  70.4   2:38pm    0    8  1.34   0   7   6:52am   S 30.03   84
20   76.9  87.2   4:02pm  70.9  12:00am    0   12  0.01   0   3   9:53am  SE 30.08   75
21   75.7  79.4  11:11am  70.8  12:00am    0   11  0.00   0   6   8:44pm   S 30.11   76
22   78.7  89.5   4:06pm  72.3   6:54am    0   14  0.00   0  11   8:28pm   S 30.05   76
23   81.8  90.5   3:23pm  74.7   3:33am    0   17  0.00   0  10   1:52pm   S 30.03   71
24   85.4  94.5   3:41pm  77.7   5:06am    0   20  0.00   0  10  11:46am   S 30.04   65
25   86.4  95.1   3:31pm  78.1   5:06am    0   21  0.00   0  10   3:50pm   S 30.08   61
26   87.3  96.1   2:36pm  79.6   7:10am    0   22  0.00   1  13   5:02pm   S 30.10   59
27   85.3  94.5   3:00pm  76.5   6:27am    0   20  0.00   0  13  10:44pm   S 30.14   60
28   77.8  84.0  12:00am  69.9   6:27am    0   13  0.62   0   8  12:45am   S 30.15   76
29   80.7  91.2   1:22pm  72.3   6:27am    0   16  0.00   0   5   1:24pm NNW 30.16   56
30   80.2  91.6   1:23pm  70.3   7:21am    0   15  0.00   0   6  10:55am NNW 30.22   46
31   78.9  88.4   1:27pm  67.6   6:33am    0   14  0.00   0   7   4:19pm   S 30.30   52
---------------------------------------------------------------------------------------
TOT  81.9  99.9   8/4/04  64.3  8/12/04    0  524  1.97   0  13  8/26/04   S 30.08   58

HEAT BASE: 65.0
COOL BASE: 65.0

</PRE>