NOAA-Style Climate Reports


Report for 2004 September
<PRE>
                  MONTHLY CLIMATOLOGICAL SUMMARY FOR 9/2004
                                        HEAT  COOL        
     MEAN                               DEG   DEG       WIND SPEED       DOM MEAN  MEAN
DAY  TEMP  HIGH   TIME     LOW   TIME   DAYS  DAYS RAIN AVG  HI  TIME    DIR BAROM HUM
---------------------------------------------------------------------------------------
1    79.3  88.4   1:00pm  68.9   6:13am    0   14  0.00   0   8   3:26pm   S 30.28   52
2    80.3  89.7  12:58pm  72.1   6:52am    0   15  0.00   0   8   6:08pm   S 30.15   51
3    78.9  87.6   4:41pm  69.4   6:42am    0   14  0.00   0   8   1:14pm   S 30.11   62
4    80.9  89.3   1:09pm  74.0   6:24am    0   16  0.00   0   8  12:03am   S 30.18   67
5    83.1  91.4   3:26pm  75.4   7:33am    0   18  0.00   0   8   4:21pm   S 30.13   64
6    78.5  85.7   4:45pm  69.8   9:51am    0   13  0.90   0   7   8:23am NNW 30.17   62
7    75.5  85.7   1:43pm  65.8   7:18am    0   11  0.00   0   6   9:55am NNW 30.22   45
8    73.0  84.9   1:12pm  59.0   7:18am    1    9  0.00   0   3   1:57am NNW 30.19   43
9    74.0  86.7   1:37pm  59.3   7:08am    1   10  0.00   0   4   2:06pm   S 30.27   48
10   77.5  87.8   1:14pm  66.1   6:54am    0   12  0.00   0   7   1:39pm   S 30.32   50
11   80.6  90.7   1:32pm  69.4   7:20am    0   16  0.00   0   5  11:10am   S 30.30   50
12   81.7  92.5   1:27pm  70.9   7:20am    0   17  0.00   0   7   5:48pm   S 30.26   49
13   82.1  92.1  12:44pm  71.6   7:02am    0   17  0.00   0  10   2:08pm   S 30.17   53
14   80.4  90.3   2:49pm  74.0  11:04pm    0   15  0.17   1  12   1:30pm   S 30.12   72
15   81.1  90.1   3:38pm  73.9  12:03am    0   16  0.00   0   8   1:48pm   S 30.16   72
16   84.9  95.1   1:21pm  75.6  12:03am    0   20  0.00   0   5   3:07pm   S 30.16   59
17   86.6  97.1   1:13pm  76.7   7:36am    0   22  0.00   0   6   3:38pm   S 30.18   53
18   85.6  95.1  12:19pm  76.7   7:05am    0   21  0.00   0  11   5:24pm   S 30.21   52
19   82.7  91.2   1:10pm  74.7   7:45am    0   18  0.00   1  12  11:07am   S 30.22   40
20   79.3  89.0   2:25pm  67.9   7:06am    0   14  0.00   1  11   5:51pm   S 30.17   43
21   78.7  88.2   3:53pm  68.8   7:06am    0   14  0.00   1  11  12:32pm   S 30.22   56
22   78.4  87.8   4:36pm  68.4   7:12am    0   13  0.00   1  14   9:49am   S 30.23   53
23   78.8  87.6  12:53pm  70.6   6:54am    0   14  0.00   0  11  11:24am   S 30.22   55
24   77.6  87.6   1:27pm  69.9   7:25am    0   13  0.00   0  10   7:36pm   S 30.25   64
25   76.5  86.1   4:17pm  68.4   4:08am    0   11  0.00   0   8  12:45pm   S 30.28   63
26   77.7  87.6   2:40pm  68.8   6:47am    0   13  0.00   0   6  11:28am   S 30.22   54
27   77.0  87.2   1:11pm  65.6   7:13am    0   12  0.00   0   3  10:32am   S 30.17   43
28   73.2  82.2   4:24pm  65.8   7:21am    0    8  0.00   0   3   2:00pm  NW 30.19   50
29   75.1  86.7   1:22pm  65.3   7:55am    0   10  0.00   0   6   3:11pm   S 30.18   43
30   75.8  84.9   1:43pm  66.4   6:46am    0   11  0.00   1  13  11:17am   S 30.08   45
---------------------------------------------------------------------------------------
TOT  79.2  97.1  9/17/04  59.0   9/8/04    1  425  1.07   0  14  9/22/04   S 30.20   54

HEAT BASE: 65.0
COOL BASE: 65.0

</PRE>