NOAA-Style Climate Reports


Report for 2004 October
<PRE>
                  MONTHLY CLIMATOLOGICAL SUMMARY FOR 10/2004
                                        HEAT  COOL        
     MEAN                               DEG   DEG       WIND SPEED       DOM MEAN  MEAN
DAY  TEMP  HIGH   TIME     LOW   TIME   DAYS  DAYS RAIN AVG  HI  TIME    DIR BAROM HUM
---------------------------------------------------------------------------------------
1    76.9  87.4   4:44pm  68.8   7:37am    0   12  0.06   0  11   2:06am   S 30.13   63
2    69.8  76.5   4:11pm  62.6   9:03am    0    5  0.00   0   6   3:49am NNW 30.38   58
3    69.7  80.3  12:19pm  60.5   7:56am    1    5  0.00   0   3  10:01am   S 30.35   56
4    65.4  67.9  12:00am  63.4   9:02am    0    1  3.48   0   6   5:13am NNW 30.39   87
5    69.9  79.4   3:43pm  62.6   5:51am    1    6  0.00   0   8   4:24pm   S 30.48   72
6    72.9  82.0   4:39pm  65.5   5:51am    0    8  0.07   0  17   9:44pm   S 30.35   66
7    73.4  82.4   2:53pm  69.3   2:27am    0    8  0.03   0   8   4:13pm   S 30.36   81
8    75.2  84.1   3:55pm  70.6  12:23am    0   10  0.00   0   5  12:53am NNW 30.29   72
9    67.5  73.0  12:00am  64.3  11:37pm    0    3  0.38   0   7  10:09pm NNW 30.28   85
10   64.5  66.4   3:14pm  62.6  12:00am    1    0  0.15   0   3  12:25am NNW 30.18   90
11   66.2  71.3   3:49pm  63.2   7:47am    0    2  0.17   0   7   9:22pm NNW 30.27   85
12   63.8  72.5   5:15pm  55.6   8:12am    3    2  0.00   0   7   8:38am NNW 30.32   62
13   67.1  79.0   1:34pm  56.6   6:54am    2    4  0.00   0   5  11:13pm NNW 30.17   60
14   59.5  64.5  12:11am  51.6   8:07am    5    0  0.00   1  10   2:15pm NNW 30.13   53
15   66.8  81.1   4:09pm  51.9   6:28am    4    6  0.00   0   8   5:54pm   S 29.95   52
16   65.4  74.9   4:12pm  54.7   6:28am    2    3  0.00   0   6   4:49am NNW 30.01   57
17   71.5  84.9   2:26pm  56.6   7:25am    2    9  0.00   0  10  11:27am   S 29.98   70
18   80.6  89.9   3:13pm  74.4  11:57pm    0   16  0.00   0  10  12:38am   S 29.97   56
19   77.3  90.1   3:34pm  67.6   7:55am    0   12  0.00   0   2   3:35am SSE 29.97   47
20   75.2  87.0   4:26pm  61.8  12:00am    0   11  0.00   0   3  12:13am   S 30.11   54
21   77.2  83.0   3:44pm  72.8   6:20am    0   12  0.00   0   8   3:47pm   S 30.17   78
22   74.8  84.5   2:07pm  69.8   7:45am    0   10  0.13   0  10  12:15pm   S 30.16   79
23   71.5  82.2   1:19pm  60.9  11:59pm    0    7  0.00   0   8   1:32am   S 30.16   63
24   68.9  83.2   1:37pm  56.7   4:07am    2    6  0.01   0  11  12:25pm   S 30.16   70
25   70.4  77.0  11:42am  68.1   5:34am    0    5  0.24   0  10   4:39pm   S 30.24   86
26   73.9  79.2  11:28am  68.4  12:00am    0    9  0.00   0   8  11:16am   S 30.30   79
27   75.7  84.1   2:23pm  71.8   2:50am    0   11  0.01   0  12   2:14pm   S 30.35   80
28   76.7  83.2   1:47pm  72.7   7:34am    0   12  0.00   0  10   5:36pm   S 30.34   75
29   76.5  81.6   3:42pm  72.7   6:37am    0   12  0.10   0   8   3:02am   S 30.22   73
30   69.5  79.8   1:36pm  60.4   8:21am    1    5  0.02   0   3   1:16pm NNW 30.19   58
31   71.6  81.2   2:43pm  64.2   3:27am    0    7  0.27   1  14   3:41pm   S 30.08   78
---------------------------------------------------------------------------------------
TOT  71.1  90.1 10/19/04  51.6 10/14/04   26  217  5.12   0  17  10/6/04   S 30.21   69

HEAT BASE: 65.0
COOL BASE: 65.0


</PRE>