NOAA-Style Climate Reports


Report for 2004 November
<PRE>
                  MONTHLY CLIMATOLOGICAL SUMMARY FOR 11/2004
                                        HEAT  COOL        
     MEAN                               DEG   DEG       WIND SPEED       DOM MEAN  MEAN
DAY  TEMP  HIGH   TIME     LOW   TIME   DAYS  DAYS RAIN AVG  HI  TIME    DIR BAROM HUM
---------------------------------------------------------------------------------------
1    64.5  68.6  12:00am  63.1   3:27am    1    0  0.66   0   5   9:51am   S 30.06   88
2    57.1  63.2  12:00am  51.4  11:55pm    8    0  0.27   0   7   4:07am NNW 30.36   85
3    51.6  58.0  12:08pm  46.8  11:52pm   13    0  0.09   0   5   3:33pm NNW 30.31   81
4    52.5  63.5   2:57pm  41.8   6:57am   12    0  0.00   0   3   9:59am NNW 30.40   65
5    56.6  68.4   2:37pm  44.6   5:23am    9    0  0.00   0   5   7:40pm   S 30.46   63
6    63.2  76.8   3:18pm  49.1   7:02am    5    3  0.00   0   6   4:17pm   S 30.26   57
7    64.8  75.6   1:36pm  55.6   5:25am    3    3  0.00   0   3  10:16am NNW 30.29   58
8    64.0  73.5   2:39pm  56.9   6:47am    3    2  0.00   0   8   9:36am   S 30.51   65
9    60.4  68.6   2:28pm  52.9   6:37am    5    1  0.00   1  11   2:52pm   S 30.44   56
10   61.7  71.1   4:36pm  52.9   4:59am    5    2  0.00   1  10  12:02am   S 30.17   72
11   53.3  63.4  12:00am  46.7  11:47pm   12    0  0.00   1   8   5:53am NNW 30.33   66
12   49.4  53.2   2:56pm  46.0   2:01am   16    0  0.00   0   5   1:15am NNW 30.30   70
13   52.0  53.6   1:06pm  50.8  12:00am   13    0  0.03   0   8  10:46am NNW 30.36   75
14   50.5  53.5  11:55pm  48.3   7:41am   15    0  0.03   0   7   9:13pm   S 30.53   84
15   58.0  61.6   6:18pm  53.5  12:00am    7    0  0.00   0   7  12:43am   S 30.57   88
16   65.0  69.9   4:03pm  61.5  12:07am    1    1  0.02   1  11  10:28pm   S 30.51   86
17   60.0  65.0  12:00am  55.3  12:07am    5    0  0.98   0  11   3:27am   S 30.44   90
18   57.0  59.6   3:43pm  53.2   7:29am    8    0  0.00   0   1   3:52pm   S 30.38   91
19   60.7  66.6   2:00pm  55.4   7:29am    4    0  0.00   0   3   6:15pm   S 30.34   82
20   62.4  68.8   1:54pm  57.5   2:03am    3    1  0.19   0   7  12:37pm   S 30.36   85
21   61.3  67.8  12:38pm  57.5   4:37am    4    0  0.07   0   3   2:14pm NNW 30.47   89
22   58.1  61.6   4:41pm  56.0   4:37am    7    0  0.69   0   3   7:42am   S 30.38   93
23   60.6  63.5  10:27am  55.7  11:55pm    4    0  0.48   0  11   1:18pm   S 30.08   94
24   47.7  55.7  12:00am  41.2  11:59pm   17    0  0.00   1  11   4:35am NNW 30.13   71
25   48.9  59.8   3:00pm  37.2   7:38am   16    0  0.00   0  11  10:22pm   S 30.08   61
26   59.5  72.1   2:49pm  47.9   7:38am    7    2  0.00   0  11   2:43pm   S 29.85   73
27   54.5  63.9  12:00am  45.8  10:34pm   11    0  0.00   1  12   2:40am NNW 30.05   56
28   52.7  59.8   3:32pm  45.4   3:02am   12    0  0.01   2  16  11:18am   S 29.96   57
29   54.3  60.9  10:15am  43.9  12:00am   11    0  0.21   1  10  12:09am   S 30.02   88
30   41.1  45.2   3:46pm  37.2  11:53pm   24    0  0.20   0   8   4:49am NNW 30.24   76
---------------------------------------------------------------------------------------
TOT  56.8  76.8  11/6/04  37.2 11/25/04  261   15  3.93   0  16 11/28/04   S 30.29   75

HEAT BASE: 65.0
COOL BASE: 65.0


</PRE>