NOAA-Style Climate Reports


Report for 2004 December
<PRE>
                  MONTHLY CLIMATOLOGICAL SUMMARY FOR 12/2004
                                        HEAT  COOL        
     MEAN                               DEG   DEG       WIND SPEED       DOM MEAN  MEAN
DAY  TEMP  HIGH   TIME     LOW   TIME   DAYS  DAYS RAIN AVG  HI  TIME    DIR BAROM HUM
---------------------------------------------------------------------------------------
1    44.9  56.9  12:21pm  34.3   8:22am   20    0  0.00   0   8   1:53pm   S 30.23   56
2    46.9  55.9   2:32pm  38.9   6:28am   18    0  0.00   0   5  12:42pm NNW 30.18   61
3    46.2  58.1   2:28pm  34.3   7:14am   19    0  0.00   0   5  10:35am   S 30.12   58
4    49.6  59.9   2:11pm  38.5   7:14am   15    0  0.00   0   7   4:08pm   S 30.03   68
5    56.7  62.3   4:26pm  52.5   3:09am    8    0  0.11   0   7  12:06am   S 29.90   89
6    60.8  68.1   3:38pm  55.0   5:06am    5    0  0.19   0  12   2:06pm   S 29.91   86
7    54.5  63.1   3:36pm  47.6   8:10am   11    0  0.00   0   5   4:15am NNW 30.11   57
8    54.9  62.4   3:32pm  47.0   5:21am   10    0  0.00   0  10  10:48am   S 30.00   68
9    56.2  67.6  12:41pm  47.1   7:11am    9    0  0.00   0   5   2:32pm NNW 29.89   58
10   54.3  61.8   2:53pm  49.2   3:12am   11    0  0.00   0  11   4:02pm NNW 30.14   46
11   51.4  61.5   2:50pm  39.8   3:12am   14    0  0.00   0   8  11:35pm   S 30.07   47
12   57.7  68.6   3:51pm  47.4   7:30am    8    1  0.00   0   8  12:27am NNW 29.93   51
13   46.9  52.9  12:00am  39.6  11:51pm   18    0  0.00   1  10   1:33am NNW 30.41   36
14   37.3  43.1   3:27pm  31.2   7:47am   28    0  0.00   0   6   2:14pm NNW 30.60   47
15   38.8  47.6   2:27pm  29.5   4:36am   26    0  0.00   1  11  10:54am   S 30.35   45
16   46.9  55.0  12:16pm  41.3   7:34am   18    0  0.00   0   6  12:35am   S 30.30   59
17   47.1  58.4   3:29pm  36.2   5:47am   18    0  0.00   0   2  10:49am NNW 30.28   66
18   48.4  59.3   3:14pm  39.6  12:00am   17    0  0.00   0   6  10:51am NNW 30.16   59
19   45.5  52.9  12:21pm  38.0   7:19am   19    0  0.00   0   6   8:57am   S 30.28   52
20   55.0  69.8   1:02pm  41.1   4:55am   11    1  0.00   0  13   3:29pm   S 29.84   40
21   55.5  65.6  12:33pm  45.5  11:59pm   10    0  0.00   0   6  12:25am NNW 29.77   59
22   33.5  45.7  12:01am  24.5  11:34pm   31    0  0.28   1   8   9:18am NNW 29.97   72
23   24.6  30.9   3:17pm  17.5   7:42am   40    0  0.00   0   6  12:29am NNW 30.30   53
24   25.9  30.7   3:27pm  21.0   8:17am   39    0  0.01   0   6  12:50am NNW 30.30   51
25   34.9  47.1   3:16pm  23.6   7:48am   30    0  0.00   0   6  12:19pm   S 30.08   56
26   47.1  62.1   3:12pm  32.1   7:17am   18    0  0.00   0   6  10:14pm   S 30.16   47
27    0.0  47.7   2:43am  47.7   2:43am    0    0  0.00   0   4   2:43am ---  0.00    0
28   54.9  64.5   2:57pm  43.3   5:44am    9    0  0.00   0  11   1:05pm   S 30.21   67
29   59.4  64.5   3:12pm  56.0   5:24am    6    0  0.00   0  10  11:37am   S 30.17   82
30   65.0  72.3   2:20pm  59.3  12:00am    2    2  0.00   0  10   2:05am SSE 30.09   77
31   66.0  72.7   3:20pm  61.3   2:56am    1    2  0.00   0   8  11:22pm   S 30.19   78
---------------------------------------------------------------------------------------
TOT  48.8  72.7 12/31/04  17.5 12/23/04  487    5  0.59   0  13 12/20/04   S 30.13   60

HEAT BASE: 65.0
COOL BASE: 65.0


</PRE>