NOAA-Style Climate Reports


Report for 2005 January
<PRE>
                  MONTHLY CLIMATOLOGICAL SUMMARY FOR 1/2005
                                        HEAT  COOL        
     MEAN                               DEG   DEG       WIND SPEED       DOM MEAN  MEAN
DAY  TEMP  HIGH   TIME     LOW   TIME   DAYS  DAYS RAIN AVG  HI  TIME    DIR BAROM HUM
---------------------------------------------------------------------------------------
1    66.2  71.5   1:57pm  62.7   8:00am    1    2  0.00   1  11   3:06am   S 30.27   76
2    65.0  66.6  12:39pm  62.7   2:15am    1    1  1.34   1  13  11:50pm   S 30.34   91
3    68.2  73.9   3:20pm  62.3  12:00am    0    3  1.47   0  16  12:56am   S 30.43   88
4    65.5  68.1  11:42am  60.9   5:01am    1    1  0.06   1  10  10:49pm   S 30.36   90
5    44.5  66.9  12:53am  29.1  11:53pm   21    0  0.17   1  19   1:08am NNW 30.22   84
6    30.0  35.0  11:57pm  24.2   8:15am   35    0  0.00   0   8   1:05am NNW 30.13   65
7    40.6  49.6   4:52pm  34.0   4:47am   24    0  0.00   0   6   2:38am   S 29.99   80
8    43.4  53.6   3:35pm  32.9   6:59am   22    0  0.00   0   6  10:08pm   S 30.23   71
9    56.2  70.3   4:05pm  43.1   6:33am   10    1  0.00   0   6   4:27am   S 30.21   77
10   65.8  72.3   1:02pm  60.4   3:55am    1    2  0.00   0   8   2:37pm   S 30.18   81
11   66.6  72.3   3:37pm  62.6   6:50am    0    2  0.00   0   8   3:23pm   S 30.06   76
12   65.7  69.4   1:34pm  59.9  12:12am    1    1  0.05   1  13   3:46am SSE 29.88   71
13   46.2  59.9  12:00am  38.9   8:00am   19    0  0.00   1  12   2:46am NNW 30.12   51
14   44.0  53.1   3:33pm  34.9  12:01am   21    0  0.00   0   6   9:33am   S 30.41   47
15   41.7  49.6   2:34pm  34.4  11:57pm   23    0  0.00   0   6   3:50am NNW 30.50   59
16   32.9  38.8   3:36pm  27.2   7:39am   32    0  0.00   0   6   3:58am NNW 30.61   62
17   35.5  44.6   3:02pm  26.4   5:46am   29    0  0.00   0   8   9:59am   S 30.53   61
18   38.2  45.5   3:34pm  29.7   7:24am   26    0  0.00   0   7   8:40am   S 30.47   53
19   51.8  63.9   3:23pm  41.1  12:00am   13    0  0.00   0   3  12:34am   S 30.23   60
20   56.4  71.1   3:26pm  43.1   6:23am   10    1  0.00   0   2   2:01pm   S 30.06   65
21   62.4  76.8   2:13pm  47.0   6:23am    6    3  0.00   0   6   1:46pm   S 29.91   53
22   48.9  61.8  12:00am  32.7  11:54pm   16    0  0.00   1  10   6:05am NNW 30.21   43
23   34.1  43.2   3:59pm  24.8   7:52am   31    0  0.00   0   8  12:25am   S 30.42   40
24   47.1  61.0   2:32pm  33.7   6:58am   18    0  0.00   0   6   1:58pm   S 30.15   36
25   59.8  78.1   2:46pm  44.9   7:13am    8    3  0.00   0   6   2:59pm   S 29.82   40
26   57.7  67.8   1:50pm  49.6   7:13am    8    0  0.00   0   7  10:00pm NNW 29.96   47
27   44.5  52.6  12:00am  39.9   7:02pm   21    0  0.49   0  14   8:03am   S 30.13   71
28   39.6  42.1   4:29pm  37.2   7:34am   25    0  0.18   0   8   4:43am   S 30.08   88
29   43.9  47.1   1:17pm  41.2  12:00am   21    0  0.01   0   3   1:30pm NNW 30.11   81
30   40.1  44.1  12:03am  38.6  10:00am   25    0  0.93   0   7  10:06am NNW 30.08   83
31   41.7  43.9   3:52pm  39.8   8:52am   23    0  0.00   0   5  11:04am NNW 30.17   87
---------------------------------------------------------------------------------------
TOT  49.8  78.1  1/25/05  24.2   1/6/05  491   21  4.77   0  19   1/5/05   S 30.20   67

HEAT BASE: 65.0
COOL BASE: 65.0


</PRE>