NOAA-Style Climate Reports


Report for 2005 February
<PRE>
                  MONTHLY CLIMATOLOGICAL SUMMARY FOR 2/2005
                                        HEAT  COOL        
     MEAN                               DEG   DEG       WIND SPEED       DOM MEAN  MEAN
DAY  TEMP  HIGH   TIME     LOW   TIME   DAYS  DAYS RAIN AVG  HI  TIME    DIR BAROM HUM
---------------------------------------------------------------------------------------
1    40.9  42.3  10:44am  38.3   8:52am   24    0  0.30   0   6   6:41am NNW 30.19   86
2    40.4  42.9   4:56pm  38.0   2:00am   25    0  0.00   0   6   8:39am   N 30.24   83
3    43.7  53.2   4:20pm  34.7   2:00am   21    0  0.00   0   5   1:03pm NNW 30.38   70
4    47.5  58.9   2:36pm  36.5   4:35am   18    0  0.00   0   3  11:56am   S 30.34   60
5    52.0  59.5   2:34pm  43.9   4:35am   13    0  0.00   1  11  10:44pm   S 30.15   58
6    54.9  61.5   4:49pm  48.3   7:47am   10    0  0.28   1  13   4:32pm   S 29.99   88
7    48.4  57.8  12:00am  41.5  11:57pm   17    0  0.00   0   6   7:01am NNW 30.14   83
8    46.1  51.7   7:59pm  41.1   6:32am   19    0  0.01   0   6   5:17pm   S 30.08   82
9    42.7  47.9  12:00am  36.5  10:01am   22    0  0.00   1   7   4:08am   N 30.21   65
10   45.9  57.3  12:58pm  34.6   7:19am   19    0  0.00   0   2   9:03am   N 30.35   55
11   51.4  56.6   1:32pm  45.7   7:26am   14    0  0.00   0   2  12:11pm   S 30.30   50
12   52.3  60.1  11:55pm  48.9   6:11am   13    0  0.17   0  11   1:44pm   S 29.99   75
13   65.3  75.8   3:18pm  55.3  11:58pm    2    3  0.01   0   7   1:10am   S 29.77   62
14   63.4  77.9   2:16pm  47.4  12:00am    6    4  0.00   0   8   4:07pm   S 30.00   46
15   67.7  82.0   3:22pm  56.5   6:22am    2    5  0.00   0  10  10:52pm   S 29.91   49
16   52.9  59.0  12:00am  47.0   7:30am   12    0  0.00   0   7   5:06am NNW 30.11   49
17   48.4  53.8   3:42pm  43.2   6:58am   17    0  0.00   0   7   2:22am NNW 30.26   41
18   51.0  58.1  12:45pm  47.1   3:36am   14    0  0.04   0   6  10:44am   S 30.25   47
19   54.1  61.2  11:58pm  48.6  12:29am   11    0  0.01   1  10   9:05pm   S 30.08   74
20   70.1  81.4   3:40pm  61.2  12:00am    1    6  0.01   0   7  12:31am   S 30.02   71
21   68.5  81.4   2:03pm  58.7   7:25am    1    5  0.00   0   5   2:27pm SSE 30.04   50
22   66.3  78.8   2:14pm  53.9   7:12am    4    5  0.05   0   8   5:23pm   S 30.11   61
23   63.0  69.8   1:23pm  53.2  11:58pm    3    1  0.12   0  14   6:17am NNW 30.11   75
24   48.2  53.2  12:00am  43.9   9:09am   17    0  0.13   0   8   3:29am NNW 30.17   73
25   51.0  59.2   1:21pm  40.5   7:29am   14    0  0.00   0   6   1:15pm   S 30.18   55
26   50.6  54.5   1:55pm  47.0   3:49am   14    0  0.33   0   5  10:34am   S 30.07   66
27   48.6  52.8   2:31pm  44.8   5:47am   16    0  0.04   0   5   8:31pm NNW 29.94   78
28   52.2  61.3   3:05pm  43.8   7:36am   13    0  0.00   0   5   8:21am NNW 30.01   52
---------------------------------------------------------------------------------------
TOT  53.1  82.0  2/15/05  34.6  2/10/05  361   28  1.50   0  14  2/23/05   S 30.12   65

HEAT BASE: 65.0
COOL BASE: 65.0


</PRE>