NOAA-Style Climate Reports


Report for 2005 March
<PRE>
                  MONTHLY CLIMATOLOGICAL SUMMARY FOR 3/2005
                                        HEAT  COOL        
     MEAN                               DEG   DEG       WIND SPEED       DOM MEAN  MEAN
DAY  TEMP  HIGH   TIME     LOW   TIME   DAYS  DAYS RAIN AVG  HI  TIME    DIR BAROM HUM
---------------------------------------------------------------------------------------
1    45.6  51.0   4:09pm  39.3   6:19am   19    0  0.01   0   7  10:16am   S 30.09   43
2    49.4  55.1   2:56pm  43.3   5:12am   16    0  0.03   0   7   1:59am   S 30.01   82
3    53.7  59.2   3:24pm  49.9  11:53pm   11    0  0.01   0   5   5:46pm   S 30.10   76
4    53.4  60.5   2:35pm  48.2   1:29am   12    0  0.09   0   8   9:03am   S 30.12   80
5    56.5  63.4   2:48pm  48.6   7:16am    8    0  0.00   0   2   5:21pm SSW 30.26   77
6    59.7  69.4  12:50pm  54.2   4:24am    6    0  0.00   0   6   1:19pm   S 30.18   75
7    62.6  73.7  12:00pm  53.8  11:59pm    4    1  0.00   0  11   5:39pm   N 29.98   61
8    55.5  63.4   4:13pm  43.9   6:46am   10    0  0.01   0   6  11:27am   S 30.05   38
9    56.9  66.1   1:39pm  47.9   2:17am    8    0  0.05   1  10  10:40am   N 30.02   48
10   59.6  78.8   2:46pm  43.5   4:08am    8    3  0.00   0   8   5:14pm   S 29.93   42
11   59.7  69.1   3:30pm  47.9   6:27am    6    1  0.00   0   7   2:00pm   N 30.05   30
12   69.8  86.1   3:53pm  53.8   6:09am    3    8  0.00   0   6   1:27pm   S 29.73   31
13   59.2  70.9  12:00am  48.3   6:09am    6    1  0.00   1   8  10:27am   N 29.77   46
14   49.5  59.3   5:11pm  40.5   6:55am   15    0  0.00   0   7   5:18pm   N 30.01   38
15   46.0  53.6  12:00am  43.2  12:29pm   19    0  0.04   1  12   7:06am NNW 29.96   59
16   45.4  51.3   1:07pm  41.6   8:01am   20    0  0.00   0   6   8:19am NNW 30.01   62
17   50.1  61.3   3:16pm  36.6   8:01am   15    0  0.00   0   8   3:34pm   S 29.95   49
18   61.3  76.1   3:47pm  48.0   4:32am    6    3  0.00   1  11   1:50am   S 29.70   41
19   61.5  69.8   3:18pm  51.4   4:10am    5    1  0.00   0  10   1:19pm NNW 29.90   33
20   65.0  75.8   3:24pm  52.9   6:40am    3    3  0.00   1  12  11:04pm   S 29.86   51
21   66.2  78.5   3:56pm  58.7   6:10am    3    4  0.12   1  12   4:00am   S 29.69   60
22   55.2  60.1  10:25am  47.6  11:59pm   10    0  0.00   0  10   4:18pm NNW 29.78   57
23   52.4  63.4   4:24pm  42.5   6:55am   13    0  0.00   0   8   4:30pm   S 29.94   62
24   65.4  77.9   2:50pm  52.2   6:13am    4    5  0.00   1  14  12:05pm   S 29.81   56
25   61.3  68.6   1:05pm  52.2   7:03am    4    1  0.00   0  10  10:06pm   N 29.91   60
26   49.7  55.3  12:01am  45.5  11:50pm   15    0  0.64   0  10   5:13am   N 29.93   86
27   48.0  55.1   5:02pm  41.8   8:00am   17    0  0.22   0  10  11:41am   N 29.95   72
28   60.3  77.0   2:44pm  41.8   6:01am    8    3  0.00   0  10   4:06pm   S 29.86   52
29   63.6  69.3   1:04pm  55.4   6:22am    3    1  0.00   1  13   2:16pm   S 29.71   70
30   70.4  81.6   3:11pm  61.6   6:50am    0    6  0.00   0   5  12:16am   S 29.87   47
31   65.9  77.9   1:04pm  56.3   6:22am    3    4  0.00   0   6  12:48am   S 29.91   44
---------------------------------------------------------------------------------------
TOT  57.4  86.1  3/12/05  36.6  3/17/05  280   44  1.22   0  14  3/24/05   S 29.94   56

HEAT BASE: 65.0
COOL BASE: 65.0


</PRE>