NOAA-Style Climate Reports


Report for 2005 April
<PRE>
                  MONTHLY CLIMATOLOGICAL SUMMARY FOR 4/2005
                                        HEAT  COOL        
     MEAN                               DEG   DEG       WIND SPEED       DOM MEAN  MEAN
DAY  TEMP  HIGH   TIME     LOW   TIME   DAYS  DAYS RAIN AVG  HI  TIME    DIR BAROM HUM
---------------------------------------------------------------------------------------
1    57.3  64.2   4:12pm  51.0   6:42am    8    0  0.00   1  11  11:52am   N 30.16   50
2    60.8  75.1   3:31pm  44.1   6:27am    7    3  0.00   0   5   4:35pm   S 30.16   37
3    66.7  78.8   1:42pm  51.9   6:37am    3    5  0.00   0  13   4:23pm   S 30.05   32
4    66.6  75.8   3:56pm  57.8   7:46am    2    3  0.00   1  17   5:11pm   S 29.91   63
5    70.4  82.0   3:01pm  64.2  11:58pm    0    5  0.19   1  13   3:36pm   S 29.81   69
6    61.3  70.6  12:27pm  57.2  10:41pm    4    0  0.00   0  11  12:21pm   N 29.88   62
7    64.5  74.0   3:54pm  56.0   7:19am    3    3  0.00   0   7  11:51am   N 30.06   59
8    66.5  77.0   2:40pm  56.5   3:50am    3    4  0.00   0   7   5:50pm   S 30.04   59
9    70.5  79.9   4:15pm  59.6   7:29am    1    7  0.00   2  18  12:08pm   S 29.82   54
10   67.9  74.0   3:32pm  63.7   9:26am    0    3  0.01   2  16   3:22am   S 29.87   73
11   66.1  73.5   1:52pm  57.6   9:44am    1    2  0.00   0  11  12:18am NNW 29.94   46
12   63.0  76.5   5:23pm  50.5   6:39am    5    3  0.00   0   5   9:26am NNW 29.97   37
13   63.1  74.6   6:07pm  50.4   6:43am    5    3  0.00   0   5  10:03am   N 30.04   48
14   65.1  74.7   3:01pm  54.1   6:58am    3    3  0.00   0   6   9:31am   S 30.18   51
15   65.4  74.2   3:43pm  56.9   4:46am    2    3  0.00   0   7   3:12pm   S 30.25   54
16   68.0  79.0   3:45pm  56.2   7:16am    2    5  0.00   0   8  12:31pm   S 30.31   50
17   70.9  80.5   1:42pm  61.8   6:29am    1    7  0.00   0  12   1:15pm   S 30.25   51
18   68.0  72.7   4:05pm  64.0   8:01am    0    3  0.01   1  13   3:08am   S 30.15   69
19   68.7  75.1   3:41pm  62.9   7:02am    0    4  0.00   1  12  11:13pm   S 30.10   73
20   70.0  76.0   5:37pm  65.6   5:48am    0    5  0.00   1  11   1:06am   S 30.18   75
21   73.4  78.8   5:46pm  68.9   8:00am    0    8  0.00   0   8   4:19pm   S 30.12   71
22   71.8  83.6   1:13pm  62.9  11:21pm    0    7  0.00   0   6  10:06am   N 30.15   50
23   59.9  66.6   4:06pm  51.1   8:02am    5    0  0.00   0   8   6:37am   N 30.25   34
24   58.7  70.4   1:14pm  49.6   5:06am    7    1  0.05   0   8  11:59am   S 30.13   44
25   58.7  68.9   3:07pm  50.1   4:29am    7    0  0.44   1  13   5:15pm   S 29.83   78
26   64.7  75.3   5:32pm  52.9   7:26am    3    3  0.01   0   6   3:35am   N 29.99   51
27   70.4  81.8   4:38pm  55.7   6:48am    2    8  0.00   1  12   3:11pm   S 30.06   39
28   77.9  91.0   4:13pm  65.8   6:47am    0   13  0.00   0   9  12:19am   S 29.89   40
29   67.7  76.8  12:00am  54.2  11:59pm    1    4  0.00   0   8   2:17am   N 29.93   67
30   57.9  66.6   4:53pm  48.6   5:41am    7    0  0.00   0   7   1:26am   N 30.20   48
---------------------------------------------------------------------------------------
TOT  66.1  91.0  4/28/05  44.1   4/2/05   84  116  0.71   1  18   4/9/05   S 30.06   54

HEAT BASE: 65.0
COOL BASE: 65.0


</PRE>