NOAA-Style Climate Reports


Report for 2005 May
<PRE>
                  MONTHLY CLIMATOLOGICAL SUMMARY FOR 5/2005
                                        HEAT  COOL        
     MEAN                               DEG   DEG       WIND SPEED       DOM MEAN  MEAN
DAY  TEMP  HIGH   TIME     LOW   TIME   DAYS  DAYS RAIN AVG  HI  TIME    DIR BAROM HUM
---------------------------------------------------------------------------------------
1    63.9  74.4   1:24pm  51.4   7:05am    4    3  0.00   0  11   2:31pm   S 30.25   36
2    58.1  66.8   1:41pm  52.5  11:53pm    7    0  0.00   0   7  11:59am NNW 30.31   53
3    57.8  66.4   3:37pm  50.5   1:22am    7    0  0.00   0  10   1:38pm   N 30.31   50
4    55.8  61.8   3:55pm  50.4   7:14am    9    0  0.45   0   5   6:47am   S 30.39   82
5     
6
7    
8    71.2  81.8   2:00pm  65.2   9:40am    0    6  0.06   2  16  11:42am   S 30.23   65
9    68.2  80.1   4:34pm  58.1   6:14am    2    5  0.00   1   7   3:47am   N 30.30   76
10   76.4  87.0   3:14pm  67.8   6:24am    0   11  0.00   2  13   2:59pm   S 30.41   72
11   77.8  87.4   4:15pm  66.9   6:55am    0   13  0.00   2  14   1:31pm   S 30.41   62
12   75.5  83.2   3:04pm  67.4   5:50am    0   10  0.00   3  16   3:46pm  NW 30.51   67
13   75.6  85.7   4:40pm  65.6   6:01am    0   11  0.00   2  13   1:21pm   S 30.48   63
14   72.9  81.6   2:39pm  65.3   3:13am    0    8  0.26   2  14   3:27am WSW 30.37   59
15   68.2  78.3   2:36pm  57.0   6:02am    2    5  0.00   1   8   9:57am ENE 30.40   54
16   70.3  82.8   4:15pm  57.0   5:55am    1    7  0.00   1   8   9:51am  NE 30.28   44
17   74.2  86.3   4:02pm  61.6   6:10am    1    9  0.00   2  17   8:12pm  NW 30.15   55
18   76.1  85.1   4:19pm  66.9   5:52am    0   11  0.00   2  14  11:42am   S 30.17   64
19   78.7  90.1   5:02pm  69.8   5:55am    0   12  0.00   1  10   1:04am   S 30.19   65
20   82.5  95.6   5:00pm  68.6   5:58am    0   18  0.00   1  10  11:25am WSW 30.17   60
21   86.2  98.5   4:13pm  72.8   5:54am    0   21  0.00   1  10  12:30pm WSW 30.10   53
22   87.8 100.2   3:25pm  77.4   6:04am    0   23  0.00   1  10   1:38pm WSW 30.03   44
23   78.0  94.9   4:12pm  70.8   5:50am    0    7  0.00   0  12   2:36pm   S 29.97   62
24   82.0  94.3   4:50pm  71.3   6:43am    0   15  0.00   1  13   1:45pm WSW 29.94   56
25   74.7  84.9  12:19pm  68.3   1:48pm    0   10  0.44   1  19   1:16pm  NE 30.07   72
26   74.9  82.4   1:52pm  68.8   7:08am    0   10  0.00   1   8  11:59am  NE 30.26   61
27   72.8  86.3   3:03pm  62.4   6:01am    0    8  0.00   0   8   3:15pm WSW 30.26   64
28   68.6  73.0  11:18am  66.3   1:34pm    0    4  1.34   0   7  10:53am  NE 30.19   84
29   72.5  78.3   1:55pm  66.1   6:56am    0    8  0.01   0   7   1:56pm   N 30.16   77
30   74.7  84.1   3:30pm  68.1   6:06am    0   10  0.01   1   8   4:14pm  NE 30.06   75
31   74.7  84.3   4:46pm  67.3   5:43am    0   10  0.00   0   6   7:19am  NE 30.10   74
---------------------------------------------------------------------------------------
TOT  73.1 100.2  5/22/05  50.4   5/4/05   33  254  2.57   1  19  5/25/05   S 30.24   63

HEAT BASE: 65.0
COOL BASE: 65.0
</PRE>