NOAA-Style Climate Reports


Report for 2005 June
<PRE>
                  MONTHLY CLIMATOLOGICAL SUMMARY FOR 6/2005
                                        HEAT  COOL        
     MEAN                               DEG   DEG       WIND SPEED       DOM MEAN  MEAN
DAY  TEMP  HIGH   TIME     LOW   TIME   DAYS  DAYS RAIN AVG  HI  TIME    DIR BAROM HUM
---------------------------------------------------------------------------------------
1    74.9  85.5   3:22pm  63.4   6:38am    0   10  0.66   1  17   1:43am WSW 30.05   70
2    80.5  91.4   3:39pm  68.4   6:09am    0   15  0.00   1  10   5:11pm   N 29.98   64
3    78.6  84.5   4:44pm  72.1   5:54am    0   14  0.02   1  13  10:16am   N 29.91   69
4    82.4  91.4   3:26pm  74.9   8:02am    0   17  0.00   2  18   5:16pm   S 29.95   66
5    82.1  93.8   5:03pm  70.9   6:24am    0   17  0.03   1  11  12:42am   N 30.02   61
6    81.9  93.8   3:42pm  67.6   5:56am    0   17  0.01   1  12   2:25am   S 30.06   61
7    84.5  94.3   4:09pm  75.8   6:22am    0   20  0.00   1  11  11:29am SSW 29.99   61
8    84.5  94.3   4:17pm  74.9   5:53am    0   19  0.00   2  12   6:00am   S 29.97   63
9    84.3  92.7   3:44pm  76.5   5:20am    0   19  0.00   2  11   6:24am   S 29.96   60
10   83.3  94.0   3:22pm  73.2   5:57am    0   18  0.00   2  12   2:57pm  NW 29.95   59
11   83.4  92.7   3:46pm  73.7   6:29am    0   18  0.00   1  10  12:05am   S 29.92   58
12   85.1  93.8   2:46pm  76.1   6:42am    0   20  0.00   2  13   4:27pm   S 29.90   55
13   83.5  93.8   4:28pm  70.3  11:18pm    0   19  0.07   2  14  10:50pm   S 29.95   62
14   81.8  93.2   4:52pm  71.3   6:22am    0   17  0.00   1  11   3:04am ENE 30.08   60
15   84.9  97.8   5:13pm  69.6   5:58am    0   20  0.00   0  10   2:30pm WSW 30.11   49
16   87.5 100.4   4:13pm  76.1   8:15am    0   22  0.00   1  10   7:58am   S 30.02   50
17   83.4  94.5   4:20pm  69.6   5:57am    0   18  0.00   1  16   3:11am  NE 29.94   56
18   80.9  89.9   3:57pm  72.3   6:25am    0   16  0.00   1  10  12:28pm   N 30.04   69
19   82.9  93.6   5:25pm  73.7   6:23am    0   18  0.00   1   8  11:42am   N 30.15   53
20   81.5  92.1   4:43pm  70.3   5:51am    0   16  0.00   1  10   4:34pm   N 30.21   47
21   82.1  93.8   4:46pm  68.9   6:19am    0   17  0.00   0  10   1:56pm  NE 30.23   45
22   83.8  94.9   2:58pm  68.6   6:04am    0   35  0.00   0  16  12:54pm   N 30.20   45
23   85.6  96.6   2:52pm  73.3   6:06am    0   21  0.00   1  10  12:33pm  SW 30.15   44
24   86.1  97.3   4:45pm  72.0   6:20am    0   21  0.00   1   7  10:21am   S 30.11   46
25   86.4  97.8   4:00pm  75.1   6:35am    0   21  0.00   0   8  11:55am SSE 30.10   45
26   86.6  98.0   3:41pm  75.3   6:01am    0   22  0.00   1  11   1:46pm   N 30.11   45
27   86.4  97.5   3:43pm  72.5   5:56am    0   21  0.00   0  16   2:03pm   S 30.11   46
28   87.2  98.2   4:45pm  75.6   6:09am    0   22  0.00   1  11   3:01pm SSE 30.08   45
29   88.7  99.4   2:12pm  76.3   6:00am    0   24  0.00   1   8   1:51pm SSE 30.05   43
30   89.7 101.0   2:52pm  78.8   5:37am    0   25  0.00   1  10   2:03pm SSE 30.02   45
---------------------------------------------------------------------------------------
TOT  83.8 101.0  6/30/05  63.4   6/1/05    0  580  0.79   1  18   6/4/05   N 30.04   55

HEAT BASE: 65.0
COOL BASE: 65.0


</PRE>