NOAA-Style Climate Reports


Report for 2005 July
<PRE>
                  MONTHLY CLIMATOLOGICAL SUMMARY FOR 7/2005
                                        HEAT  COOL        
     MEAN                               DEG   DEG       WIND SPEED       DOM MEAN  MEAN
DAY  TEMP  HIGH   TIME     LOW   TIME   DAYS  DAYS RAIN AVG  HI  TIME    DIR BAROM HUM
---------------------------------------------------------------------------------------
1    82.1  91.0  10:25am  76.1  11:55pm    0   17  0.00   1  17  12:35pm  NE 30.02   59
2    81.9  92.5   3:13pm  74.4   2:42am    0   17  0.00   1  13   4:36am   N 30.01   64
3    88.3 102.8   4:10pm  74.4   4:05am    0   23  0.00   2  11  11:00am   S 29.99   55
4    85.8  95.9   4:16pm  70.1   9:36am    0   21  0.07   2  14   9:14am   N 30.07   56
5    82.4  95.4   4:34pm  72.0   9:56am    0   17  0.02   2  18   6:03am  NE 30.14   58
6    82.1  94.5   4:21pm  70.3   6:28am    0   17  0.00   0   7  10:08am  NE 30.10   59
7    77.2  80.5  12:00am  73.3  12:42pm    0   12  0.11   1  16  12:36pm  NE 30.11   73
8    82.4  96.1   4:40pm  68.9   6:19am    0   17  0.01   0   7   1:48pm  NE 30.17   59
9    84.1  95.4   4:56pm  72.8   6:17am    0   19  0.00   1   7   1:49pm  NE 30.09   51
10   84.4  94.9   6:12pm  72.5   5:13am    0   19  0.00   0   7   4:46pm  NE 30.03   56
11   85.3  97.1   2:22pm  74.6   6:40am    0   20  0.00   1  13   2:34pm  SW 30.02   55
12   85.0  97.5   5:13pm  74.7   6:14am    0   20  0.00   1  17   2:15pm  SW 30.13   56
13   84.5  95.9  12:51pm  73.7   6:05am    0   19  0.00   0  10   1:24pm  SW 30.11   57
14   83.8  99.9   4:23pm  73.7   6:17am    0   19  0.00   1  17   4:54pm  SW 30.01   57
15   79.2  96.3   3:38pm  73.3  11:57pm    0   14  1.05   1  25   4:22pm  SW 30.04   70
16   78.2  89.9   3:06pm  72.5   6:41am    0   13  1.73   0  12   5:54pm   N 30.11   78
17   82.2  93.6   2:19pm  73.3   6:20am    0   17  0.00   1  10   9:36am SSE 30.11   69
18   83.9  94.3   1:59pm  74.9   5:18am    0   19  0.00   1  10   3:18pm   S 30.14   67
19   87.1  97.5   4:52pm  78.3   6:22am    0   22  0.00   1   8   3:00pm   N 30.13   56
20   85.8  96.8   5:10pm  75.8   5:33am    0   21  0.00   1  10  12:01pm SSE 30.16   59
21   86.3  97.8   4:46pm  74.2   5:31am    0   21  0.00   1  11  11:25am  SW 30.20   58
22   87.9 101.5   5:12pm  76.8   6:42am    0   23  0.00   1  10   5:19pm  SW 30.17   57
23   87.1  98.2   3:08pm  75.8   6:38am    0   22  0.00   1  10   4:17pm   N 30.17   54
24   87.6  97.8   3:10pm  77.0   6:41am    0   23  0.00   1  19   2:29pm  NW 30.14   53
25   88.0  97.5   3:10pm  79.2   6:43am    0   23  0.00   1  12   1:33pm   S 30.07   49
26   88.3  99.4   5:15pm  78.3   6:23am    0   22  0.00   1  11   4:38pm   S 29.99   51
27   74.4  84.1  12:52am  71.6   1:56pm    0    9  0.50   1  10   4:06am   W 30.14   80
28   77.1  85.9   5:14pm  70.9   5:44am    0   12  0.01   0   6   9:16am  NE 30.20   68
29   80.6  92.9   5:24pm  67.9   6:49am    0   16  0.00   0   8   2:33pm  SW 30.22   57
30   83.1  95.4   4:54pm  69.4   5:18am    0   18  0.00   0   7   4:20pm  NE 30.20   48
31   83.8  95.9   4:11pm  70.1   6:59am    0   19  0.00   0   8   3:32pm  NE 30.15   45
---------------------------------------------------------------------------------------
TOT  83.5 102.8   7/3/05  67.9  7/29/05    0  573  3.50   1  25  7/15/05  SW 30.11   59

HEAT BASE: 65.0
COOL BASE: 65.0


</PRE>