NOAA-Style Climate Reports


Report for 2005 August
<PRE>
                  MONTHLY CLIMATOLOGICAL SUMMARY FOR 8/2005
                                        HEAT  COOL        
     MEAN                               DEG   DEG       WIND SPEED       DOM MEAN  MEAN
DAY  TEMP  HIGH   TIME     LOW   TIME   DAYS  DAYS RAIN AVG  HI  TIME    DIR BAROM HUM
---------------------------------------------------------------------------------------
1    87.3  98.0   4:23pm  76.8   5:53am    0   22  0.00   0   7   3:42pm  NE 30.09   45
2    87.7  99.9   5:17pm  75.4   6:44am    0   23  0.00   0   7   2:58pm   N 30.04   44
3    87.2  98.5   4:11pm  76.1   6:45am    0   22  0.00   0   8   4:35pm   N 30.02   51
4    84.5  98.7   4:13pm  75.6   5:25am    0   19  0.00   0  12   4:47pm   N 30.10   57
5    82.0  96.3   2:25pm  74.6   4:41pm    0   17  0.48   0  16   3:42pm WSW 30.18   64
6    82.2  96.6   5:10pm  71.5   6:49am    0   17  0.01   0  11   5:37pm WSW 30.16   62
7    83.2  95.1   2:19pm  75.8   6:58am    0   18  0.00   0  10   3:17pm WSW 30.12   61
8    79.5  92.7   3:21pm  73.7   5:48pm    0   15  0.02   1  17   4:31pm WSW 30.12   72
9    80.3  90.1   6:06pm  73.9   4:09am    0   15  0.01   0  10   1:27pm WSW 30.12   69
10   79.5  89.5   5:25pm  72.3   6:29am    0   14  0.00   0   8   6:00pm   N 30.09   70
11   83.9  95.9   3:54pm  74.6   6:57am    0   19  0.00   1  11   5:21pm   S 30.07   63
12   85.9  96.3   3:31pm  77.7   7:06am    0   21  0.00   1  10   1:42pm   S 30.05   58
13   86.6  97.3   3:34pm  76.7   5:05am    0   22  0.00   1  11   8:58am   S 30.00   56
14   83.1  96.8   3:45pm  74.6   7:11pm    0   18  0.59   1  12   5:36pm   S 30.02   68
15   82.2  95.9   3:33pm  73.0   9:43pm    0   17  0.87   1  12   4:40pm WSW 30.13   71
16   80.0  87.4  12:26pm  74.6  12:00am    0   15  0.03   0  12   2:00pm WSW 30.16   78
17   85.9  99.2   4:09pm  76.3   6:47am    0   21  0.00   1  11   3:40pm   S 30.05   62
18   87.8  99.4   3:19pm  77.6   6:51am    0   23  0.00   1  10   5:36pm   S 29.99   55
19   87.6  99.2   3:36pm  78.6   6:47am    0   23  0.00   1  11   6:06pm   S 30.04   57
20   88.0  99.7   4:10pm  77.4   5:09am    0   23  0.00   0  10   1:46pm   S 30.12   55
21   87.3  98.0   4:24pm  75.6   7:18am    0   22  0.00   1   8   1:09pm WSW 30.15   53
22   89.3 100.4   4:05pm  76.7   6:30am    0   24  0.00   0   8  12:05pm WSW 30.02   48
23   90.2 102.3   5:15pm  78.3  10:27pm    0   25  0.39   1  13   9:41pm WSW 29.92   46
24   87.7  99.2   4:23pm  74.6   3:56am    0   23  1.76   0  11   3:12am   N 29.99   57
25    0.0  79.2   7:00am  79.2   7:00am    0    0  0.00   0   0   7:00am ---  0.00    0
26   91.6  99.4   4:56pm  78.5   7:13am    0   19  0.00   0  10  12:02pm SSW 29.99   48
27   86.1  98.7   2:05pm  77.9  11:51pm    0   21  0.00   1  12   2:50pm   N 29.93   56
28   82.8  92.9   3:53pm  72.8   7:01am    0   17  0.00   0   7   2:39pm  NE 29.90   61
29   83.4  94.3   4:10pm  74.6   4:37am    0   11  0.00   1  16   3:53pm   W 29.83   54
30   83.6  95.4   4:29pm  70.1   7:00am    0   17  0.00   1  10   3:55pm  SW 29.87   47
31   85.4  98.5   3:58pm  72.0   7:24am    0   20  0.00   0  10   3:02pm WSW 29.93   40
---------------------------------------------------------------------------------------
TOT  85.0 102.3  8/23/05  70.1  8/30/05    0  583  4.16   1  17   8/8/05 WSW 30.04   58

HEAT BASE: 65.0
COOL BASE: 65.0


</PRE>