NOAA-Style Climate Reports


Report for 2005 September
<PRE>
                  MONTHLY CLIMATOLOGICAL SUMMARY FOR 9/2005
                                        HEAT  COOL        
     MEAN                               DEG   DEG       WIND SPEED       DOM MEAN  MEAN
DAY  TEMP  HIGH   TIME     LOW   TIME   DAYS  DAYS RAIN AVG  HI  TIME    DIR BAROM HUM
---------------------------------------------------------------------------------------
1    84.4  99.4   4:15pm  67.6   5:40am    0   19  0.00   0   8   9:52pm  NE 30.04   41
2    86.1  97.3   3:25pm  74.0   6:53am    0   21  0.00   0   7  11:44am  NE 30.13   45
3    84.3  96.3   3:31pm  70.9   5:39am    0   19  0.00   0  10   2:14pm   N 30.18   45
4    84.5  94.5   5:24pm  75.8   7:34am    0   19  0.00   1   8  10:08am   N 30.17   41
5    81.5  94.3   3:59pm  69.9   6:19am    0   17  0.00   0   7   2:36pm  NE 30.15   34
6    77.8  83.6  12:00am  74.4   6:43am    0   20  0.00   1   5   1:57am ENE 30.19   48
7    83.4  93.4   4:17pm  74.4   6:43am    0   35  0.00   1   8   5:18pm  NE 30.19   38
8    80.6  92.9   4:10pm  68.4   7:06am    0   16  0.00   0  10   2:01pm  NE 30.13   42
9    80.7  94.9   3:37pm  66.3   6:20am    0   15  0.00   1  11  12:14pm ENE 30.05   41
10   83.3  94.0   4:05pm  70.4   6:48am    0   17  0.00   1  12  11:42am   N 30.03   48
11   82.1  78.1  12:00am  78.1  12:00am    0   16  0.00   1   0  12:00am   N 30.11   61
12   81.9  92.5   4:10pm  73.2   7:26am    0   31  0.00   1   8  10:43am   N 30.10   62
13   85.1  96.6   2:32pm  74.4   5:11am    0   20  0.00   2  11   7:37pm   S 29.99   60
14   87.2  98.2   4:50pm  77.4   7:12am    0   21  0.00   2  11   7:54am   S 29.97   53
15   80.1  89.5  12:12pm  73.7  11:44pm    0   15  0.41   1  11   6:46am   S 30.03   71
16   74.5  86.5   4:05pm  67.1   5:11am    0    9  0.00   1   8   4:33pm ENE 30.18   57
17   88.0  99.2   3:54pm  76.3   7:32am    0   15  0.00   1   8   9:34am   S 30.02   50
18   87.3  99.2   3:54pm  76.3   7:32am    0   18  0.00   1   8   9:34am   S 30.03   50
19   79.8  80.7  12:00am  79.2  12:50am    0    1  0.00   0   0  12:00am   N 30.14   58
20   85.4  98.2   3:15pm  72.8   6:36am    0   20  0.00   0   6  10:24am  SW 30.18   49
21   85.3  98.2   4:37pm  70.9   7:28am    0   20  0.00   1   8  12:49pm  SW 30.07   46
22   86.3  99.9   3:46pm  72.5   4:43am    0   21  0.00   0   7  12:15pm   S 29.92   42
23   86.6  98.2   3:30pm  76.1   7:39am    0   21  0.00   1  12   2:43pm ENE 29.90   43
24   81.9  87.4   1:25pm  75.1   5:07am    0   15  0.00   3  17   2:39pm ENE 29.74   54
25   85.4 101.0   4:42pm  71.3   7:16am    0   20  0.00   1  12  12:15am WSW 29.82   51
26   86.5  97.5   3:49pm  76.5   6:36am    0   21  0.00   1   8  11:07am WSW 29.95   48
27   84.5  97.3   3:37pm  73.2   7:14am    0   19  0.00   1   7  11:51pm  NE 30.04   57
28   85.6 101.5   4:27pm  72.0  11:59pm    0   21  0.00   1  20   6:11pm ENE 30.00   59
29   67.4  76.5   5:06pm  59.2   7:56am    1    4  0.00   2  12   1:28am  SW 30.21   53
30   71.4  82.6   3:15pm  60.2   7:14am    1    7  0.00   1  11  10:41pm ENE 30.07   65
---------------------------------------------------------------------------------------
TOT  82.7 101.5  9/28/05  59.2  9/29/05    2  533  0.41   1  20  9/28/05 ENE 30.06   50

HEAT BASE: 65.0
COOL BASE: 65.0


</PRE>