NOAA-Style Climate Reports


Report for 2005 October
<PRE>
                  MONTHLY CLIMATOLOGICAL SUMMARY FOR 10/2005
                                        HEAT  COOL        
     MEAN                               DEG   DEG       WIND SPEED       DOM MEAN  MEAN
DAY  TEMP  HIGH   TIME     LOW   TIME   DAYS  DAYS RAIN AVG  HI  TIME    DIR BAROM HUM
---------------------------------------------------------------------------------------
1    79.0  89.9   1:34pm  69.1   5:17am    0   14  0.00   2  11  12:43pm   N 30.02   64
2    82.1  92.5   4:05pm  72.1   7:19am    0   17  0.00   2  11   9:09am   N 30.10   62
3    83.0  92.9   4:27pm  75.1   6:41am    0   16  0.00   1   8   9:04am   N 30.13   60
4    82.0  92.5   3:57pm  73.5   7:26am    0   16  0.00   1  11  11:19am   N 30.09   59
5    82.0  92.7   4:14pm  71.6   7:06am    0   17  0.00   1  10   3:05pm  NE 30.05   56
6    62.3  77.9  12:00am  54.5   9:44pm    4    1  0.00   3  16  10:07am WSW 30.20   60
7    57.5  69.3   4:38pm  49.1   8:45am    8    0  0.02   2  10   8:18am   W 30.16   59
8    60.0  73.2   4:33pm  51.1   5:14am    6    1  0.00   0   6   3:03pm  NE 30.04   53
9    65.0  79.0   4:10pm  50.8   6:32am    4    4  0.00   1   8  10:44am  NE 29.94   48
10   67.7  79.8   4:08pm  58.4   7:21am    2    4  0.01   1  10   8:05pm  NE 29.94   53
11   70.4  78.8   3:00pm  62.7   7:11am    0    6  0.00   0   7   3:48pm ENE 30.03   65
12   73.0  85.3   3:14pm  60.9   7:48am    0    8  0.00   0   6   4:33pm ENE 30.10   61
13   71.5  83.2   3:56pm  59.3   6:54am    1    7  0.00   0   7   3:36pm WNW 30.17   62
14   71.9  86.1   3:35pm  59.2   6:36am    1    8  0.00   0   8   4:35pm   W 30.24   51
15   70.4  84.7   3:02pm  54.4   7:40am    2    7  0.00   0   7   1:04pm WSW 30.15   47
16   71.7  85.5   3:26pm  57.2   7:36am    1    8  0.00   0   7  11:14am   N 30.11   45
17   74.9  90.7   3:19pm  60.5   7:00am    1   11  0.00   0   8   1:15pm WSW 30.05   49
18   78.3  92.1   3:32pm  65.0   7:34am    0   13  0.00   0  11   2:05pm   S 29.99   50
19   78.9  90.7   2:34pm  66.9   7:44am    0   14  0.00   1  12  12:57pm   S 29.92   44
20   73.1  81.1   3:37pm  62.4  11:58pm    0    8  0.00   1  18   2:52pm  SW 29.93   50
21   62.0  73.3   3:20pm  53.2   7:09am    5    2  0.00   1  11   9:34am  NW 30.10   63
22   61.5  75.3   3:20pm  49.2   6:37am    6    2  0.00   0   7  12:14pm WSW 30.08   58
23   51.0  59.2  12:14am  40.1  10:56pm   14    0  0.07   1  16  10:06am WNW 30.19   62
24   48.8  62.7   3:57pm  36.8   2:28am   16    0  0.00   0  11   1:43pm  NW 30.33   55
25   52.0  68.3   2:57pm  36.9   7:53am   13    0  0.02   0   7   4:59pm WSW 30.22   50
26   60.3  75.6   3:41pm  46.5   6:11am    7    2  0.00   1   7  10:47am   N 30.07   38
27   61.1  74.2   3:26pm  49.5   7:26am    6    2  0.00   0   6  12:52pm ENE 30.20   48
28   59.7  72.5   3:39pm  47.1   7:07am    6    1  0.00   0   6  11:47am ENE 30.34   50
29   59.5  70.9   4:07pm  47.4   7:31am    7    1  0.00   1  11  11:25am ENE 30.30   45
30   66.2  77.6   2:40pm  56.7   2:51am    3    4  0.05   1  11  10:43am   S 30.21   58
31   60.8  72.0   9:04am  48.8  11:01pm    6    1  0.75   2  17   9:52am   W 30.20   77
---------------------------------------------------------------------------------------
TOT  67.6  92.9  10/3/05  36.8 10/24/05  118  199  0.92   1  18 10/20/05   N 30.12   55

HEAT BASE: 65.0
COOL BASE: 65.0


</PRE>