NOAA-Style Climate Reports


Report for 2005 November
<PRE>
                  MONTHLY CLIMATOLOGICAL SUMMARY FOR 11/2005
                                        HEAT  COOL        
     MEAN                               DEG   DEG       WIND SPEED       DOM MEAN  MEAN
DAY  TEMP  HIGH   TIME     LOW   TIME   DAYS  DAYS RAIN AVG  HI  TIME    DIR BAROM HUM
---------------------------------------------------------------------------------------
1    54.0  70.1   2:54pm  39.2   6:23am   12    1  0.00   0   7  11:37am WSW 30.33   54
2    62.8  79.6   1:50pm  47.6   6:43am    6    4  0.00   1  12   3:44pm   S 30.24   36
3    66.8  80.3   2:56pm  54.2   6:39am    3    5  0.00   2  16   2:50pm   S 30.07   41
4    69.3  79.8   2:42pm  61.8   5:09am    1    5  0.00   2  12  12:34pm   S 29.91   61
5    72.9  86.1   3:18pm  64.3   4:54am    0    8  0.00   2  14   8:34am   S 29.85   54
6    66.9  79.9   2:02pm  51.7   7:10am    2    4  0.00   0  10   9:46am  NE 30.10   50
7    74.7  85.9   2:06pm  65.5   1:07am    0   10  0.00   1  12  12:33pm   S 30.14   66
8    76.8  85.5   2:25pm  71.6   1:39am    0   12  0.00   2  12   2:20pm   S 30.12   64
9    73.8  85.3   2:44pm  60.5  11:55pm    0    9  0.00   2  12   1:13pm WSW 30.15   64
10   60.6  70.1   3:10pm  51.0   6:43am    5    1  0.00   0   6  12:28am WNW 30.29   43
11   64.6  77.0   2:26pm  49.2   6:37am    5    4  0.00   1   8  11:02am  NW 30.12   61
12   73.4  82.6   1:50pm  68.1   2:24am    0    8  0.00   2  14   9:06am   S 29.96   69
13   66.4  75.1   2:14pm  55.4  11:08pm    2    3  0.00   1   8   2:03am SSE 30.16   63
14   65.3  77.9   4:10pm  51.6   6:54am    4    5  0.00   2  18   3:10pm   S 30.02   51
15   59.2  73.0  12:20am  42.1  11:50pm    7    2  0.00   4  21  12:55pm   N 30.13   48
16   41.6  51.6   2:38pm  32.7   7:00am   23    0  0.00   1  12  12:57pm  NW 30.58   36
17   45.1  58.3   1:20pm  32.2   5:17am   20    0  0.00   1  12   1:58pm  SE 30.49   37
18   47.5  59.0   2:19pm  34.6   7:10am   18    0  0.00   0   6   9:01am ESE 30.38   40
19   53.9  65.6   3:08pm  41.9   4:08am   11    0  0.00   0   8   9:55am   S 30.14   38
20   50.0  57.6   1:21pm  42.1   7:17am   15    0  0.00   0  10  11:17am   N 30.23   58
21   47.5  63.1   4:23pm  32.7   6:53am   17    0  0.09   0  11  12:28pm WSW 30.18   58
22   50.8  66.1   2:18pm  36.0   7:16am   14    0  0.00   0   7   3:27pm WSW 30.12   52
23   56.4  78.5   3:13pm  39.8   7:10am   11    2  0.00   0   8   1:02pm WSW 29.93   47
24   57.0  70.1   3:12pm  41.8   7:36am    9    1  0.00   0   6   8:56pm  NE 29.90   43
25   57.3  63.9   2:10pm  49.6   7:19am    8    0  0.00   2  13   5:09am ESE 30.01   52
26   60.2  65.6   3:38pm  57.8   9:38pm    5    0  0.18   1  11   3:10pm  SE 29.84   84
27   64.0  78.8   1:54pm  50.5  11:55pm    4    3  0.02   6  34   5:42pm   S 29.53   55
28   48.6  56.5  12:12pm  39.1  11:48pm   16    0  0.00   3  22  12:42pm SSW 29.81   42
29   42.4  53.2   2:23pm  33.1   6:24am   23    0  0.10   1  12   9:52am SSW 30.14   41
30   49.7  64.3   3:52pm  33.1  12:45am   15    0  0.00   2  17   4:25pm   E 30.00   44
---------------------------------------------------------------------------------------
TOT  59.3  86.1  11/5/05  32.2 11/17/05  256   85  0.39   1  34 11/27/05   S 30.09   52

HEAT BASE: 65.0
COOL BASE: 65.0


</PRE>