NOAA-Style Climate Reports


Report for 2005 December
<PRE>
                  MONTHLY CLIMATOLOGICAL SUMMARY FOR 12/2005
                                        HEAT  COOL        
     MEAN                               DEG   DEG       WIND SPEED       DOM MEAN  MEAN
DAY  TEMP  HIGH   TIME     LOW   TIME   DAYS  DAYS RAIN AVG  HI  TIME    DIR BAROM HUM
---------------------------------------------------------------------------------------
1    43.0  55.1  12:00am  34.9  11:53pm   22    0  0.00   1  16   7:46am   N 30.19   40
2    50.2  65.2   3:37pm  30.6   3:08am   15    0  0.00   2  24   4:43pm   S 29.94   53
3    63.3  84.7   2:19pm  43.9  11:54pm    6    4  0.00   2  17   2:24pm   S 29.75   53
4    40.1  48.3   1:43pm  33.7  11:59pm   25    0  0.00   2  13   5:09am   N 30.09   54
5    34.5  45.5   2:52pm  27.0   6:01am   31    0  0.00   1  12  10:41am   N 30.28   53
6    43.0  58.1   2:10pm  29.8   7:40am   22    0  0.00   1  13  12:06pm   S 30.16   41
7    28.8  41.6  12:00am  20.6  11:31pm   36    0  0.00   2  14   9:08am   N 30.33   66
8    21.7  28.8   2:45pm  14.8   8:15am   43    0  0.00   2  17   2:22am   N 30.53   60
9    27.8  41.3   1:50pm  14.1   7:52am   37    0  0.00   0   7   1:04pm  SE 30.41   51
10   39.2  55.7   4:31pm  27.0   7:36am   25    0  0.00   0   6  10:53am WSW 30.15   51
11   45.5  63.1   2:16pm  28.4   6:45am   19    0  0.00   0  11  12:30pm WSW 30.17   47
12   51.4  65.2   2:35pm  42.1   7:09am   14    0  0.00   0   6   1:51pm   N 30.09   38
13   55.1  65.6   3:15pm  42.6   7:39am   10    0  0.04   2  14   3:43pm   S 29.96   53
14   48.3  59.2  12:00am  38.9   7:50pm   17    0  0.01   1  14   3:44pm   N 29.91   72
15   40.6  53.2   2:18pm  29.8   3:39am   24    0  0.00   1  16   1:23pm   N 30.12   43
16   41.0  50.4   1:47pm  30.7  12:46am   24    0  0.00   0  10  10:43am  SE 30.15   40
17   43.7  47.3   3:26pm  40.2   7:11am   21    0  0.00   1  10  12:11am  SE 30.26   65
18   46.4  54.2   2:27pm  40.9   5:39am   19    0  0.00   0   5   2:45pm NNE 30.46   54
19   40.5  43.5  12:00am  35.9   7:20am   25    0  0.00   1  11   4:57am  NE 30.49   57
20   39.7  42.2  12:00am  37.8   7:18am   25    0  0.13   0   6   4:25am ENE 30.38   80
21   42.5  50.4   2:39pm  38.0   6:58am   23    0  0.01   0   6   5:09am WSW 30.35   67
22   47.6  61.2   3:05pm  35.6   5:03am   17    0  0.00   2  16  10:09pm   S 30.18   65
23   56.4  68.4   3:49pm  44.2   6:49am    9    0  0.00   3  17   9:17am   S 29.86   54
24   55.4  62.6   1:51pm  49.1   4:02am   10    0  0.00   3  24   3:08pm   N 29.89   46
25   51.0  62.7   2:27pm  41.5   7:35am   14    0  0.00   1  13   2:01am  NW 29.99   43
26   60.6  76.7   2:16pm  43.8   7:39am    7    3  0.00   2  17   2:42pm   S 29.88   33
27   64.4  77.7   1:40pm  53.6  10:24pm    4    3  0.00   3  20  12:47pm   S 29.73   36
28   54.8  64.8   3:00pm  43.2  11:33pm   10    0  0.00   1  14   3:05pm WSW 29.87   45
29   54.2  70.6   2:46pm  36.8   7:51am   12    1  0.00   1  13   2:27pm   S 29.78   45
30   54.6  64.3   2:06pm  41.1  11:52pm   10    0  0.00   2  16   2:07am   S 29.79   46
31   55.2  71.6   2:54pm  38.2   2:44am   10    1  0.00   2  20   1:54pm SSE 29.78   38
---------------------------------------------------------------------------------------
TOT  46.4  84.7  12/3/05  14.1  12/9/05  586   13  0.19   1  24  12/2/05   S 30.10   51

HEAT BASE: 65.0
COOL BASE: 65.0


</PRE>