NOAA-Style Climate Reports


Report for 2006 January
<PRE>
                  MONTHLY CLIMATOLOGICAL SUMMARY FOR 1/2006
                                        HEAT  COOL        
     MEAN                               DEG   DEG       WIND SPEED       DOM MEAN  MEAN
DAY  TEMP  HIGH   TIME     LOW   TIME   DAYS  DAYS RAIN AVG  HI  TIME    DIR BAROM HUM
---------------------------------------------------------------------------------------
1    67.3  79.4   3:51pm  58.3   4:22am    2    4  0.00   3  20   3:04am   S 29.57   46
2    58.1  70.6   3:34pm  46.8  11:38pm    8    1  0.00   1  17   2:54pm WSW 29.90   40
3    61.9  81.1   2:40pm  40.6   6:57am    8    5  0.00   2  18  10:01pm   S 29.95   37
4    57.7  68.1  12:00am  42.6  11:40pm    7    0  0.00   1  13  12:35am   N 30.07   37
5    49.1  62.4   2:02pm  34.9   7:18am   16    0  0.00   2  21   1:00pm   N 30.27   43
6    45.9  57.3   2:52pm  35.2   7:27am   19    0  0.00   0  10   2:16pm  NW 30.27   37
7    59.1  79.8   3:36pm  40.3   7:39am    9    3  0.00   2  21   9:53pm   S 29.93   24
8    61.9  79.8   1:53pm  49.4  11:56pm    6    2  0.00   2  18   1:26am   S 29.78   23
9    50.2  65.3   2:44pm  39.2   7:36am   15    0  0.00   1  13  10:35pm   N 30.03   56
10   42.9  53.9   2:46pm  35.0   7:32am   22    0  0.00   2  16   2:55am WSW 30.21   57
11   53.4  67.6   4:07pm  39.8   6:34am   12    0  0.00   3  18   9:35pm   S 29.97   37
12   62.2  76.0   2:40pm  51.9   2:38am    6    3  0.00   4  21  12:30pm   S 29.74   56
13   48.8  59.5   2:20pm  37.2  11:35pm   16    0  0.00   3  21  11:35am  NW 30.18   43
14   49.0  66.8   1:43pm  30.7   7:30am   16    0  0.00   1  12  11:28pm   S 30.22   35
15   58.6  64.2   4:29pm  53.3   7:32am    6    0  0.00   4  19   1:21pm   S 29.83   37
16   61.0  73.5   2:05pm  48.5  11:56pm    5    1  0.01   3  19   4:10pm   S 29.65   54
17   43.7  52.2   3:22pm  37.0   7:43am   21    0  0.00   3  22  10:12am   N 30.00   36
18   54.7  72.0   2:45pm  36.2   3:54am   12    1  0.00   3  25   8:50pm   S 29.99   25
19   62.7  72.7   3:11pm  55.0   6:22am    4    2  0.00   6  25  10:32am   S 29.89   55
20   58.6  72.8   2:04pm  42.8  11:21pm    7    1  0.00   4  21  12:23am   S 30.01   56
21   45.7  57.8   3:21pm  34.1   5:32am   19    0  0.00   1  10   9:20am   N 30.29   53
22   44.2  50.4  12:15am  42.6   7:30am   21    0  1.04   1  14  11:22am   N 30.19   86
23   39.6  50.7   6:16pm  36.5   8:23am   25    0  0.00   1   8   1:05am NNW 30.24   77
24   48.1  67.6   3:18pm  33.2   5:50am   17    0  0.00   0  10   3:07pm   N 30.30   56
25   52.9  69.3   1:30pm  37.3   6:45am   12    0  0.00   0   7  11:04am   N 30.44   45
26   51.0  58.3   3:36pm  44.8  11:54pm   14    0  0.00   1  12   4:32pm  SE 30.37   43
27   49.6  59.2  11:54pm  42.8   3:44am   15    0  0.00   1   8   8:45am  SE 30.24   60
28   57.6  63.2   5:34pm  47.4  11:50pm    7    0  0.89   2  19   5:06am   S 29.91   76
29   54.1  71.3   3:28pm  40.6   7:12am   12    1  0.00   1  13  10:59am WSW 29.84   44
30   50.5  63.4   2:09pm  38.5   7:49am   15    0  0.00   1  13  12:48pm   N 30.03   39
31   54.1  68.8   2:39pm  39.8   7:39am   10    0  0.00   2  19  12:36pm   S 29.97   30
---------------------------------------------------------------------------------------
TOT  53.3  81.1   1/3/06  30.7  1/14/06  385   26  1.94   2  25  1/18/06   S 30.04   47

HEAT BASE: 65.0
COOL BASE: 65.0


</PRE>