NOAA-Style Climate Reports


Report for 2006 February
<PRE>
                  MONTHLY CLIMATOLOGICAL SUMMARY FOR 2/2006
                                        HEAT  COOL        
     MEAN                               DEG   DEG       WIND SPEED       DOM MEAN  MEAN
DAY  TEMP  HIGH   TIME     LOW   TIME   DAYS  DAYS RAIN AVG  HI  TIME    DIR BAROM HUM
---------------------------------------------------------------------------------------
1    60.6  70.3   3:49pm  53.3   5:39am    5    1  0.00   2  17   3:08am   S 29.72   69
2    60.0  71.3   3:31pm  50.4   7:34am    6    1  0.00   0  10  12:59pm   N 29.63   62
3    52.9  63.2   3:41pm  41.3  11:57pm   12    0  0.24   2  18   4:17pm   N 29.88   51
4    49.6  58.0   3:28pm  39.3   3:33am   15    0  0.00   2  16   3:33pm   N 30.11   41
5    54.7  72.1   3:58pm  39.9  12:58am   11    1  0.00   2  20   1:06pm   S 29.82   44
6    46.9  55.0   1:45pm  37.5  11:57pm   18    0  0.00   3  17   1:18pm   N 30.17   41
7    43.8  58.9   3:15pm  28.8   6:42am   21    0  0.00   0   7  11:17am WSW 30.32   51
8    52.6  70.6   3:00pm  37.6   7:19am   13    1  0.00   1  10   3:18pm WSW 30.18   39
9    48.4  61.6   3:44pm  33.8   6:55am   17    0  0.00   1  11   9:42am  SE 30.18   47
10   47.8  56.0   4:02am  36.9  11:40pm   17    0  0.01   2  21  11:04am   N 30.08   66
11   36.8  42.9   3:17pm  30.7   7:19am   28    0  0.00   3  22  10:26am   N 30.39   37
12   39.6  56.6   2:15pm  21.6   7:01am   25    0  0.00   2  21   4:08pm   N 30.32   38
13   43.2  61.0   2:57pm  25.0   7:08am   22    0  0.00   1  13   4:00pm   S 30.25   38
14   55.1  71.3   4:04pm  40.9   7:09am   11    1  0.00   2  18  10:04am   S 29.93   38
15   66.1  78.6   2:34pm  56.9   3:08am    0    0  0.00   5  22  10:15pm ---  0.00   64
16   65.9  83.6   3:25pm  39.2  11:55pm    4    5  0.01   5  26   9:10pm   S 29.90   54
17   36.0  39.2  12:00am  33.1   8:10am   29    0  0.00   4  21   3:02am   N 30.39   47
18   27.2  35.5  12:00am  24.1   7:58pm   38    0  0.00   3  18   7:31am   N 30.49   71
19   27.4  30.4   2:27pm  23.6   6:05am   38    0  0.00   1  12   2:03am   N 30.38   82
20   34.8  41.6   3:09pm  29.7   2:12am   30    0  0.01   0   5   7:28am ENE 30.19   82
21   39.6  44.1  10:48pm  35.3   3:32am   25    0  0.02   0   6   1:56am ENE 30.01   92
22   43.6  45.1   9:59am  39.8  11:58pm   21    0  0.02   1  10  10:48am   N 29.96   92
23   46.2  60.1   2:14pm  32.9   5:10am   19    0  0.00   0   7  12:14pm   N 30.22   60
24   50.8  60.9  12:52pm  46.2   6:24am   14    0  0.63   1  11  12:20pm  SE 30.15   63
25   50.0  52.9   5:12pm  43.2  11:59pm   15    0  1.27   1  11   2:29pm   N 30.16   90
26   47.8  62.0   3:39pm  34.6   7:04am   17    0  0.00   0   8   9:35am  SE 30.44   57
27   58.4  72.3   3:53pm  45.2   5:41am    8    1  0.00   4  22   2:32pm   S 30.10   52
28   66.5  80.3   3:17pm  53.5   6:44am    3    5  0.00   4  19   5:07pm   S 29.91   60
---------------------------------------------------------------------------------------
TOT  48.2  83.6  2/16/06  21.6  2/12/06  484   15  2.20   2  26  2/16/06   N 30.11   58

HEAT BASE: 65.0
COOL BASE: 65.0


</PRE>