NOAA-Style Climate Reports


Report for 2006 March
<PRE>
                  MONTHLY CLIMATOLOGICAL SUMMARY FOR 3/2006
                                        HEAT  COOL        
     MEAN                               DEG   DEG       WIND SPEED       DOM MEAN  MEAN
DAY  TEMP  HIGH   TIME     LOW   TIME   DAYS  DAYS RAIN AVG  HI  TIME    DIR BAROM HUM
---------------------------------------------------------------------------------------
1    73.0  90.1   3:27pm  59.3   6:53am    1    9  0.00   4  21   4:22pm   S 29.82   58
2    67.5  79.4   2:42pm  56.6  11:58pm    1    4  0.00   3  19   4:42pm   N 30.04   36
3    61.1  73.9   2:52pm  52.8   7:36am    5    2  0.01   1  12   2:30am NNE 30.24   33
4    60.3  69.8   1:01pm  51.7   7:10am    5    1  0.00   1  12  10:46am ESE 30.19   38
5    65.7  76.0   3:47pm  56.7  12:07am    2    2  0.00   2  17  10:27am   S 30.13   71
6    68.4  84.1   2:36pm  53.6   6:58am    3    6  0.00   1  10  12:14pm SSE 30.19   60
7    70.3  82.4   2:46pm  60.2   6:07am    1    6  0.00   3  24  11:49pm   S 30.04   69
8    69.4  75.4   3:32pm  66.1   5:58am    0    4  0.00   5  26   3:31am   S 29.75   68
9    61.9  69.3  12:01am  53.3   6:43am    4    1  0.23   4  27  11:19am WSW 29.57   53
10   68.1  86.1   3:41pm  49.5   6:36am    4    7  0.00   2  21   2:41pm SSE 29.66   47
11   74.4  85.7   3:29pm  68.3   1:23am    0    9  0.00   2  17   1:45am   S 29.79   66
12   77.1  87.6   1:57pm  68.6   5:11am    0   12  0.00   5  25   2:03pm   S 29.78   64
13   59.2  75.3  12:09am  48.8  11:53pm    6    1  0.25   2  29   1:00am   N 30.01   29
14   52.7  66.9   4:00pm  38.6   6:27am   12    0  0.00   1  10  10:58am   N 30.29   36
15   57.6  71.1   2:09pm  46.4   4:48am    8    0  0.00   2  17   1:17pm SSE 30.14   33
16   65.3  77.4   3:48pm  51.4  11:58pm    3    3  0.00   2  20   1:14pm   S 30.08   46
17   55.0  65.0   1:37pm  46.2   6:41am   10    0  0.06   2  12   5:36am NNE 30.22   39
18   50.7  53.1  12:22am  47.4  10:58pm   14    0  1.21   1  14   1:17pm   E 30.07   85
19   50.1  52.9   4:46pm  47.1   3:30am   15    0  1.76   1  14   8:23am   E 29.86   92
20   57.8  74.0   3:15pm  44.2  11:56pm    9    1  0.01   2  26   3:49pm WSW 29.68   64
21   45.5  55.6   2:14pm  37.9   6:34am   20    0  0.00   3  16  12:24am WSW 30.12   53
22   42.4  49.8   1:37pm  37.0   3:07am   23    0  0.00   2  12  10:47am   N 30.29   64
23   38.2  43.2   3:35pm  32.2  11:00pm   27    0  0.04   2  17  11:33am   N 30.44   68
24   43.5  59.2   3:49pm  29.4   5:38am   21    0  0.00   1  13   1:28pm WSW 30.38   55
25   53.5  69.8   1:52pm  36.5   6:15am   12    1  0.00   0  11  10:37am  SE 30.23   46
26   60.5  73.7   3:43pm  45.2   6:42am    6    2  0.00   3  28   5:08pm SSE 30.05   42
27   64.9  75.3   4:31pm  58.3  11:56pm    3    3  0.00   2  20   2:08am   S 30.08   56
28   62.0  76.0   3:08pm  51.0   5:50am    5    2  0.00   1  12  11:31am   E 30.20   40
29   63.3  75.1   2:48pm  54.8   5:27am    4    2  0.02   1  13  11:29am SSE 30.07   78
30   71.5  80.9   3:25pm  66.4   3:27am    0    7  0.00   6  26   9:29pm   S 29.92   68
31   77.0  89.3   4:21pm  67.3   6:37am    0   11  0.00   2  21  12:06am   S 30.02   60
---------------------------------------------------------------------------------------
TOT  60.9  90.1   3/1/06  29.4  3/24/06  224   96  3.59   2  29  3/13/06   S 30.04   55

HEAT BASE: 65.0
COOL BASE: 65.0


</PRE>