NOAA-Style Climate Reports


Report for 2006 April
<PRE>
                  MONTHLY CLIMATOLOGICAL SUMMARY FOR 4/2006
                                        HEAT  COOL        
     MEAN                               DEG   DEG       WIND SPEED       DOM MEAN  MEAN
DAY  TEMP  HIGH   TIME     LOW   TIME   DAYS  DAYS RAIN AVG  HI  TIME    DIR BAROM HUM
---------------------------------------------------------------------------------------
1    74.1  83.2   2:37pm  66.9   4:31am    0    9  0.00   2  18   1:41pm   S 30.01   72
2    78.4  92.7   4:04pm  68.6   7:12am    0   13  0.00   2  21   3:38am   S 29.93   49
3    67.1  76.8   4:23pm  55.9   7:47am    1    4  0.00   2  14  10:03am   N 30.16   41
4    66.0  79.8   3:24pm  48.9   7:47am    4    5  0.00   1  10   1:38pm NNE 30.16   51
5    74.6  87.0   3:27pm  65.5   7:17am    0   10  0.00   3  21  11:47pm   S 29.90   60
6    72.6  83.4   4:06pm  64.2  11:43pm    0    8  0.00   4  25  11:11am   S 29.69   67
7    68.0  86.3   3:40pm  53.2   7:14am    3    6  0.01   4  29   5:55pm WSW 29.74   50
8    59.8  72.3   4:56pm  52.5   1:30am    6    1  0.00   3  22   2:56am   N 30.11   52
9    63.1  80.1   3:36pm  43.8   7:08am    6    4  0.00   0   8   8:50am ESE 30.13   47
10   68.3  82.4   3:17pm  56.5   7:17am    2    6  0.00   2  20  11:02am SSE 30.04   47
11   70.6  81.8   3:18pm  60.1   7:09am    1    6  0.00   4  24  12:44pm   S 30.03   55
12   74.7  88.0   3:52pm  64.0   6:56am    0   10  0.00   3  17   3:13am   S 30.16   58
13   74.6  88.0   4:12pm  63.2   7:09am    0   10  0.00   2  14   6:06pm   S 30.16   64
14   74.5  87.6   3:14pm  63.7   7:16am    0   10  0.00   3  18   2:34pm   S 29.94   53
15   77.0  89.0   3:49pm  66.3   5:35am    0   12  0.00   6  22   4:38pm   S 29.71   57
16   80.0  95.1   4:38pm  66.0   6:52am    0   15  0.00   3  24  12:05am   S 29.70   56
17   83.7 100.2   4:40pm  68.8   6:45am    0   19  0.00   2  16  11:45pm   S 29.69   55
18   84.8  99.9   4:09pm  70.9   6:47am    0   20  0.00   2  14   3:50am   S 29.66   47
19   73.2  83.2   5:32pm  62.4   7:30am    0    8  0.01   2  17   1:00am   N 29.84   30
20   65.6  74.7   1:45pm  60.1   3:22am    1    2  0.73   1  18   1:08am   N 29.92   79
21   69.1  82.0   5:03pm  59.6   6:13am    2    6  0.36   0   8   2:13am   N 29.99   68
22   73.5  86.7   3:15pm  61.0   6:44am    1    9  0.00   1  13  12:55pm   S 30.04   59
23   76.5  89.3   3:15pm  65.5   6:14am    0   11  0.00   2  19  10:07am   S 29.94   58
24   77.0  85.3   3:02pm  69.8   5:28am    0   12  0.00   3  19   3:04pm   S 29.84   69
25   63.3  75.6  12:00am  54.7  11:55pm    4    3  0.00   3  16   2:04am   N 29.95   71
26   58.7  71.1   5:42pm  50.2   7:36am    7    1  0.00   2  14   2:51am   N 30.13   61
27   65.4  80.9   3:32pm  49.9   6:29am    5    5  0.00   1  14   6:31pm SSE 30.08   59
28   67.8  72.8  11:46am  64.0   6:17am    0    0  0.25   2  17  11:24pm ---  0.00   78
29   66.8  72.5  12:25am  58.3  11:50pm    1    2  0.84   2  19  11:58am SSE 29.79   76
30   70.1  85.1   4:17pm  55.7   6:50am    2    7  0.00   1  17   4:35pm   S 29.93   48
---------------------------------------------------------------------------------------
TOT  71.3 100.2  4/17/06  43.8   4/9/06   47  232  2.20   2  29   4/7/06   S 29.94   58

HEAT BASE: 65.0
COOL BASE: 65.0


</PRE>