NOAA-Style Climate Reports


Report for 2006 May
<PRE>
                  MONTHLY CLIMATOLOGICAL SUMMARY FOR 5/2006
                                        HEAT  COOL
     MEAN                               DEG   DEG       WIND SPEED       DOM MEAN  MEAN
DAY  TEMP  HIGH   TIME     LOW   TIME   DAYS  DAYS RAIN AVG  HI  TIME    DIR BAROM HUM
---------------------------------------------------------------------------------------
1    77.7  90.1   3:59pm  65.2   6:52am    0   13  0.00   4  19   9:41am   S 29.91   45
2    77.4  89.0   4:43pm  68.8  11:31am    0   12  0.10   2  18   4:05am   S 29.96   61
3    76.6  89.0   3:03pm  64.5   1:18am    0   12  0.09   2  18  12:30am   S 29.94   64
4    75.4  84.7   2:49pm  65.6   7:20am    0   10  0.19   1  22   5:39am   S 29.95   66
5    70.3  79.8   3:58pm  63.2   5:36am    0    5  0.57   2  17   5:30am  NE 29.97   74
6    66.4  70.3  12:54pm  63.1   7:16am    0    2  0.32   1  14   6:58am  NE 29.91   84
7    67.0  75.1   4:44pm  61.6   5:47am    1    3  0.00   0  10  10:32pm   E 29.97   76
8    72.5  84.1   1:38pm  62.0   5:25am    1    8  0.00   2  17   1:13pm SSE 29.86   72
9    82.9  96.1   3:45pm  71.8   1:54am    0   18  0.00   3  26   8:28pm   S 29.66   71
10   72.8  81.2  12:00am  59.5  11:45pm    0    8  0.00   3  20   7:11am   N 29.84   62
11   64.1  76.0   4:39pm  51.6   6:38am    4    3  0.00   2  16   2:04pm   N 30.13   49
12   71.1  88.6   4:09pm  52.9   6:35am    3    9  0.00   1  12   2:42pm   S 29.95   45
13   77.7  92.7   4:24pm  63.7   6:31am    0   13  0.00   2  16   2:55am   S 29.80   49
14   76.4  85.3   1:54pm  65.0   6:11am    0   11  0.00   2  16   6:35pm  NE 29.95   41
15   66.9  77.2   3:42pm  54.5   6:35am    2    4  0.00   2  17   1:32pm   N 30.17   48
16   67.4  79.4   3:15pm  53.2   5:33am    3    5  0.00   1  16   2:32pm   N 30.07   50
17   69.6  83.8   4:56pm  51.9   6:26am    3    7  0.00   1  16   1:15pm   N 29.98   48
18   76.5  93.4   4:39pm  59.3   5:24am    1   12  0.00   1  11   2:04pm   W 29.90   42
19   82.4  98.2   3:58pm  65.6   5:54am    0   17  0.00   2  17  12:05pm   S 29.81   39
20   83.1  97.3   3:33pm  71.3   6:30am    0   18  0.00   3  17   1:06am   S 29.81   48
21   79.9  93.4   4:19pm  66.6   6:16am    0   15  0.00   3  17   7:35pm   S 29.84   52
22   80.7  92.1   3:32pm  70.6   6:36am    0   16  0.00   2  14   2:40pm   S 29.92   56
23   81.8  91.4   3:53pm  72.3   6:07am    0   16  0.00   2  18   4:22pm   S 29.96   57
24   82.2  91.8   2:28pm  71.3   6:18am    0   17  0.00   3  16   1:45am   S 29.94   59
25   83.2  95.4   4:50pm  73.2   6:38am    0   18  0.00   2  14   9:00am   S 29.86   58
26   83.4  93.6   4:43pm  73.2   6:17am    0   18  0.00   3  19   1:14pm   S 29.77   56
27   83.8  94.5   3:49pm  74.0   5:50am    0   19  0.00   4  22  11:40am   S 29.76   53
28   81.8  89.9   2:52pm  74.0   5:28am    0   17  0.00   3  21   2:52pm SSE 29.84   63
29   80.9  92.1   2:15pm  73.2   6:47am    0   16  0.00   2  21   2:55pm   S 29.92   66
30   79.9  91.8   3:57pm  70.4   5:39am    0   15  0.00   1  13  12:37am SSE 29.96   63
31   78.2  85.9  11:47am  72.3  11:55pm    0   13  0.21   0  10  12:22am SSE 30.03   63
---------------------------------------------------------------------------------------
TOT  76.4  98.2  5/19/06  51.6  5/11/06   19  373  1.48   2  26   5/9/06   S 29.91   57

HEAT BASE: 65.0
COOL BASE: 65.0


</PRE>