NOAA-Style Climate Reports


Report for 2006 June
<PRE>
                  MONTHLY CLIMATOLOGICAL SUMMARY FOR 6/2006
                                        HEAT  COOL        
     MEAN                               DEG   DEG       WIND SPEED       DOM MEAN  MEAN
DAY  TEMP  HIGH   TIME     LOW   TIME   DAYS  DAYS RAIN AVG  HI  TIME    DIR BAROM HUM
---------------------------------------------------------------------------------------
1    76.8  88.6   3:58pm  69.3   3:36am    0   12  0.00   0   8   3:38pm   N 30.04   66
2    78.4  90.3   4:16pm  67.4   5:44am    0   13  0.00   1  14  12:29pm   N 30.02   56
3    78.7  91.4   4:38pm  66.0   6:56am    0   14  0.00   0   8  10:21am ESE 29.97   47
4    84.0  96.8   4:52pm  71.6   5:07am    0   19  0.00   1  14  12:35pm SSE 29.84   46
5    84.5  95.6   4:06pm  75.3   6:28am    0   20  0.00   2  16  11:46am SSE 29.82   50
6    86.1  99.9   4:04pm  73.7   6:20am    0   21  0.00   2  17   1:01pm   S 29.83   46
7    82.1  95.1   3:24pm  68.8   6:31am    0   17  0.00   1  12   4:36pm  NE 29.92   56
8    84.9  97.8   4:24pm  70.6   6:03am    0   20  0.00   0  10   3:01pm ENE 29.96   45
9    86.5  98.5   4:34pm  73.2   6:39am    0   21  0.00   0  13  12:48pm  SE 29.91   42
10   88.5 101.0   4:05pm  75.6   6:38am    0   23  0.00   1  18  12:24pm   S 29.75   39
11   87.3  99.4   4:03pm  75.8   6:42am    0   22  0.00   2  16  10:36am   S 29.74   39
12   87.4  99.7   4:51pm  73.5   6:29am    0   22  0.00   1  11   3:04pm   S 29.88   41
13   85.4  95.4   3:58pm  76.3   6:25am    0   20  0.00   1  12   2:44pm  NE 29.95   52
14   81.7  94.3   4:55pm  68.3   5:36am    0   17  0.00   1  11   4:43pm ESE 29.95   43
15   84.4  96.1   4:04pm  72.3   6:26am    0   19  0.00   2  17  11:46pm SSE 29.88   41
16   84.2  95.6   1:22pm  76.0   6:10am    0   19  0.00   4  20  10:52am   S 29.82   56
17   81.0  93.4   4:18pm  72.3   4:12am    0   16  0.16   2  22  11:45pm   S 29.82   63
18   82.5  96.3   5:01pm  69.4   6:27am    0   18  0.00   1  16   3:13pm WSW 29.91   55
19   84.3  97.5   3:29pm  72.0   6:43am    0   19  0.00   1  12   5:39pm SSE 29.96   54
20   82.0  95.6   4:15pm  70.9   5:54am    0   17  0.00   2  16   1:51pm SSE 29.96   57
21   83.6  95.4   2:58pm  72.3   5:33am    0   19  0.00   3  16   1:59am   S 29.95   57
22   85.4  97.1   3:57pm  77.4   6:18am    0   20  0.00   2  14   7:22am   S 30.01   55
23   82.3  91.8   5:39pm  76.0   6:24am    0   17  0.00   1  16   8:06pm   S 30.02   63
24   83.2  96.6   5:44pm  72.0   6:32am    0   18  0.00   0  12   5:08pm  NE 30.01   60
25   84.7  95.9   1:37pm  72.8   5:57am    0   20  0.00   2  20   4:49pm   N 30.01   42
26   79.2  89.0   3:59pm  69.4   5:26am    0   14  0.00   2  17   2:51pm   N 30.03   38
27   79.3  93.6   4:30pm  62.0   6:41am    0   14  0.00   0  14  12:18pm WSW 30.05   35
28   82.1  96.1   4:45pm  64.0   5:33am    0   17  0.00   1  11   9:16am   S 30.09   35
29   83.3  96.3   3:51pm  68.9   6:29am    0   18  0.00   1  11  11:20am   S 30.07   37
30   84.8  98.2   3:41pm  71.1   6:14am    0   18  0.00   0  11   3:38pm   S 30.01   38
---------------------------------------------------------------------------------------
TOT  83.3 101.0  6/10/06  62.0  6/27/06    0  547  0.16   1  22  6/17/06   S 29.94   49

HEAT BASE: 65.0
COOL BASE: 65.0


</PRE>