NOAA-Style Climate Reports


Report for 2006 July
<PRE>
                  MONTHLY CLIMATOLOGICAL SUMMARY FOR 7/2006
                                        HEAT  COOL        
     MEAN                               DEG   DEG       WIND SPEED       DOM MEAN  MEAN
DAY  TEMP  HIGH   TIME     LOW   TIME   DAYS  DAYS RAIN AVG  HI  TIME    DIR BAROM HUM
---------------------------------------------------------------------------------------
1    84.2  98.5   3:11pm  73.3   6:07am    0   19  0.01   1  21   8:46pm   S 30.01   51
2    83.0  96.1   3:53pm  72.7   1:59am    0   18  0.00   1  14   9:07pm   S 30.06   56
3    82.1  95.6   3:41pm  74.4   6:11am    0   17  0.02   1  12  12:54pm   S 30.04   63
4    79.3  93.2   2:10pm  74.7   9:14pm    0   14  0.23   0  13   3:15pm   S 29.98   72
5    78.6  93.8   2:56pm  72.7   7:34am    0   14  0.56   0  25   3:22pm NNE 29.96   77
6    81.5  92.7   4:27pm  72.7   5:32am    0   17  0.00   1  13   6:32pm   E 30.06   61
7    79.9  93.4   5:37pm  67.3   6:39am    0   15  0.00   1  10  10:08am   E 30.12   41
8    82.7  94.7   5:40pm  69.9   6:08am    0   18  0.00   0   8  12:06pm ESE 30.04   45
9    87.0  98.2   3:28pm  75.4   6:03am    0   22  0.00   1  13  11:18pm   S 29.92   53
10   87.7  99.9   4:07pm  76.1   6:22am    0   23  0.00   3  18   4:27pm   S 29.86   55
11   89.0 100.4   3:53pm  77.9   6:51am    0   24  0.00   4  19   9:50am   S 29.89   50
12   89.4 102.3   4:44pm  75.3   5:30am    0   24  0.00   4  17  12:33am   S 29.92   47
13   90.2 102.8   4:27pm  78.8   6:47am    0   25  0.00   3  18   2:58am   S 29.90   47
14   90.4 103.1   3:44pm  79.4   6:31am    0   25  0.00   2  16   2:17pm   S 29.93   45
15   90.6 102.5   4:37pm  78.6   6:53am    0   26  0.00   1  10   2:26am   S 30.01   45
16   92.4 104.6   5:22pm  79.4   6:29am    0   27  0.00   1  13  12:11pm   S 29.98   39
17   93.9 106.2   4:15pm  82.0   6:35am    0   29  0.00   1  11   1:59pm   S 29.91   39
18   94.1 107.4   3:05pm  81.1   6:14am    0   29  0.00   0  11   2:02pm SSE 29.90   39
19   92.0 103.6   4:52pm  77.0   5:30am    0   27  0.00   1  12   5:23pm   S 29.92   43
20   92.2 104.4   4:15pm  79.0   6:40am    0   27  0.00   1  13   5:26pm   S 29.95   41
21   90.7 103.3   4:42pm  77.9   6:38am    0   26  0.00   1  11   2:04pm   W 29.92   40
22   88.3  97.5   4:43pm  79.8   7:35am    0   23  0.00   2  17   9:21am   N 29.91   38
23   82.7  92.7   2:01pm  71.1   6:40am    0   18  0.00   2  14  10:59am   N 29.90   44
24   85.6  97.5   3:31pm  73.2   6:38am    0   21  0.00   1  12   2:32pm SSE 29.88   48
25   86.4  99.4   4:37pm  75.8   6:44am    0   21  0.00   2  16   1:06pm   S 29.87   53
26   83.1  95.9   5:54pm  72.0   5:57am    0   18  0.00   1  14   2:35am   S 29.83   61
27   87.6 102.3   5:06pm  75.3   4:13am    0   23  0.00   3  19  11:35pm   S 29.82   55
28   87.5  96.1   6:50pm  77.9   6:33am    0   22  0.00   3  19  12:53am   S 29.96   51
29   89.6 101.2   5:29pm  78.5   6:24am    0   25  0.00   3  17   1:05pm   S 29.98   48
30   90.9 103.8   4:12pm  79.6   6:26am    0   26  0.00   3  18  12:21pm   S 29.87   44
31   90.1 101.2   4:08pm  78.8   6:54am    0   25  0.00   3  19  11:42am   S 29.82   46
---------------------------------------------------------------------------------------
TOT  87.2 107.4  7/18/06  67.3   7/7/06    0  688  0.82   2  25   7/5/06   S 29.94   50

HEAT BASE: 65.0
COOL BASE: 65.0


</PRE>