NOAA-Style Climate Reports


Report for 2006 August
<PRE>
                  MONTHLY CLIMATOLOGICAL SUMMARY FOR 8/2006
                                        HEAT  COOL        
     MEAN                               DEG   DEG       WIND SPEED       DOM MEAN  MEAN
DAY  TEMP  HIGH   TIME     LOW   TIME   DAYS  DAYS RAIN AVG  HI  TIME    DIR BAROM HUM
---------------------------------------------------------------------------------------
1    90.2 103.3   4:20pm  78.6   6:28am    0   25  0.00   4  19   9:04am   S 29.88   46
2    88.2 100.4   3:59pm  74.7   5:47am    0   23  0.00   4  20  12:29am   S 29.91   50
3    89.9 101.5   5:02pm  79.0   6:32am    0   25  0.00   2  18  12:44am   S 29.93   47
4    90.9 103.6   4:47pm  79.8   6:37am    0   26  0.00   1  14   2:22am   S 29.94   42
5    91.8 104.6   4:01pm  78.5   6:53am    0   27  0.00   1  11   2:13am   S 29.89   39
6    89.0 106.0   4:08pm  80.9   6:37am    0   24  0.00   1  21   4:33pm   S 29.92   45
7    83.2  99.0   1:44pm  76.0   7:02am    0   18  0.00   0  22   3:13pm SSE 30.01   60
8    88.6 103.3   3:48pm  76.5   6:23am    0   24  0.00   1  13   1:29pm   S 30.03   52
9    90.4 103.3   5:04pm  76.5   5:47am    0   25  0.00   1  13   2:00pm   S 29.96   46
10   92.3 104.4   4:15pm  80.7   6:49am    0   27  0.00   2  17   1:55pm   S 29.87   40
11   90.8 107.1   3:23pm  80.3   6:41am    0   26  0.00   2  13   1:20am   S 29.78   46
12   86.0 102.5   3:01pm  79.0   9:20am    0   21  0.13   1  13   4:40am   S 29.81   60
13   90.2 103.3   3:28pm  78.6   6:43am    0   25  0.00   2  19   5:51pm   S 29.86   46
14   89.7 104.6   5:06pm  79.0   6:53am    0   25  0.00   2  14   3:51am   S 29.91   47
15   91.7 106.0   3:56pm  78.3   6:46am    0   27  0.00   1  12   5:59pm   S 29.91   38
16   91.5 104.6   5:02pm  74.4   5:45am    0   26  0.00   1  13  10:45am   S 29.91   40
17   92.3 104.9   3:54pm  79.4   6:37am    0   27  0.00   1  16   2:32pm   S 29.91   37
18   93.0 105.1   4:18pm  80.5   7:08am    0   28  0.00   1  12   3:54pm SSE 29.89   38
19   91.9 102.8   3:21pm  80.1   7:16am    0   27  0.00   0  12   5:14pm   S 29.89   40
20   92.1 103.6   4:07pm  80.7   6:54am    0   27  0.00   1  10   4:07pm   S 29.89   42
21   91.3 103.3   3:28pm  80.5   7:01am    0   26  0.00   1  17   7:06pm   S 29.95   43
22   86.8 102.5   4:45pm  76.3   7:14am    0   22  0.00   1  14   6:37pm   N 30.02   54
23   86.2 102.0   3:31pm  74.4   5:50am    0   21  0.01   1  13   7:52pm   S 29.94   57
24   89.5 103.3   4:18pm  78.5   7:13am    0   24  0.01   1  14  12:42pm   S 29.78   52
25   92.4 103.8   4:41pm  81.6   7:00am    0   24  0.00   2  17   3:25pm   S 29.75   43
26   91.6 103.6   4:00pm  81.2   7:01am    0   27  0.00   1  13   1:15pm   S 29.78   45
27   84.4 100.2   2:37pm  77.9   5:17pm    0   19  0.33   1  19   4:42pm   S 29.84   64
28   77.9  82.6   4:54pm  75.4   3:02am    0   13  0.25   0   8   1:07am WSW 29.91   82
29   78.7  86.7   4:22pm  72.3  11:56pm    0   14  0.00   1  14   3:21pm   N 29.96   62
30   78.3  91.4   5:24pm  64.8   6:00am    0   13  0.00   0  10  11:05am   N 29.95   52
31   83.4  96.1   3:07pm  69.4   7:13am    0   17  0.00   0   8   9:04am   S 29.91   44
---------------------------------------------------------------------------------------
TOT  88.5 107.1  8/11/06  64.8  8/30/06    0  722  0.73   1  22   8/7/06   S 29.90   48

HEAT BASE: 65.0
COOL BASE: 65.0


</PRE>