NOAA-Style Climate Reports


Report for 2006 September
<PRE>
                  MONTHLY CLIMATOLOGICAL SUMMARY FOR 9/2006
                                        HEAT  COOL        
     MEAN                               DEG   DEG       WIND SPEED       DOM MEAN  MEAN
DAY  TEMP  HIGH   TIME     LOW   TIME   DAYS  DAYS RAIN AVG  HI  TIME    DIR BAROM HUM
---------------------------------------------------------------------------------------
1    85.4  99.4   4:10pm  74.9   7:16am    0   20  0.00   0  11   8:10pm ESE 29.90   45
2    82.4  92.1  12:47pm  75.6  10:00pm    0   17  0.00   1  14   6:18pm   N 29.96   50
3    74.4  78.1   5:18pm  70.9  10:21am    0    9  0.02   1  12   8:23am   N 30.03   74
4    71.5  74.6  12:00am  69.4   9:24pm    0    7  0.38   0   7   5:55pm   S 30.07   88
5    74.6  85.1   3:16pm  67.6  11:58pm    0    9  0.00   1  16   2:55pm   N 30.11   65
6    72.8  85.7   4:40pm  59.9   6:07am    1    8  0.00   1  13   2:36pm   N 30.06   54
7    76.2  90.3   4:18pm  62.7   7:14am    0   11  0.00   0   7  11:19am ENE 29.97   46
8    79.0  90.7   2:28pm  69.4   3:11am    0   13  0.00   0  11   1:30pm SSE 29.94   46
9    80.9  91.4   3:22pm  71.6   4:50am    0   16  0.00   1  12   2:43pm   S 29.90   48
10   81.9  92.9   3:03pm  71.7   6:02am    0    0  0.00   0  10  12:00am ---  0.00   53
11   81.0  94.3   1:19pm  71.1  11:45pm    0   16  0.15   1  14   6:42pm   S 29.90   62
12   76.5  87.0   3:57pm  68.1  11:59pm    0   11  0.00   1  16   9:39am   N 29.99   64
13   71.2  85.1   5:08pm  58.3   7:03am    1    7  0.00   1  12  11:36am   N 29.97   54
14   75.1  90.5   4:31pm  58.7   7:02am    1   11  0.00   0  10   1:28pm SSE 29.89   43
15   82.3  94.0   3:10pm  71.3   6:39am    0   17  0.00   2  14  12:55pm SSE 29.85   49
16   86.4  96.8   3:21pm  77.7   7:02am    0   21  0.00   3  20   3:24pm   S 29.81   58
17   77.7  86.3  12:00am  64.8  11:36pm    0   13  0.95   2  20   4:14am   S 29.76   78
18   70.1  82.6   4:24pm  61.6   8:14am    1    6  0.01   2  16   1:09pm   N 29.90   58
19   70.4  84.5   4:20pm  56.2   7:03am    2    8  0.00   0  10   9:27am   N 30.06   50
20   74.3  88.0   3:33pm  59.3   7:16am    0    9  0.00   2  19   4:21pm SSE 29.94   41
21   76.8  89.7   5:11pm  65.2   6:14am    0   12  0.00   4  22   2:03pm   S 29.63   53
22   86.4  97.5   3:44pm  78.6   4:22am    0   21  0.00   6  24  10:19am   S 29.54   58
23   78.1  83.8  12:00am  65.8  11:57pm    0   13  0.10   3  25   5:42am   S 29.76   59
24   67.2  76.1   4:31pm  58.3   7:36am    1    3  0.00   1  14   1:22pm   N 30.10   49
25   66.9  81.6   4:25pm  52.0   7:25am    4    6  0.00   0  10  12:31pm WSW 30.16   51
26   72.0  88.2   3:58pm  56.2   7:17am    2    8  0.00   1  14   2:28pm   S 30.07   42
27   78.3  91.0   4:29pm  64.3   5:43am    0   13  0.02   2  18   9:36am   S 29.87   43
28   69.1  76.0   4:34pm  61.2  11:56pm    0    4  0.00   3  20  10:18am   N 30.05   39
29   70.6  85.7   4:13pm  56.7   6:41am    2    8  0.00   1  13   2:22pm   S 29.96   41
30   80.5  94.9   4:13pm  67.6   7:08am    0   15  0.00   1  13   8:39am   S 29.89   56
---------------------------------------------------------------------------------------
TOT  76.4  99.4   9/1/06  52.0  9/25/06   16  335  1.64   1  25  9/23/06   S 29.93   54

HEAT BASE: 65.0
COOL BASE: 65.0


</PRE>