NOAA-Style Climate Reports


Report for 2006 October
<PRE>
                  MONTHLY CLIMATOLOGICAL SUMMARY FOR 10/2006
                                        HEAT  COOL        
     MEAN                               DEG   DEG       WIND SPEED       DOM MEAN  MEAN
DAY  TEMP  HIGH   TIME     LOW   TIME   DAYS  DAYS RAIN AVG  HI  TIME    DIR BAROM HUM
---------------------------------------------------------------------------------------
1    82.4  93.6   2:28pm  72.0   7:18am    0   17  0.00   2  16   1:02pm   S 29.97   53
2    82.3  93.2   3:57pm  72.8   7:33am    0   17  0.00   3  18   3:59pm   S 30.02   55
3    81.1  92.5   2:50pm  70.8   7:12am    0   16  0.00   2  14   2:10pm   S 30.04   54
4    80.1  92.3   4:15pm  69.6   6:56am    0    0  0.00   0   8   1:28pm ---  0.00   57
5    77.7  89.5   3:56pm  68.1   7:32am    0   12  0.00   1  12   1:57pm   S 30.12   52
6    75.6  86.7   4:37pm  67.1   7:23am    0   10  0.00   1  10   3:51pm ENE 30.15   53
7    69.5  83.0   4:09pm  57.2   7:42am    1    5  0.00   0   8  12:56am   E 30.12   42
8    69.2  83.4   4:34pm  57.5   5:53am    2    6  0.00   0  10  11:09am ESE 30.06   36
9    72.4  85.7   3:47pm  58.3   7:15am    1    8  0.00   0  12   4:20pm   E 30.01   38
10   68.8  75.4   3:24pm  61.3   9:04am    0    4  0.74   1  19  11:43am   S 29.89   67
11   64.6  76.5   4:23pm  52.9   7:23am    3    3  0.01   0   7   2:30am   W 29.85   67
12   61.8  68.3   4:01pm  53.1  11:59pm    4    0  0.00   2  20   8:20am   N 29.89   50
13   59.6  75.3   3:39pm  44.5   7:33am    7    2  0.00   0   7   5:21pm   S 29.99   46
14   67.7  77.2   4:03pm  61.2   7:00am    1    4  0.02   1  11  11:02am SSE 29.98   48
15   63.9  67.8   2:15pm  60.9   4:25pm    1    0  1.58   1  12   3:29pm  NE 29.74   80
16   65.4  73.3   5:25pm  59.5   7:11am    1    2  0.77   1  12  12:24pm   N 29.50   85
17   72.4  88.0   4:06pm  61.5   7:16am    0    8  0.01   1  14   3:51pm   S 29.59   61
18   67.3  84.7   1:24pm  55.3  11:59pm    2    5  0.00   2  19   4:20pm   N 29.79   67
19   54.1  63.9   4:49pm  47.0  11:59pm   11    0  0.00   2  17   6:10am   N 29.99   56
20   57.0  72.8   3:42pm  42.8   3:46am    0    0  0.00   1  13   1:53pm ---  0.00   52
21   61.4  77.0   2:18pm  46.8  11:53pm    6    3  0.00   3  21  11:25am   S 29.86   56
22   50.6  62.1   4:07pm  39.9   7:38am   14    0  0.00   2  16  12:54pm   N 30.26   53
23   54.2  69.9   3:56pm  38.9   7:09am   11    1  0.00   0  14   2:25pm   S 30.24   47
24   61.6  74.6   3:41pm  48.0   7:06am    6    2  0.00   2  16  12:08pm   S 30.08   56
25   63.9  68.6   5:10pm  59.8  12:39am    2    1  0.44   1  14   2:02pm SSE 29.88   90
26   73.2  84.9   4:14pm  64.8  11:37pm    0    8  0.00   1  12   9:54pm   S 29.76   67
27   58.7  66.1   4:17pm  51.3  11:59pm    6    0  0.00   4  22   2:13pm   W 29.93   51
28   57.9  74.4   3:46pm  44.1   6:18am    9    2  0.00   0   7  12:53pm WSW 30.13   53
29   65.5  81.2   2:08pm  51.6   3:09am    4    4  0.00   2  18   2:15pm   S 29.95   44
30   68.6  77.9   2:10pm  59.6   4:26am    1    5  0.00   5  25  12:43pm   S 29.80   63
31   57.4  69.3  12:00am  47.6   9:57pm    7    0  0.00   2  13   2:35am   N 29.96   68
---------------------------------------------------------------------------------------
TOT  66.6  93.6  10/1/06  38.9 10/23/06  104  147  3.57   1  25 10/30/06   S 29.95   57

HEAT BASE: 65.0
COOL BASE: 65.0


</PRE>