NOAA-Style Climate Reports


Report for 2006 November
<PRE>
                  MONTHLY CLIMATOLOGICAL SUMMARY FOR 11/2006
                                        HEAT  COOL        
     MEAN                               DEG   DEG       WIND SPEED       DOM MEAN  MEAN
DAY  TEMP  HIGH   TIME     LOW   TIME   DAYS  DAYS RAIN AVG  HI  TIME    DIR BAROM HUM
---------------------------------------------------------------------------------------
1    50.3  60.5   3:13pm  45.7  12:00am    0    0  0.00   1   2  12:00am ---  0.00    0
2    47.2  58.3   2:28pm  37.8   6:19am   18    0  0.00   1  10  12:05am   N 30.38   42
3    50.6  63.2   2:09pm  39.3   3:21am   14    0  0.00   1  11   2:38pm   N 30.33   42
4    56.1  64.0   2:06pm  45.2   5:45am    9    0  0.00   1  12   4:51pm SSE 30.16   53
5    63.6  68.4   3:41pm  60.1  11:46pm    2    1  1.92   1  13   7:45pm   S 30.03   77
6    58.7  64.7   4:09pm  51.6  11:55pm    0    0  0.03   0  10  12:11pm ---  0.00   86
7    58.3  74.7   3:15pm  46.0   5:31am    8    1  0.01   0   8   1:56pm   N 29.95   73
8    67.0  81.6   2:24pm  53.9   6:48am    3    5  0.00   1  12   9:28pm   S 29.72   62
9    72.7  82.4   1:27pm  62.6   5:27am    0    8  0.00   3  18   9:32am   S 29.64   73
10   65.0  72.5  12:00am  50.2  11:58pm    3    3  0.00   3  19   1:44am   N 29.87   64
11   48.5  58.4   2:56pm  41.3   6:42am   16    0  0.00   1  16  10:34am   N 30.30   58
12   52.3  63.7   1:41pm  41.3   4:27am   12    0  0.01   1  17  10:24am SSE 30.09   54
13   54.7  63.1   2:52pm  46.4   7:09am   10    0  0.00   1  12  12:34pm   N 29.99   64
14   63.3  76.7   2:23pm  49.8   6:31am    5    4  0.00   1  16   8:55pm   S 29.58   57
15   50.7  70.9  12:20am  43.1  11:55pm   14    0  0.06   5  28   3:11am   N 29.76   57
16   44.5  56.5   3:06pm  35.5   7:15am   20    0  0.00   1  16  12:03am   N 30.00   53
17   53.2  69.6   1:52pm  41.8   2:52am   12    1  0.00   1  16  10:13am   S 29.98   45
18   52.5  68.1   2:40pm  39.3   4:42am   13    0  0.00   1   8  10:14am NNE 30.17   51
19   48.3  61.8   2:59pm  37.8   6:54am   17    0  0.00   0   7   1:26pm   N 30.36   46
20   46.3  60.2   3:00pm  35.9   7:18am   19    0  0.00   0   5   7:22am NNE 30.45   51
21   51.6  66.1   1:59pm  36.9   7:15am   13    0  0.00   2  18  11:49am   S 30.32   46
22   57.3  71.5   2:23pm  44.3   7:18am    9    1  0.01   1  14  12:54pm   S 30.13   51
23   61.4  75.8   2:08pm  48.9   6:41am    6    2  0.00   1  13  10:47am SSE 30.07   61
24   62.7  75.1   2:06pm  53.8   7:16am    4    2  0.01   2  16  10:38am   S 30.04   71
25   61.5  71.5   2:07pm  53.2   6:37am    4    1  0.00   1  13  11:58am   S 30.05   75
26   63.1  71.8   1:38pm  55.1   7:00am    3    1  0.00   1  13   3:06pm SSE 30.09   73
27   65.5  70.1   1:32pm  62.1   4:32am    1    1  0.07   2  16  10:27am SSE 30.05   82
28   69.0  76.7   1:17pm  63.9   7:15am    0    4  0.10   3  18  11:25am   S 29.90   76
29   63.8  76.7   1:17pm  35.8  11:22pm    6    5  0.33   4  20   2:24pm   S 29.86   79
30   30.2  35.9  12:00am  25.7   6:23pm   32    0  0.51   4  18   8:29am   N 30.06   81
---------------------------------------------------------------------------------------
TOT  56.4  82.4  11/9/06  25.7 11/30/06  275   39  3.06   2  28 11/15/06   S 30.05   62

HEAT BASE: 65.0
COOL BASE: 65.0


</PRE>