NOAA-Style Climate Reports


Report for 2006 December
<PRE>
                  MONTHLY CLIMATOLOGICAL SUMMARY FOR 12/2006
                                        HEAT  COOL        
     MEAN                               DEG   DEG       WIND SPEED       DOM MEAN  MEAN
DAY  TEMP  HIGH   TIME     LOW   TIME   DAYS  DAYS RAIN AVG  HI  TIME    DIR BAROM HUM
---------------------------------------------------------------------------------------
1    34.3  47.3   2:09pm  22.9   7:46am   31    0  0.08   0  11  12:38am   W 30.26   60
2    41.4  52.8   2:16pm  32.8   7:30am   24    0  0.00   0   8   2:40pm  NE 30.34   57
3    34.7  44.1   2:43pm  26.9  11:59pm   30    0  0.00   2  20   1:00pm   N 30.64   56
4    35.4  51.0   2:28pm  21.6   6:57am   30    0  0.00   0  12   1:12pm   S 30.57   55
5    45.5  58.7   1:45pm  33.2   5:36am   19    0  0.00   2  16  10:14pm   S 30.27   44
6    49.1  60.4   2:22pm  40.3   6:28am   16    0  0.00   1  14   3:10am   S 30.15   60
7    37.2  46.4  11:24am  25.0  11:54pm   28    0  0.00   3  20   2:32pm   N 30.59   48
8    30.5  42.3   2:47pm  19.5   7:32am   34    0  0.00   0   8  12:56am   S 30.64   45
9    39.9  52.0   2:32pm  28.7   4:37am   25    0  0.00   1  11   3:32pm SSE 30.37   37
10   48.2  55.4  11:19am  43.1   2:23am   17    0  0.01   2  17  10:53am   S 30.16   69
11   59.4  70.8   2:30pm  49.1  11:59pm    6    1  0.00   2  17   9:33am   S 30.03   71
12   51.6  67.1   2:08pm  40.6   7:23am   14    0  0.00   0   8   1:59pm   W 30.12   57
13   54.3  70.4   2:16pm  38.5   7:00am   11    1  0.00   1  12  10:34am   S 30.11   49
14   57.9  72.0   2:37pm  45.5   7:06am    8    1  0.00   1  12   4:03am   S 29.95   50
15   61.9  72.5   2:25pm  52.5   7:26am    4    1  0.00   2  14   3:27pm   S 29.87   77
16   66.6  74.4   1:49pm  60.4   4:14am    1    3  0.00   4  25  10:54am   S 29.86   72
17   67.8  77.2   2:02pm  62.0   3:19am    1    4  0.00   2  20  12:40pm   S 30.00   71
18   63.7  76.3   2:12pm  50.7  11:52pm    3    2  0.00   1  14   4:42pm   S 30.20   76
19   52.9  60.7   7:15pm  46.8   7:57am   12    0  0.13   1  12   9:02pm   N 30.22   90
20   53.7  62.7   7:07am  46.2  10:21pm   11    0  0.40   2  18   3:03am SSE 29.95   87
21   48.0  57.5   1:42pm  39.8   7:17am   17    0  0.01   1  11  11:24pm WSW 30.02   65
22   42.3  52.5   3:57pm  34.6   7:38am   23    0  0.00   1  11   3:10pm WSW 30.06   60
23   44.5  54.1   2:03pm  34.9   7:55am   21    0  0.00   0  11   3:30pm   N 30.20   66
24   43.8  47.3  11:45am  41.6   7:20am   21    0  0.32   1   9  10:35pm   N 30.08   81
25   42.4  48.5   2:01pm  32.7  11:58pm   23    0  0.11   3  20   5:07pm   N 30.06   62
26   38.7  50.4   2:31pm  26.6   7:16am   26    0  0.00   0   6   1:29pm WSW 30.17   54
27   49.8  62.9   1:55pm  37.9  12:45am   15    0  0.01   3  21   2:11pm   S 29.96   51
28   58.0  65.5   1:10pm  49.1   4:45am    7    0  0.00   3  18   5:03pm SSE 29.87   71
29   60.2  62.4   1:49pm  54.5  11:06pm    5    0  1.39   2  14   5:43am   E 29.93   87
30   51.1  55.0  12:03am  43.5  10:56pm   14    0  0.06   1  10  10:12am   S 29.95   79
31   42.6  45.4   4:18pm  37.2   9:40pm   20    0  0.00   2  17   8:55am   W 30.08   64
---------------------------------------------------------------------------------------
TOT  48.6  77.2 12/17/06  19.5  12/8/06  517   12  2.52   1  25 12/16/06   S 30.15   64

HEAT BASE: 65.0
COOL BASE: 65.0


</PRE>