NOAA-Style Climate Reports


Report for 2007 January
<PRE>
                  MONTHLY CLIMATOLOGICAL SUMMARY FOR 1/2007
                                        HEAT  COOL        
     MEAN                               DEG   DEG       WIND SPEED       DOM MEAN  MEAN
DAY  TEMP  HIGH   TIME     LOW   TIME   DAYS  DAYS RAIN AVG  HI  TIME    DIR BAROM HUM
---------------------------------------------------------------------------------------
1    39.1  49.9   2:45pm  31.6   7:41am   26    0  0.00   1  14   9:34am   N 30.31   63
2    41.1  53.6  12:57pm  30.1   8:04am   24    0  0.00   0   6   1:13am  NE 30.33   55
3    44.7  56.3  12:33pm  33.5   5:02am   20    0  0.16   0  11  10:39am   S 30.19   67
4    48.6  55.9  11:46am  44.6  12:26am   16    0  0.59   0  12   4:55am   S 29.82   89
5    51.4  58.7   2:38pm  46.1  11:44pm   14    0  0.00   1  11  11:29pm   S 29.74   86
6    47.6  53.8   3:19pm  41.9   4:28am   17    0  0.00   1  13   7:25am   N 30.07   71
7    46.1  56.3   2:20pm  36.2   7:18am   19    0  0.00   1  18   3:36pm   N 30.17   56
8    43.5  60.4   2:51pm  28.8   5:12am   22    0  0.00   0  13  10:55am   S 30.27   53
9    45.7  59.3   2:45pm  35.0   4:50am   19    0  0.00   1  13  11:07am   N 30.47   50
10   51.8  62.9   2:11pm  39.2   7:35am   13    0  0.00   3  22   1:42pm   S 30.20   46
11   59.7  66.0   1:52pm  52.5   4:38am    5    0  0.00   6  26  11:41am   S 29.99   77
12   55.8  67.9   1:25pm  34.7  10:38pm   10    0  1.36   3  20   3:15am   S 30.08   87
13   32.6  35.5  12:41am  30.9   2:57pm   32    0  0.67   2  12   2:40am   N 30.18   89
14   31.1  32.4  12:00am  29.0  10:59pm   34    0  0.20   1  12   7:06am   N 30.12   89
15   27.1  30.4   2:57pm  23.2   8:47am   38    0  0.01   2  14   3:40pm   N 30.41   73
16   26.6  29.8   2:42pm  24.2   7:29am   38    0  0.00   2  13  12:25am   N 30.62   65
17   28.2  30.6   4:19pm  25.6   3:41am   37    0  0.00   0   8  11:55pm   N 30.50   79
18   34.5  38.2   2:55pm  29.5   2:13am   30    0  0.07   1  11   9:31pm   S 30.35   83
19   37.3  41.5  12:36pm  34.9   5:25am   28    0  0.24   1   8   4:50am NNE 30.42   78
20   36.4  38.3   8:51pm  34.7   4:14am   28    0  1.01   1  13  11:22am   E 30.10   88
21   43.2  56.2   2:24pm  36.8  10:07pm   22    0  0.00   2  14  10:58pm   S 29.93   76
22   37.5  45.2   2:41pm  33.4   7:47am   27    0  0.00   2  16  10:50am   N 30.23   66
23   35.7  43.8   3:58pm  28.8   7:51am   29    0  0.00   0   6   6:30am WSW 30.22   72
24   41.8  50.7   3:38pm  34.6   5:20am   23    0  0.00   0  12   1:42pm   N 30.25   68
25   41.8  57.0   3:10pm  30.9   5:55am   23    0  0.00   0  10   3:37pm   N 30.33   71
26   48.9  63.2   1:59pm  33.4   7:13am   16    0  0.00   1  13   4:06pm   S 30.12   60
27   48.5  61.2  12:28pm  36.5  11:54pm   16    0  0.01   2  21   5:29pm   S 30.02   63
28   34.3  42.1   3:24pm  27.8   7:31am   31    0  0.00   1  14   9:08am   N 30.35   50
29   39.8  49.9   1:19pm  29.0   7:20am   25    0  0.00   1  14  11:06am   S 30.18   54
30   40.3  46.0   1:41pm  31.8  10:55pm   25    0  0.00   2  19  12:23pm   N 30.26   48
31   34.3  40.5   5:04pm  28.2   6:18am   28    0  0.02   1  10   1:22pm  SE 30.05   61
---------------------------------------------------------------------------------------
TOT  41.2  67.9  1/12/07  23.2  1/15/07  736    0  4.34   1  26  1/11/07   N 30.20   69

HEAT BASE: 65.0
COOL BASE: 65.0


</PRE>