NOAA-Style Climate Reports


Report for 2007 February
<PRE>
                  MONTHLY CLIMATOLOGICAL SUMMARY FOR 2/2007
                                        HEAT  COOL        
     MEAN                               DEG   DEG       WIND SPEED       DOM MEAN  MEAN
DAY  TEMP  HIGH   TIME     LOW   TIME   DAYS  DAYS RAIN AVG  HI  TIME    DIR BAROM HUM
---------------------------------------------------------------------------------------
1    34.9  37.2   2:08am  32.7   5:02pm   30    0  0.16   1  10  12:59pm   N 29.82   89
2    30.7  33.7   4:17pm  25.4  11:23pm   34    0  0.10   1  14  10:19am   N 30.12   78
3    36.4  51.6   2:46pm  21.8   6:41am   29    0  0.00   2  17   1:19pm   S 30.22   67
4    42.3  57.6   2:14pm  30.1   7:22am   23    0  0.00   1   8  10:13am NNE 30.30   61
5    45.8  60.4   3:23pm  30.6   6:33am   19    0  0.00   0   7  12:00pm   N 30.35   61
6    56.6  70.4   2:40pm  46.0   7:31am    9    1  0.00   3  19   1:42pm   S 30.17   60
7    59.3  72.8   3:03pm  49.2   7:48am    7    1  0.00   2  13  12:59pm   S 30.02   70
8    39.8  51.3  12:00am  37.0   8:21am   25    0  0.00   2  13  12:51am   N 30.18   80
9    38.9  41.8   4:21pm  36.5   5:15am   26    0  0.02   1  10   1:49pm   N 30.25   80
10   40.1  45.7   2:09pm  36.0   6:55am   25    0  0.00   1  11   5:45am   N 30.30   61
11   45.0  50.2   1:58pm  40.2   5:18am   20    0  0.00   1  10   4:27pm SSE 30.13   68
12   52.8  58.7   5:22pm  48.0   7:30am   12    0  0.12   1  16   2:03am   S 29.81   88
13   40.0  55.1  12:00am  30.7  11:58pm   25    0  0.00   5  22   2:12am   N 29.98   71
14   29.1  32.1   3:05pm  26.7   7:24am   36    0  0.00   3  19  10:13pm   N 30.25   63
15   27.6  33.4   4:02pm  21.9  11:55pm   37    0  0.00   2  13   9:36am   N 30.38   59
16   31.9  48.5   3:15pm  14.4   6:15am   33    0  0.00   2  19   4:01pm   S 30.20   58
17   44.8  56.7   2:02pm  34.9  12:12am   20    0  0.00   3  22  11:37am   N 30.21   44
18   45.2  63.4   3:07pm  27.8   7:27am   20    0  0.00   1  16  11:02pm   S 30.30   48
19   57.1  71.3   3:04pm  43.5   3:27am    9    1  0.00   5  25  10:32am   S 29.87   51
20   64.2  79.9   2:59pm  53.8  10:12pm    4    4  0.00   3  17  12:14am   S 29.76   50
21   58.8  78.5   3:04pm  40.9   6:52am    9    2  0.00   0   7   1:07pm   S 29.93   48
22   64.9  82.0   2:13pm  45.2   6:40am    5    5  0.00   1  12   1:04pm  SE 30.05   37
23   61.5  68.1   2:03pm  53.5   7:12am    4    0  0.01   2  18  10:25pm SSE 29.86   71
24   61.0  68.4   1:51pm  45.5  11:58pm    4    0  0.13   6  31   4:58pm WSW 29.57   51
25   50.3  63.7   3:57pm  39.9   7:04am   15    0  0.00   2  12  10:52am WSW 29.87   36
26   58.7  75.8   2:30pm  46.2   7:16am    8    2  0.00   2  17   2:43pm   S 29.71   32
27   62.3  81.8   3:11pm  43.6   7:05am    7    4  0.00   2  18   3:13pm   S 29.76   46
28   67.2  73.7   3:07pm  60.2   5:44am    1    3  0.02   6  25   4:05pm   S 29.57   74
---------------------------------------------------------------------------------------
TOT  48.1  82.0  2/22/07  14.4  2/16/07  495   23  0.56   2  31  2/24/07   S 30.03   61

HEAT BASE: 65.0
COOL BASE: 65.0


</PRE>