NOAA-Style Climate Reports


Report for 2007 March
<PRE>
                  MONTHLY CLIMATOLOGICAL SUMMARY FOR 3/2007
                                        HEAT  COOL        
     MEAN                               DEG   DEG       WIND SPEED       DOM MEAN  MEAN
DAY  TEMP  HIGH   TIME     LOW   TIME   DAYS  DAYS RAIN AVG  HI  TIME    DIR BAROM HUM
---------------------------------------------------------------------------------------
1    55.1  66.3   1:23am  42.8  11:25pm   10    0  0.00   3  18  12:48am   W 29.67   45
2    49.9  63.5   2:27pm  37.2   6:31am   15    0  0.00   1  13  10:36am   N 29.84   32
3    43.8  52.8   2:44pm  35.3  11:56pm   21    0  0.00   2  17   1:44pm   N 30.18   31
4    41.7  59.0   3:56pm  25.8   4:08am   23    0  0.00   1  12  11:43am   N 30.44   38
5    53.3  73.5   2:28pm  35.0   6:25am   13    1  0.00   0   8  12:51pm   S 30.35   32
6    57.5  73.9   1:39pm  46.0   6:20am    9    1  0.00   1  17   4:12pm   S 30.21   30
7    60.2  76.8   3:39pm  45.7   6:35am    7    2  0.00   1  11   1:53am   S 30.09   52
8    63.2  80.3   1:57pm  46.0   6:59am    5    4  0.00   1  13   3:01pm   S 30.02   50
9    68.0  81.6   3:38pm  57.5  11:52pm    2    5  0.00   2  17  11:35am   S 29.94   51
10   66.1  83.6   3:39pm  48.6   6:37am    5    6  0.00   0   8   1:54pm NNE 30.02   39
11   69.6  80.3   1:25pm  61.5   5:58am    1    5  0.04   1  16   2:58pm SSE 30.05   55
12   64.4  74.6   4:05pm  59.9  11:08pm    2    2  0.01   1  13   7:57am ENE 30.06   78
13   64.1  81.6  12:38pm  57.0   2:17am    3    2  0.97   0  24   3:24pm   S 30.02   84
14   61.8  72.8   2:39pm  55.3   5:55am    4    1  0.01   0  11  12:09pm   S 29.87   81
15   65.1  80.5   3:45pm  52.0   6:05am    4    5  0.01   1  14   7:24pm   N 29.93   70
16   56.7  65.5   2:23pm  47.3  11:53pm    8    0  0.00   3  19   2:41am   N 30.25   48
17   57.0  72.7   4:49pm  42.1   7:00am    9    1  0.00   1  16  10:49am   S 30.13   47
18   64.8  71.3   5:05pm  58.0   1:03am    2    2  0.00   2  20  11:59pm   S 29.99   74
19   69.0  77.2   2:54pm  64.5   1:16am    0    4  0.00   6  22   1:33pm   S 30.00   71
20   68.2  77.7   3:14pm  63.2   6:55am    0    3  0.00   3  16   1:59pm SSE 30.13   71
21   69.2  77.4   5:22pm  64.3   5:27am    0    4  0.02   4  21   2:18pm   S 30.08   76
22   67.8  73.7   1:06pm  63.2   6:31am    0    3  0.00   2  17   1:43am SSE 30.12   76
23   68.5  74.6   4:22pm  64.3   6:08am    0    4  0.00   1  13   2:15am   S 30.08   76
24   70.4  81.2   2:44pm  62.6   7:06am    0    6  0.00   2  18  12:30pm   S 30.13   64
25   70.2  77.4   4:22pm  65.2   6:30am    0    5  0.03   2  13   6:43pm   S 30.15   73
26   66.9  75.6  12:51pm  62.1  11:53pm    0    2  1.31   1  12   3:31am SSE 30.04   83
27   67.5  80.7   3:49pm  59.0   4:29am    2    4  0.04   2  14  11:08am   S 29.94   76
28   72.2  80.1   3:04pm  65.3   6:18am    0    7  0.02   3  20  12:20pm   S 29.92   73
29   69.7  73.7   1:10pm  65.8  11:57pm    0    5  0.18   3  22  11:32pm SSE 29.98   79
30   67.3  74.6  11:08am  61.5  10:29pm    0    3  1.17   3  17   4:02pm SSE 29.99   83
31   61.2  70.6   5:11pm  52.0   8:09am    5    1  0.00   2  13   5:21am WSW 29.93   68
---------------------------------------------------------------------------------------
TOT  62.9  83.6  3/10/07  25.8   3/4/07  151   88  3.81   2  24  3/13/07   S 30.05   62

HEAT BASE: 65.0
COOL BASE: 65.0


</PRE>