NOAA-Style Climate Reports


Report for 2007 April
<PRE>
                  MONTHLY CLIMATOLOGICAL SUMMARY FOR 4/2007
                                        HEAT  COOL        
     MEAN                               DEG   DEG       WIND SPEED       DOM MEAN  MEAN
DAY  TEMP  HIGH   TIME     LOW   TIME   DAYS  DAYS RAIN AVG  HI  TIME    DIR BAROM HUM
---------------------------------------------------------------------------------------
1    67.8  83.6   4:06pm  51.6   7:05am    3    6  0.00   1  12   1:14pm   S 29.93   55
2    70.0  81.8   1:21pm  59.3   7:14am    1    6  0.00   2  16   3:45pm   S 29.95   75
3    76.0  88.6   4:19pm  66.9   7:23am    0   11  0.00   3  19   3:54am   S 29.92   67
4    58.6  66.9  12:00am  49.9   8:08am    6    0  0.00   4  21   8:24am   N 30.23   40
5    54.4  66.3   4:34pm  44.2   6:09am   11    0  0.00   2  12   2:14am   N 30.23   42
6    47.6  53.8  12:00am  41.1  11:56pm    0    0  0.00   4  19  12:00am ---  0.00    0
7    40.4  43.6   4:56pm  37.2   7:06am   25    0  0.00   2  13   3:56am   N 30.32   43
8    44.4  51.4   4:24pm  37.8   6:37am   21    0  0.00   1   8   1:46am ENE 30.21   44
9    50.2  57.5   2:42pm  43.6   5:55am   15    0  0.00   1   8  10:09am  SE 30.00   53
10   61.1  75.8   5:15pm  51.3   6:07am    6    2  0.00   2  18  10:17pm   S 29.58   72
11   61.5  72.8   3:45pm  48.6   6:45am    5    2  0.00   2  16  12:07am WSW 29.71   51
12   62.2  77.0   3:15pm  44.5   4:02am    6    4  0.00   1  13   4:57pm   E 29.90   38
13   62.8  75.6   4:34pm  54.2  11:45pm    3    1  0.47   2  20   8:26pm  SE 29.72   67
14   47.5  54.2  12:00am  40.5  11:58pm   18    0  0.01   4  21   3:15pm   N 29.97   72
15   54.3  70.9   3:44pm  37.8   5:40am   12    1  0.00   0   8  10:21am WSW 30.12   57
16   62.0  76.1   3:36pm  48.8   5:49am    6    3  0.00   1  13  12:31pm SSE 30.09   50
17   58.4  61.6  12:01am  54.2  11:51pm    7    0  0.55   1  16   7:27pm   S 29.86   83
18   60.5  70.8   4:55pm  53.5   1:15am    5    1  0.01   1  13   8:54am   N 29.85   76
19   65.5  80.1   4:28pm  50.1   5:28am    5    5  0.00   1  11   6:43pm  SE 29.89   69
20   70.6  82.0   5:12pm  62.9   5:45am    0    6  0.00   1  12   9:53am  SE 30.00   64
21   67.7  68.6  12:00am  66.8  12:56am    0    0  0.00   4  16  12:13am SSE 29.90   55
22   69.9  80.3   4:50pm  62.9   5:53am    0    5  0.00   4  21   6:11am   S 29.94   69
23   71.7  80.7   1:54pm  64.8   6:08am    0    7  0.00   2  16  11:55pm   S 30.00   76
24   69.2  74.2  12:26pm  60.9   9:53pm    0    5  3.32   3  29   9:22pm   S 29.83   85
25   63.9  70.1   2:17pm  56.5  11:50pm    2    1  0.01   3  17  11:57am WSW 29.83   65
26   60.2  71.5   4:28pm  49.8   6:25am    6    1  0.00   2  14   9:55am WSW 29.96   59
27   68.3  83.2   4:34pm  53.8   5:30am    3    7  0.00   0  12  12:28pm SSE 30.03   58
28   72.1  83.4   3:23pm  61.2   6:54am    1    8  0.00   1  10   2:09pm   N 30.13   54
29   73.9  86.7   3:13pm  59.5   6:28am    1   10  0.00   0  10   4:42pm SSE 30.11   51
30   74.8  85.3   3:10pm  66.1   6:58am    0    9  0.00   1  15   3:19pm   S 29.93   66
---------------------------------------------------------------------------------------
TOT  62.3  88.6   4/3/07  37.2   4/7/07  166   98  4.37   2  29  4/24/07   S 29.99   61

HEAT BASE: 65.0
COOL BASE: 65.0


</PRE>