NOAA-Style Climate Reports


Report for 2007 May
<PRE>
                  MONTHLY CLIMATOLOGICAL SUMMARY FOR 5/2007
                                        HEAT  COOL        
     MEAN                               DEG   DEG       WIND SPEED       DOM MEAN  MEAN
DAY  TEMP  HIGH   TIME     LOW   TIME   DAYS  DAYS RAIN AVG  HI  TIME    DIR BAROM HUM
---------------------------------------------------------------------------------------
1    68.6  77.9   4:22pm  63.4   6:29am    0    4  0.66   1  12   4:38am   S 29.83   82
2    70.4  82.2   3:53pm  64.7  11:51pm    0    5  1.00   1  29   7:30pm   S 29.79   81
3    69.2  80.7   3:12pm  61.8   6:59am    1    5  0.01   2  17   3:49am   S 29.77   79
4    74.5  87.0   3:48pm  66.1  12:04am    0    9  0.00   2  17   5:03pm   S 29.76   80
5    76.0  80.3   3:09pm  73.2   5:54am    0   20  0.02   3  17  10:05pm SSE 29.69   80
6    79.2  87.0   2:16pm  74.6   6:30am    0   14  0.00   3  17   5:49am SSE 29.79   70
7    79.2  89.7   4:28pm  71.1  11:24pm    0    0  0.00   2  19   7:54am ---  0.00   67
8    74.6  85.3   2:30pm  65.5   3:05am    0    9  1.24   1  20   2:30am   S 30.02   74
9    71.6  83.6   4:40pm  66.6   6:14am    0    6  0.45   0   7   4:27am   S 29.96   80
10   72.2  82.4   3:40pm  66.8   6:52am    0    0  0.01   1  10   2:09pm ---  0.00   74
11   73.1  84.3   4:11pm  61.8   6:50am    0    9  0.01   1  14   4:36pm   N 29.99   68
12   75.0  86.3   2:26pm  65.6   6:40am    0    9  0.00   1  12   4:39pm   N 30.01   68
13   76.5  88.2   3:16pm  66.9   6:27am    0   11  0.05   0  12   6:24pm  NE 30.03   66
14   77.6  90.1   3:15pm  67.4   5:17am    0   12  0.16   0  19   6:43pm   S 29.99   68
15   76.0  88.4   1:26pm  66.0  11:53pm    0   11  0.00   2  14   4:36pm   N 29.99   66
16   66.7  78.1   4:46pm  56.2   6:45am    2    3  0.00   2  16   9:24am   N 30.14   57
17   69.6  81.1   4:41pm  55.9   5:55am    2    6  0.00   1  10  11:32am  NE 30.16   48
18   70.3  81.4   2:08pm  57.6   6:00am    1    7  0.00   0   8  11:30pm ENE 30.14   53
19   69.3  80.1   4:14pm  60.1   5:07am    1    5  0.09   0   7  11:30am  SE 30.13   56
20   72.7  83.4   4:14pm  64.2   7:04am    0    8  0.00   1  11  10:48am SSE 30.02   51
21   72.0  79.9   2:27pm  66.9   7:28am    0    7  0.15   2  16  12:44pm SSE 29.89   68
22   73.8  82.4   2:46pm  67.8   5:40am    0    8  0.18   2  16   4:25pm SSE 29.84   75
23   76.4  87.2   4:19pm  67.8   5:30am    0   11  0.01   2  16   2:16am SSE 29.92   69
24   73.1  86.3   2:24pm  64.8  10:51pm    0    8  0.41   2  17   3:04pm SSE 30.04   79
25   68.0  73.9  12:44pm  63.4   6:02am    0    3  0.42   0   6   9:11am   E 30.10   88
26   71.6  80.7   3:28pm  66.8   3:42am    0    6  0.05   2  14   1:04pm SSE 30.01   82
27   72.3  79.2   5:13pm  69.6   5:47am    0    7  0.07   2  19   9:14am SSE 29.95   81
28   70.7  79.0  12:21pm  67.3   5:45am    0    6  0.27   0  11   6:01pm SSE 29.96   82
29   71.4  80.3   2:16pm  67.1  11:33pm    0    6  0.06   1  11   9:37am SSE 29.92   81
30   71.0  80.9   5:18pm  63.2  10:09am    0    6  1.30   1  32   9:22am   S 29.92   80
31   76.9  88.0   4:18pm  68.6   6:32am    0   11  0.00   0  10   9:32pm SSE 29.94   73
---------------------------------------------------------------------------------------
TOT  72.9  90.1  5/14/07  55.9  5/17/07    7  232  6.62   1  32  5/30/07 SSE 29.95   72

HEAT BASE: 65.0
COOL BASE: 65.0


</PRE>