NOAA-Style Climate Reports


Report for 2007 June
<PRE>
                  MONTHLY CLIMATOLOGICAL SUMMARY FOR 6/2007
                                        HEAT  COOL        
     MEAN                               DEG   DEG       WIND SPEED       DOM MEAN  MEAN
DAY  TEMP  HIGH   TIME     LOW   TIME   DAYS  DAYS RAIN AVG  HI  TIME    DIR BAROM HUM
---------------------------------------------------------------------------------------
1    79.0  88.4   3:58pm  69.9  11:58pm    0   14  0.07   2  18  11:19pm SSE 29.82   66
2    76.0  87.2   5:11pm  65.5   6:18am    0   11  0.26   1  13   2:03am   S 29.82   68
3    75.2  85.5   4:47pm  65.8   9:28am    0   10  0.35   1  25   8:11am   N 29.78   71
4    74.0  87.4   2:12pm  66.8   5:57am    0    9  0.71   1  21   3:04pm WSW 29.80   74
5    76.9  90.5   4:05pm  62.7   6:08am    0   12  0.00   0   8  12:55pm WSW 29.82   61
6    80.5  91.6   2:49pm  69.6   4:53am    0   15  0.00   3  20  10:32am   S 29.68   56
7    83.5  93.4   3:30pm  76.0   2:37am    0   18  0.00   6  27  10:16am   S 29.61   64
8    78.3  85.7   5:17pm  65.8   9:55am    0   13  0.02   3  17   1:17am   N 29.90   68
9    81.6  94.5   4:03pm  70.3   6:32am    0   17  0.00   1  10   2:18pm  SE 29.96   67
10   82.9  92.9   3:05pm  73.9   6:47am    0   18  0.00   1  13   1:34pm SSE 29.87   67
11   84.8  95.9   3:28pm  73.9   6:17am    0   20  0.00   1  11  12:13am SSE 29.85   60
12   84.6  94.9   3:56pm  75.6   4:05am    0   20  0.00   1  11   3:57pm   S 29.87   60
13   82.3  92.5  12:48pm  74.7   2:07pm    0   17  0.36   1  13   8:48pm  SE 29.81   64
14   80.3  89.3   2:21pm  73.7   2:33am    0   32  0.00   1  13   1:52pm SSE 29.77   63
15   76.4  84.9   6:21pm  70.6   3:32am    0   11  0.00   1  10  10:04am   S 29.79   70
16   72.3  79.6   4:30pm  67.8   8:14am    0    7  2.05   0  10  12:24am ENE 29.89   86
17   74.0  79.9   4:53pm  68.9  10:58am    0    8  1.64   1  18   9:47am SSE 29.89   84
18   80.0  92.1   4:49pm  69.9   9:25am    0   15  0.80   3  18   3:08am   S 29.77   74
19   84.7  94.5   4:17pm  76.5   6:50am    0   20  0.00   2  16   8:38am   S 29.89   68
20   80.7  90.1   4:22pm  69.9   6:07am    0   16  0.09   1  18   5:24am   S 29.98   69
21   77.2  88.8   3:05pm  72.0   6:45am    0   12  0.13   1  14   4:20pm SSE 30.01   78
22   78.3  91.0   4:00pm  72.0   2:49am    0   13  0.01   1  18   5:11pm   S 29.95   73
23   81.0  91.4   4:32pm  71.8   6:33am    0   16  0.00   2  20   2:51pm   S 29.84   61
24   78.7  89.0   4:43pm  69.1   5:52am    0   13  0.00   2  16   4:39pm   S 29.85   68
25   77.5  87.4   2:26pm  70.4   8:36pm    0   12  0.85   1  18  12:13pm SSE 29.95   78
26   74.3  88.0   2:10pm  69.1   6:45pm    0    9  1.96   2  20   3:02pm SSE 29.99   87
27   74.6  87.4   2:25pm  68.9   2:02am    0   10  1.04   2  18   1:43pm   S 29.95   85
28   76.3  83.8   5:35pm  72.0   3:53am    0   11  0.15   2  16  12:00pm SSE 29.89   83
29   78.3  91.4   2:41pm  71.8   6:05am    0   13  0.67   2  18  11:51am SSE 29.91   75
30   77.2  86.5   1:53pm  71.3   3:23am    0   11  0.42   0  11   2:51pm   S 29.91   83
---------------------------------------------------------------------------------------
TOT  79.2  95.9  6/11/07  62.7   6/5/07    0  424 11.58   1  27   6/7/07   S 29.85   69

HEAT BASE: 65.0
COOL BASE: 65.0


</PRE>