NOAA-Style Climate Reports


Report for 2007 July
<PRE>
                  MONTHLY CLIMATOLOGICAL SUMMARY FOR 7/2007
                                        HEAT  COOL        
     MEAN                               DEG   DEG       WIND SPEED       DOM MEAN  MEAN
DAY  TEMP  HIGH   TIME     LOW   TIME   DAYS  DAYS RAIN AVG  HI  TIME    DIR BAROM HUM
---------------------------------------------------------------------------------------
1    78.3  89.0   1:20pm  73.7   6:05am    0   13  0.00   0  19   3:35pm   S 29.91   78
2    77.5  86.7  12:31pm  72.7   4:12am    0   12  0.18   1  11   5:07pm   S 29.95   81
3    77.8  88.8   4:29pm  72.5   4:03am    0   13  0.00   0  10   4:47pm SSE 29.96   80
4    79.1  87.6   4:09pm  71.8   6:11am    0   14  0.00   1  11  12:31pm   E 29.96   74
5    74.8  77.6  11:47am  72.1  11:42pm    0   10  0.53   1  10  11:04am  NE 29.97   86
6    78.3  89.0   5:20pm  71.5   5:19am    0   13  0.02   1  11   3:11pm   N 29.98   73
7    82.9  94.0   4:46pm  71.6   6:29am    0   18  0.00   1  11  10:34pm WSW 29.91   65
8    80.7  91.2   3:01pm  74.0   3:58pm    0   16  0.77   1  20   3:41pm   S 29.81   76
9    83.8  93.6   4:19pm  77.2   4:53am    0   19  0.00   2  16   5:31pm   S 29.80   72
10   82.7  93.8   5:03pm  74.6   8:34pm    0   18  0.34   3  18   7:00am   S 29.85   72
11   81.3  94.7   2:33pm  74.4   6:21am    0   16  0.01   0  19   4:34pm   S 29.98   71
12   84.4  95.9   4:20pm  74.9   2:18am    0   19  0.00   1  13  12:32pm   S 29.95   64
13   77.6  82.8   8:47am  73.9  12:02pm    0   13  0.10   1  13  11:24am   N 29.94   79
14   78.2  88.4   4:40pm  70.4   6:48am    0   13  0.00   0   8   6:25pm   N 29.90   72
15   82.0  93.6   4:16pm  70.1   6:35am    0   17  0.00   0   7  11:16am WSW 29.86   60
16   83.7  95.1   4:54pm  73.0   6:09am    0   19  0.00   0   7  10:17am WSW 29.87   58
17   83.5  94.3   4:46pm  72.8   6:31am    0   18  0.00   1  13   2:00pm SSE 29.92   63
18   82.4  92.9   3:54pm  72.5   5:34am    0   17  0.00   3  22   3:46pm   S 29.96   63
19   81.5  93.6   3:49pm  71.1   6:23am    0   16  0.00   2  17   2:52pm   S 29.93   64
20   79.1  89.5   1:01pm  73.7   3:26am    0   14  0.08   1  18   3:33pm   S 29.94   74
21   79.8  91.6   3:59pm  71.1   6:10am    0   15  0.08   1  14   4:14pm   S 29.99   74
22   81.4  93.6   4:50pm  73.2   6:53am    0   16  0.00   0  11   5:14pm WSW 30.00   69
23   80.5  90.5   2:57pm  74.4   6:51am    0   15  0.00   0   7   8:22am  SE 29.95   68
24   80.2  90.5   4:17pm  69.4   6:28am    0   15  0.00   0   9   4:40pm   E 29.89   56
25   79.9  91.6   4:25pm  67.1   6:20am    0   15  0.00   0   8   4:22pm SSE 29.90   56
26   79.5  91.8   4:42pm  69.9   5:51am    0   15  0.02   1  14   6:48pm   S 29.93   67
27   80.6  92.1   4:48pm  72.1   1:03am    0   16  0.00   0   8  12:30pm SSE 29.89   68
28   82.2  92.1   4:21pm  74.4   6:30am    0   17  0.02   0  11   1:59pm  NE 29.81   65
29   79.7  92.7  12:36pm  74.7   6:18am    0   15  0.63   0  10   1:49pm   N 29.78   77
30   81.0  92.3   5:09pm  73.5   6:42am    0   15  0.03   0  12  11:38am   S 29.82   76
31   81.1  92.5   1:34pm  73.3   4:34pm    0   16  0.69   0  16   4:31pm  SE 29.84   79
---------------------------------------------------------------------------------------
TOT  80.5  95.9  7/12/07  67.1  7/25/07    0  479  3.50   1  22  7/18/07   S 29.91   70

HEAT BASE: 65.0
COOL BASE: 65.0
</PRE>