NOAA-Style Climate Reports


Report for 2007 August
<PRE>
                  MONTHLY CLIMATOLOGICAL SUMMARY FOR 8/2007
                                        HEAT  COOL        
     MEAN                               DEG   DEG       WIND SPEED       DOM MEAN  MEAN
DAY  TEMP  HIGH   TIME     LOW   TIME   DAYS  DAYS RAIN AVG  HI  TIME    DIR BAROM HUM
---------------------------------------------------------------------------------------
1    79.3  91.8   2:33pm  74.0  11:58pm    0   14  0.21   0  11   4:17pm SSE 29.83   82
2    81.7  92.7   4:29pm  73.2   3:26am    0   17  0.00   0   7   5:17pm ESE 29.88   73
3    84.5  94.9   3:51pm  74.9   6:34am    0   19  0.00   0   8   1:19pm  SE 29.93   65
4    85.0  94.9   4:52pm  75.1   6:35am    0   20  0.00   1  12  11:35am SSE 29.92   63
5    85.5  96.1   4:49pm  76.1   6:42am    0   21  0.00   1  14  11:07am   S 29.87   62
6    86.4  96.1   3:44pm  77.4   6:33am    0   21  0.00   3  17   6:18pm   S 29.84   60
7    86.0  96.1   4:03pm  76.3   6:25am    0   21  0.00   3  16   4:52pm   S 29.82   63
8    86.5  96.8   3:21pm  76.5   6:47am    0   22  0.00   2  17   4:29pm   S 29.81   60
9    85.7  98.2   5:03pm  73.9   7:24am    0   21  0.00   1  13  12:18am   S 29.87   58
10   85.9  98.7   4:28pm  73.7   6:35am    0   21  0.00   0   7   1:47pm SSE 29.90   57
11   87.7  99.4   4:29pm  77.4   5:42am    0   23  0.00   0  11   5:24pm SSE 29.90   57
12   88.9 101.7   4:52pm  76.1   6:26am    0   24  0.00   0   9   2:31pm WSW 29.96   52
13   90.6 103.6   3:30pm  78.3   6:56am    0   26  0.00   1  11  12:40pm   N 29.91   49
14   90.1 102.5   4:26pm  76.8   7:07am    0   25  0.00   0   8   1:50pm   W 29.86   49
15   89.8 100.7   4:35pm  77.2   5:35am    0   24  0.00   0   8   3:05pm  SE 29.81   52
16   86.2  96.3   4:29pm  77.2   6:46am    0   21  0.13   1  13   9:09pm ESE 29.86   61
17   82.6  94.0   3:56pm  76.3  10:29pm    0   17  0.23   0  13   7:34pm  SE 29.90   75
18   82.5  93.2   3:10pm  75.1   3:40am    0   18  0.00   1  14   3:33pm SSE 29.89   74
19   83.9  91.4   3:17pm  77.0   7:09am    0   18  0.00   4  19   3:06pm   S 29.82   66
20   85.5  96.6   4:04pm  76.7   6:57am    0   21  0.00   3  19   9:57am   S 29.82   60
21   84.3  97.1   3:47pm  73.7   6:56am    0   19  0.00   2  16  11:15am   S 29.91   61
22   85.0  94.7   1:55pm  75.4   7:00am    0   20  0.00   1  12   3:50pm   S 29.93   64
23   86.1  98.2   4:09pm  77.0   6:26am    0   21  0.00   3  18   5:53pm   S 29.87   64
24   86.2  96.3   4:54pm  77.2   6:50am    0   21  0.00   2  17   4:07pm   S 29.83   60
25   84.0  94.5   1:35pm  76.5   7:05am    0   19  0.01   1  20   2:09pm   S 29.87   63
26   85.2  97.8   4:34pm  73.3   5:49am    0   20  0.00   0   8  12:51pm  SE 29.89   59
27   86.5  99.0   4:27pm  75.3   7:09am    0   21  0.00   0   8   5:33pm ESE 29.89   53
28   84.9  96.8   3:47pm  74.4   5:48am    0   20  0.00   0  11   3:27pm SSE 29.89   57
29   82.1  95.1   3:05pm  75.8   6:40am    0   17  0.00   0  13   3:20pm   W 29.96   65
30   79.6  93.4   3:18pm  71.5   6:22am    0   15  0.00   0  12  11:51am   N 30.00   71
31   81.7  93.8   4:42pm  71.1   6:59am    0   15  0.00   1  11  12:12pm   N 29.95   65
---------------------------------------------------------------------------------------
TOT  85.2 103.6  8/13/07  71.1  8/31/07    0  621  0.58   1  20  8/25/07   S 29.88   62

HEAT BASE: 65.0
COOL BASE: 65.0


</PRE>