NOAA-Style Climate Reports


Report for 2007 September
<PRE>
                  MONTHLY CLIMATOLOGICAL SUMMARY FOR 9/2007
                                        HEAT  COOL        
     MEAN                               DEG   DEG       WIND SPEED       DOM MEAN  MEAN
DAY  TEMP  HIGH   TIME     LOW   TIME   DAYS  DAYS RAIN AVG  HI  TIME    DIR BAROM HUM
---------------------------------------------------------------------------------------
1    81.7  93.4   4:04pm  71.8   7:02am    0   17  0.00   1  10   1:33pm  NE 29.95   56
2    80.3  91.4   1:31pm  68.3   6:01am    0   15  0.00   1  11  11:46am ENE 29.99   56
3    79.6  91.2   3:48pm  74.0   6:34am    0   15  0.00   0   8   5:15pm   S 29.99   68
4    78.5  87.8   1:18pm  72.5   5:08am    0   13  0.11   0   7  11:09am   S 29.93   73
5    78.5  90.7   4:52pm  71.1   3:18am    0   13  0.30   1  13   8:37am   S 29.80   78
6    82.9  93.4   1:42pm  75.6   5:50am    0   18  0.00   2  18  11:12am   S 29.84   67
7    84.0  93.8   3:41pm  75.4   7:02am    0   19  0.00   2  18   1:19am   S 29.89   64
8    84.9  95.9   4:04pm  76.1   6:32am    0   20  0.00   1  13   2:20pm   S 29.86   64
9    80.6  90.3   1:48pm  73.7  11:47pm    0   16  0.00   1  12   2:08pm   S 29.89   72
10   74.9  79.2   6:19pm  72.1  10:27am    0   10  0.50   0  10   8:22am WSW 29.94   87
11   71.4  79.0   5:19pm  65.6   7:16am    0    6  0.01   2  14   6:40am   N 30.03   70
12   71.9  83.4   3:57pm  60.5   7:14am    1    8  0.00   0   7   4:33pm ENE 29.98   67
13   75.9  85.5   4:43pm  70.4  12:00am    0   11  0.04   0   7   4:14pm  NE 29.89   71
14   78.6  89.9   3:33pm  68.6   7:07am    0   14  0.00   1  10   1:01pm   N 29.98   68
15   75.4  89.7   4:28pm  62.4   7:05am    0   11  0.00   1  10  12:17am   N 30.11   65
16   79.2  92.1   2:44pm  68.9   6:17am    0   14  0.00   1  11  12:28pm SSE 30.04   65
17   79.3  90.7   3:48pm  68.6   6:06am    0   14  0.00   1  12  10:15am SSE 29.97   59
18   80.1  91.8   4:33pm  68.8   7:14am    0   15  0.00   1  14  10:14am SSE 29.94   59
19   81.9  92.3   2:43pm  74.6   6:58am    0   17  0.00   1  10   5:43pm SSE 29.97   62
20   79.9  92.1   3:45pm  69.8   6:10am    0   15  0.00   0   8   3:30pm ESE 29.96   61
21   79.4  91.4   3:23pm  66.3   7:24am    0   14  0.00   0   8  10:32am   S 29.88   55
22   79.2  91.8   4:39pm  67.3   7:23am    0   14  0.00   0  10   1:10pm ENE 29.91   53
23   77.4  89.3   2:27pm  67.8   6:18am    0   12  0.00   0  13   7:21pm SSE 29.88   63
24   79.0  89.7   3:04pm  67.8   7:01am    0   14  0.00   1  18   2:03pm SSE 29.90   63
25   81.6  92.3   4:16pm  72.0   7:13am    0   30  0.00   1  11  12:39pm SSE 29.93   62
26   81.1  92.7   2:57pm  73.5  11:48pm    0   16  0.00   1  12   3:06pm WSW 29.91   66
27   80.3  94.0   4:10pm  70.6   6:09am    0   15  0.00   1  11   5:14am   N 29.92   64
28   78.5  90.5   3:24pm  70.1   7:19am    0   13  0.00   1  10  11:06am   E 30.02   54
29   77.1  89.5   4:10pm  65.8   7:37am    0   12  0.00   1  13  11:40am ESE 30.02   49
30   80.5  91.4   3:52pm  72.3   4:50am    0   14  0.00   2  22  12:41pm   S 30.01   63
---------------------------------------------------------------------------------------
TOT  79.1  95.9   9/8/07  60.5  9/12/07    1  435  0.96   1  22  9/30/07   S 29.94   64

HEAT BASE: 65.0
COOL BASE: 65.0


</PRE>