NOAA-Style Climate Reports


Report for 2007 October
<PRE>
                  MONTHLY CLIMATOLOGICAL SUMMARY FOR 10/2007
                                        HEAT  COOL        
     MEAN                               DEG   DEG       WIND SPEED       DOM MEAN  MEAN
DAY  TEMP  HIGH   TIME     LOW   TIME   DAYS  DAYS RAIN AVG  HI  TIME    DIR BAROM HUM
---------------------------------------------------------------------------------------
1    82.2  94.9   4:06pm  73.0   7:20am    0   17  0.00   0   8   2:11pm   S 30.06   68
2    81.8  92.3   4:16pm  73.2   6:04am    0   17  0.00   2  18   3:19pm   S 29.91   62
3    79.0  89.0   3:43pm  70.1   7:24am    0   14  0.26   1  12   2:07pm SSE 29.85   67
4    80.3  91.2   3:11pm  70.8   5:41am    0   15  0.00   1  11   3:55pm  SE 29.82   58
5    80.7  91.4   2:47pm  72.7   4:26am    0   16  0.00   1  10   4:08pm ESE 29.86   65
6    77.9  85.9   4:45pm  75.1   4:12am    0   13  0.08   1  11   9:10pm  SE 29.84   82
7    80.4  89.5   2:39pm  74.7   7:11am    0   15  0.00   1  11   3:56pm  SE 29.85   72
8    78.3  91.2   3:41pm  73.0   7:09am    0   13  0.00   1  17   4:19pm   N 29.92   76
9    73.5  85.1   3:11pm  64.7   7:18am    0    9  0.00   1  11   1:05am   N 30.08   59
10   69.4  83.6   3:09pm  55.9   7:18am    2    6  0.00   0  10   4:37pm WSW 30.00   56
11   69.9  83.8   2:48pm  56.3   6:40am    2    7  0.00   0   8   5:01pm ENE 29.91   58
12   71.1  84.3   3:08pm  60.4   7:16am    1    7  0.00   1  12  12:55pm  SE 29.88   57
13   73.9  85.5   2:22pm  63.9   7:00am    0    9  0.00   3  17  11:28am SSE 29.79   54
14   73.2  84.5   3:12pm  63.7   6:06am    0    8  0.01   2  16   3:45pm SSE 29.75   64
15   65.6  71.6  12:08am  60.4  10:41pm    1    1  2.55   1  17  12:46am   N 29.80   88
16   64.3  72.3   4:54pm  56.5   6:10am    3    2  0.00   0   8   1:42pm  SE 29.85   88
17   74.5  85.7   3:39pm  67.9   2:36am    0    9  0.01   3  24   1:16pm   S 29.56   75
18   70.3  82.2   2:34pm  56.6  11:52pm    1    6  0.00   2  17   1:24pm WSW 29.59   41
19   63.8  78.5   2:41pm  48.8   7:01am    5    3  0.00   0   7  12:35am WSW 29.87   46
20   72.3  88.0   3:40pm  59.2   2:39am    2    9  0.00   3  24   4:49pm   S 29.81   45
21   75.3  87.6   3:39pm  65.5   7:41am    0   10  0.00   5  26  10:30am   S 29.73   56
22   54.8  73.0  12:55am  49.8  10:58pm   11    0  0.60   4  20  10:14pm   N 30.02   76
23   55.8  68.4   3:24pm  42.6   7:59am   10    0  0.00   2  19   3:48pm  NW 30.11   51
24   59.7  70.9   2:27pm  48.8  12:47am    7    1  0.00   2  24  12:18pm   N 30.07   44
25   52.6  65.3   3:14pm  40.5   5:25am   12    0  0.00   1  16  11:41am   N 30.01   51
26   52.8  69.1   4:13pm  38.3   7:05am   13    0  0.00   0   8  12:32pm   W 30.04   53
27   57.1  72.0   3:07pm  42.3   6:59am    9    1  0.00   1  10   3:30pm   N 30.33   58
28   59.6  74.2   3:22pm  46.8   6:44am    7    2  0.00   0   5   3:57am   N 30.42   62
29   58.6  71.8   2:49pm  47.3   6:39am    7    1  0.00   0   8   8:44am  NE 30.36   61
30   61.1  75.6   1:59pm  47.4   6:21am    6    2  0.00   0  10  10:34am   S 30.17   58
31   65.7  80.5   1:58pm  53.9   6:28am    3    4  0.00   1  16  12:56pm   S 30.04   59
---------------------------------------------------------------------------------------
TOT  68.9  94.9  10/1/07  38.3 10/26/07  101  221  3.51   1  26 10/21/07   S 29.94   62

HEAT BASE: 65.0
COOL BASE: 65.0


</PRE>