NOAA-Style Climate Reports


Report for 2007 November
<PRE>
                  MONTHLY CLIMATOLOGICAL SUMMARY FOR 11/2007
                                        HEAT  COOL        
     MEAN                               DEG   DEG       WIND SPEED       DOM MEAN  MEAN
DAY  TEMP  HIGH   TIME     LOW   TIME   DAYS  DAYS RAIN AVG  HI  TIME    DIR BAROM HUM
---------------------------------------------------------------------------------------
1    60.5  70.3   2:45pm  50.7   7:10am    5    1  0.00   1  11   8:18am   N 30.11   64
2    61.6  73.0   2:44pm  54.7  11:52pm    5    1  0.00   0   6  12:00am ENE 30.10   67
3    60.2  73.2   1:37pm  50.1   6:57am    6    2  0.00   0   8  10:04am   N 30.21   68
4    67.0  82.2   2:05pm  53.9   5:28am    3    5  0.00   1  11   9:40am   S 30.07   63
5    69.5  81.2   2:06pm  57.8  11:56pm    1    5  0.00   4  20   7:11pm   S 29.95   59
6    53.5  62.3   2:14pm  46.8   7:03am   11    0  0.00   3  18   3:05am   N 30.32   29
7    53.1  64.3  12:29pm  46.0   6:19am   12    0  0.00   1  12   1:23pm   S 30.25   40
8    60.6  75.3   1:29pm  46.1  12:37am    7    2  0.00   2  16  10:54am   S 29.97   63
9    67.5  79.2   3:06pm  59.2   6:42am    2    4  0.00   1  10   4:49am   S 29.93   73
10   69.9  81.8   2:28pm  59.9   6:16am    1    6  0.00   1  18  11:27pm   S 29.94   72
11   71.5  79.4  12:14pm  66.3   4:38am    0    7  0.00   4  22  12:58pm   S 29.90   66
12   71.1  80.3   1:16pm  65.2   5:40am    0    6  0.02   2  16  10:32am   S 30.03   70
13   70.6  80.3   2:30pm  65.3   6:06am    0    6  0.00   1  14  11:14pm   S 29.97   70
14   66.4  78.5  10:48am  53.2  11:59pm    2    3  0.00   3  20   3:52pm   S 29.93   52
15   49.5  58.9   2:06pm  40.3   7:08am   15    0  0.00   1  12   8:36am   N 30.35   33
16   54.2  66.1   2:55pm  41.3   4:10am   11    0  0.00   3  22  12:09pm   S 30.01   34
17   64.7  77.9   2:26pm  54.4   6:08am    3    3  0.00   1  13   9:10am   S 29.84   52
18   66.6  77.7   1:20pm  59.3   3:46am    2    3  0.00   0  11  10:25am   S 29.96   75
19   66.8  77.6   2:44pm  58.6   4:22am    2    3  0.00   1  13  11:56am   S 30.04   76
20   70.6  79.6   2:31pm  63.7   1:06am    0    6  0.00   4  21   1:33pm   S 29.88   74
21   55.5  69.4   8:21am  38.3  11:50pm   11    1  0.02   3  20   4:23pm   N 29.99   69
22   40.7  45.1   1:08pm  35.6   7:25am   24    0  0.00   2  17   3:49am   N 30.41   50
23   41.6  49.9   2:15pm  32.5   6:00am   23    0  0.00   1  12  10:30am   N 30.32   42
24   39.3  44.6  12:00am  37.9   5:22pm   26    0  0.34   2  12   3:02pm   N 30.16   78
25   39.0  40.9   4:30pm  37.2   3:40am   26    0  0.51   1  12  12:04am   N 29.96   90
26   44.7  55.4   2:15pm  36.9   1:37am   20    0  0.01   1  11  11:13am   W 30.13   70
27   50.3  62.9   2:05pm  37.9   6:52am   15    0  0.00   0  11  11:09am SSE 30.31   63
28   54.0  65.6   2:32pm  45.7   6:24am   11    0  0.00   3  21  10:24am   S 30.11   64
29   49.2  60.4   2:26pm  37.0   7:12am   16    0  0.00   1  10  12:08am   N 30.23   50
30   56.6  63.9   2:34pm  49.5   6:22am    8    0  0.00   0   8   1:57pm  SE 30.14   75
---------------------------------------------------------------------------------------
TOT  58.2  82.2  11/4/07  32.5 11/23/07  268   65  0.90   2  22 11/11/07   S 30.08   62

HEAT BASE: 65.0
COOL BASE: 65.0


</PRE>