NOAA-Style Climate Reports


Report for 2007 December
<PRE>
                  MONTHLY CLIMATOLOGICAL SUMMARY FOR 12/2007
                                        HEAT  COOL        
     MEAN                               DEG   DEG       WIND SPEED       DOM MEAN  MEAN
DAY  TEMP  HIGH   TIME     LOW   TIME   DAYS  DAYS RAIN AVG  HI  TIME    DIR BAROM HUM
---------------------------------------------------------------------------------------
1    64.0  68.4   7:43pm  59.9   5:00am    2    1  0.00   4  18   3:40pm SSE 29.92   80
2    63.3  77.6  12:35pm  41.2  11:54pm    5    4  0.01   4  22   2:29pm   S 30.08   61
3    41.7  54.2   2:38pm  31.0   7:17am   23    0  0.00   1  11   9:30am   N 30.46   46
4    49.8  66.6   2:39pm  35.2   2:54am   15    0  0.00   1  13   9:23am   S 30.00   46
5    52.6  70.1  12:30pm  40.3   7:33am   13    1  0.00   2  19   9:27pm   N 29.88   55
6    50.0  60.7   2:07pm  38.9   6:59am   15    0  0.00   1  14  12:44pm  SE 29.94   61
7    68.8  80.9   2:12pm  56.6  12:00am    1    5  0.00   3  19   4:27pm   S 29.82   72
8    64.7  76.5  11:16am  51.1  11:49pm    3    3  0.00   2  16   2:04am   S 29.96   77
9    40.1  51.1  12:00am  34.3  11:08pm   25    0  0.20   2  13   7:15am   N 30.17   88
10   38.2  44.6  11:52pm  34.3  12:32am   27    0  0.02   1  12   6:03am   N 30.16   92
11   54.6  66.8   9:52am  40.8  11:56pm   11    0  0.65   2  14   8:23pm   N 30.00   93
12   37.6  40.8  12:00am  36.0  11:11pm   27    0  0.47   2  17   9:26am   N 30.21   90
13   38.4  47.6   3:59pm  33.8   7:36am   26    0  0.00   0   9  10:20pm   N 30.19   84
14   41.1  46.0   3:45pm  34.9   5:04am   24    0  0.19   1   8  12:06pm   N 30.05   93
15   38.2  42.8  12:00am  31.8  11:57pm   27    0  0.04   3  22   1:06pm  NW 30.02   79
16   35.0  46.7   2:26pm  25.6   7:43am   30    0  0.00   0   7   2:32pm   W 30.29   61
17   41.3  55.4   1:52pm  29.1   5:22am   24    0  0.00   1  17  12:47pm   S 30.22   51
18   51.2  67.4   3:40pm  39.8   1:15am   14    0  0.00   2  20   9:03am   S 30.03   61
19   51.0  67.4   1:48pm  34.9   6:58am   14    0  0.00   0  11  10:51pm   S 29.97   67
20   53.7  62.6   4:02pm  40.6  11:51pm   11    0  0.00   1  13   8:44am   S 29.79   68
21   54.3  70.1   1:00pm  38.2   5:51am   11    1  0.00   1  16   4:03pm SSE 29.74   54
22   45.5  59.8  12:00am  29.3  10:57pm   20    0  0.00   4  25   6:49pm   W 29.90   64
23   36.6  52.2   1:44pm  22.5   7:33am   28    0  0.00   1  14  12:51pm   S 30.25   50
24   41.7  54.8   2:21pm  31.3   7:02am   23    0  0.00   0   8  11:46am   S 30.19   44
25   46.5  59.9   2:04pm  35.0   5:38am   18    0  0.00   1  14  10:09am SSE 29.99   40
26   40.5  45.2  12:13am  38.2   1:31pm   24    0  0.46   1  14   1:35pm NNW 29.89   75
27   39.0  41.5   6:27pm  36.3   8:18am   26    0  0.06   1  11  10:26pm   N 29.92   77
28   41.0  48.9   2:33pm  32.5  11:31pm   24    0  0.00   1  13  12:57pm   W 30.04   71
29   40.1  51.9   1:39pm  27.3   7:46am   25    0  0.00   0  11  12:37pm SSE 30.07   61
30   44.6  58.6   2:36pm  33.1   7:50am   20    0  0.00   0  10   2:36pm   W 29.95   52
31   46.6  56.3   2:07pm  37.9   7:42am   17    0  0.00   2  17  12:19pm   N 30.04   37
---------------------------------------------------------------------------------------
TOT  46.8  80.9  12/7/07  22.5 12/23/07  576   14  2.10   2  25 12/22/07   N 30.04   66

HEAT BASE: 65.0
COOL BASE: 65.0


</PRE>