NOAA-Style Climate Reports


Report for 2008 January
<PRE>
                  MONTHLY CLIMATOLOGICAL SUMMARY FOR 1/2008
                                        HEAT  COOL        
     MEAN                               DEG   DEG       WIND SPEED       DOM MEAN  MEAN
DAY  TEMP  HIGH   TIME     LOW   TIME   DAYS  DAYS RAIN AVG  HI  TIME    DIR BAROM HUM
---------------------------------------------------------------------------------------
1    35.8  48.0   2:02pm  26.0   7:22am   29    0  0.00   1  17   2:09pm   N 30.66   48
2    30.3  40.1   2:41pm  22.2   6:01am   35    0  0.00   1  11   9:19am   N 30.84   52
3    33.9  44.6   1:46pm  26.0   5:32am   31    0  0.00   2  17   2:21pm SSE 30.60   41
4    46.0  59.6   2:56pm  32.1   6:34am   19    0  0.00   4  27   3:15pm   S 30.22   69
5    64.7  76.0   2:18pm  55.6  12:00am    3    3  0.00   5  22   4:24pm   S 29.90   66
6    65.5  74.4   1:41pm  58.4   7:18am    2    2  0.00   5  29   5:08pm   S 29.84   69
7    69.9  77.2   2:13pm  64.5   4:58am    0    5  0.00   5  27  12:33pm   S 29.79   70
8    56.6  70.3   2:24am  38.2  11:59pm    9    1  0.00   3  21   2:36am   N 29.99   58
9    46.1  59.9   2:11pm  31.5   5:51am   19    0  0.00   1  12  11:57pm SSE 30.00   58
10   49.7  58.4   3:47pm  34.7  11:53pm   15    0  0.00   3  18   6:38am   W 29.84   45
11   47.1  65.0   2:42pm  30.6   7:57am   18    0  0.00   1  13  12:30pm   S 29.86   49
12   46.9  54.1   3:48pm  37.0  11:54pm   18    0  0.00   1  14   1:50pm   N 29.89   54
13   42.0  58.3   2:57pm  29.0   6:25am   23    0  0.00   0   7  12:36pm   N 30.19   60
14   44.8  62.6   3:07pm  29.8   7:58am   20    0  0.00   0  11   3:33pm   W 30.28   54
15   46.6  63.1   2:27pm  30.6   7:51am   18    0  0.00   1  13   1:41pm   S 30.08   52
16   47.4  51.3   4:15pm  36.3  11:59pm   18    0  0.00   2  18   9:41pm   S 29.88   69
17   30.6  38.0   2:59pm  24.4   7:36am   34    0  0.00   2  17   1:37am  NW 30.14   55
18   33.0  44.9  11:51am  22.7   4:41am   32    0  0.00   0   6  11:30am   E 30.19   51
19   31.2  40.3   2:44pm  22.5   8:01am   34    0  0.00   2  14  10:30am   N 30.38   47
20   37.4  51.7   2:25pm  25.0  12:14am   27    0  0.00   2  16   4:09pm SSE 30.37   39
21   39.9  41.5   2:32am  37.9  12:13pm   25    0  0.07   1  14   2:49am  SE 30.21   65
22   33.4  41.2   2:40am  27.9  11:48pm   32    0  0.02   2  16   7:49am   N 30.26   79
23   33.8  39.8   1:29pm  27.5  12:33am   31    0  0.00   0   8   5:09pm   N 30.20   58
24   34.2  41.9   3:06pm  25.0   8:14am   31    0  0.00   2  12   3:12am   N 30.36   42
25   35.5  37.8   3:56pm  33.7   8:08am   30    0  0.10   1  11   3:53pm   S 30.30   75
26   41.7  52.5   4:17pm  34.6  11:59pm   23    0  0.00   0  10  10:39am   S 30.21   80
27   45.8  65.0   3:00pm  31.5   7:12am   42    0  0.00   1  13   2:38pm   S 30.20   63
28   55.8  65.3   9:41pm  47.4   5:23am    9    0  0.00   5  20  12:29pm   S 29.80   81
29   54.1  66.3  10:00am  30.0  11:38pm   11    0  0.01   4  27  11:28am   S 29.80   52
30   42.3  54.5   3:11pm  30.1  12:00am   23    0  0.00   3  21   2:34pm SSE 29.95   35
31   42.1  50.7  11:04am  32.7   9:52pm   21    0  0.00   4  25  12:05pm WSW 29.89   61
---------------------------------------------------------------------------------------
TOT  44.0  77.2   1/7/08  22.2   1/2/08  682   11  0.20   2  29   1/6/08   S 30.13   58

HEAT BASE: 65.0
COOL BASE: 65.0


</PRE>