NOAA-Style Climate Reports


Report for 2008 February
<PRE>
                  MONTHLY CLIMATOLOGICAL SUMMARY FOR 2/2008
                                        HEAT  COOL        
     MEAN                               DEG   DEG       WIND SPEED       DOM MEAN  MEAN
DAY  TEMP  HIGH   TIME     LOW   TIME   DAYS  DAYS RAIN AVG  HI  TIME    DIR BAROM HUM
---------------------------------------------------------------------------------------
1    41.3  59.3   3:45pm  21.8   6:55am   24    0  0.00   3  21   8:20pm   S 30.09   47
2    52.9  68.9   3:15pm  39.8   7:35am   12    0  0.00   2  17   2:11am   S 29.95   39
3    65.9  77.7   3:40pm  55.0  12:00am    2    3  0.00   2  19  11:58pm   S 29.79   68
4    71.3  79.6   3:02pm  65.6  12:26am    0    6  0.00   5  24  11:18am   S 29.65   70
5    59.8  76.5  12:08pm  36.3  11:54pm    8    2  0.11   5  27   2:00pm   S 29.68   71
6    40.0  52.2   3:33pm  30.7   7:19am   25    0  0.00   2  17   2:21am WSW 30.01   47
7    45.2  55.0   2:49pm  37.6  10:00pm   20    0  0.00   3  21  12:56pm   S 29.92   43
8    52.6  71.8   2:19pm  38.8   5:55am   13    1  0.00   3  20   9:48am   S 29.84   34
9    52.5  70.3   3:14pm  34.6   7:20am   13    1  0.00   0  11  11:57am ENE 30.07   31
10   56.1  76.0   2:19pm  36.9   7:49am   11    2  0.00   1  17  11:51am   S 30.20   35
11   61.8  70.4  12:17pm  49.5  12:23am    5    1  0.00   3  21  12:20pm   S 29.90   68
12   44.2  63.9  12:44am  32.9  11:58pm   21    0  0.47   3  19   4:19am   N 29.95   62
13   44.2  60.4   3:05pm  27.5   7:45am   21    0  0.00   1  13  10:09pm SSE 30.03   50
14   57.1  69.4   3:32pm  45.4   7:14am    9    1  0.00   4  26   9:56am   S 29.88   58
15   45.4  60.4  12:01am  36.8  11:40pm   19    0  0.02   2  18  12:00am   N 30.11   75
16   40.8  47.6  10:28am  36.5  12:18am   24    0  1.09   2  17   3:35pm   N 29.80   91
17   46.1  54.7   3:28pm  38.6  12:16am   19    0  0.00   2  19  10:19am NNW 29.74   73
18   44.5  58.0   2:40pm  31.5   7:13am   20    0  0.00   0  11  11:22am NNW 30.13   50
19   50.7  66.0   2:08pm  34.9   7:08am   14    0  0.00   2  16  12:43pm   S 30.13   49
20   61.2  74.6   1:55pm  52.6   2:33am    5    2  0.00   2  17   3:40am   S 29.92   65
21   42.2  55.7  12:24am  35.6  10:53pm   23    0  0.02   2  11   6:03am   N 29.85   84
22   38.3  48.6   4:17pm  32.2   6:42am   27    0  0.00   2  13   5:06am NNW 29.97   71
23   46.5  64.3   4:16pm  30.7   6:42am   18    0  0.00   1  12   1:54pm ESE 29.94   59
24   49.0  59.5   3:55pm  39.9   7:09am   16    0  0.00   1  14   9:40am   N 30.06   64
25   62.2  84.3   2:15pm  47.9  11:58pm    8    5  0.00   3  22   9:25pm   S 29.75   49
26   43.8  51.0   3:21pm  33.4  11:57pm   21    0  0.00   3  19   9:04am NNW 30.21   44
27   45.7  65.5   2:45pm  26.7   5:53am   19    0  0.00   1  13  11:13am   S 30.20   42
28   57.7  72.5   2:07pm  40.5   7:11am    9    1  0.00   5  28   4:35pm   S 29.93   39
29   62.8  73.9   3:48pm  55.3   7:46am    4    2  0.00   2  20  12:40am   S 30.07   63
---------------------------------------------------------------------------------------
TOT  51.1  84.3  2/25/08  21.8   2/1/08  428   27  1.71   2  28  2/28/08   S 29.96   57

HEAT BASE: 65.0
COOL BASE: 65.0


</PRE>