NOAA-Style Climate Reports


Report for 2008 March
<PRE>
                  MONTHLY CLIMATOLOGICAL SUMMARY FOR 3/2008
                                        HEAT  COOL        
     MEAN                               DEG   DEG       WIND SPEED       DOM MEAN  MEAN
DAY  TEMP  HIGH   TIME     LOW   TIME   DAYS  DAYS RAIN AVG  HI  TIME    DIR BAROM HUM
---------------------------------------------------------------------------------------
1    63.1  78.6   3:53pm  46.2   5:05am    6    4  0.00   2  19  11:53pm   S 30.08   61
2    66.2  70.8  12:01pm  60.5   5:49am    1    2  0.72   6  26  11:15pm   S 29.70   73
3    42.2  67.9   1:15am  32.7   9:18pm   23    0  1.49   4  28  12:44am   N 29.82   83
4    43.2  58.6   3:57pm  32.1   7:21am   22    0  0.27   1  13   2:18am  NW 29.92   56
5    53.4  67.3  12:33pm  42.5   6:39am   11    0  0.00   2  17   8:27am   S 29.81   44
6    36.3  45.7  12:00am  32.2   5:19pm   28    0  0.30   3  22   5:19am   N 30.01   77
7    38.0  50.1   3:18pm  29.5   7:08am   27    0  0.03   2  13   5:59pm NNW 30.08   57
8    37.7  54.2   3:14pm  23.5   7:07am   27    0  0.00   0  11   4:18pm ESE 30.12   44
9    54.1  73.3   4:28pm  38.8   6:11am   11    1  0.24   1  13   3:20pm   E 30.08   56
10   55.3  65.0   4:42pm  47.3  11:58pm   10    0  0.75   1  14  12:58pm   N 30.21   77
11   54.2  71.3   3:58pm  41.3   5:44am   12    1  0.01   0  10   2:04pm   S 30.16   65
12   62.8  80.5   2:34pm  46.0   8:01am    6    4  0.00   3  19   5:52pm   S 29.92   45
13   62.5  73.7   4:48pm  53.1   6:18am    4    2  0.00   4  18  10:06am   S 29.66   65
14   65.9  84.1   5:02pm  46.4   6:21am    6    6  0.00   1  12  12:31pm   S 29.50   50
15   61.1  69.4  12:11am  52.0  11:55pm    5    1  0.00   2  14   8:45am   N 29.70   52
16   59.1  74.2   5:37pm  43.9   5:52am    8    2  0.00   2  14  10:53am ENE 29.90   57
17   72.8  81.4   1:52pm  66.6   4:12am    0    8  0.00   4  21   2:29pm   S 29.71   58
18   59.5  73.2  12:00am  49.6  11:56pm    8    2  2.03   4  26   7:22am   N 29.60   84
19   54.2  66.9   4:50pm  46.8   1:51am   11    0  0.31   3  22  12:57am   N 29.99   54
20   58.6  76.5   3:33pm  42.5   7:28am    9    2  0.00   3  21   6:11pm   S 30.12   41
21   62.8  77.7   3:40pm  50.2   7:51am    5    3  0.00   2  18   4:39am   S 29.99   45
22   61.1  75.3   3:33pm  45.7   7:05am    6    2  0.00   2  13  10:37pm   N 30.08   35
23   52.3  59.0   4:08pm  41.6  11:45pm   13    0  0.00   3  18   9:40am   N 30.32   43
24   50.5  67.8   4:22pm  32.2   7:20am   15    0  0.00   2  17   6:37pm   S 30.30   44
25   63.7  78.5   3:22pm  50.4   7:28am    5    4  0.00   7  25   3:16pm   S 30.00   52
26   70.2  81.6   2:52pm  62.0   1:50am    1    6  0.00   6  28  11:32pm   S 29.87   65
27   73.2  84.1   2:58pm  65.0   7:04am    0    8  0.00   7  27   3:15am   S 29.68   61
28   58.1  71.3  12:00am  51.6  10:40am    8    1  0.00   3  20   8:45am   N 29.88   70
29   56.6  65.2   5:31pm  50.2   4:37am    8    0  0.19   0   7  12:37am   N 29.96   82
30   71.7  89.0   4:26pm  61.3  12:56am    1    7  0.00   2  14   3:49pm   S 29.83   78
31   74.6  84.3   2:17pm  70.6   3:29am    0    9  0.54   5  26  11:23am   S 29.74   75
---------------------------------------------------------------------------------------
TOT  57.9  89.0  3/30/08  23.5   3/8/08  295   76  6.88   3  28   3/3/08   S 29.93   60

HEAT BASE: 65.0
COOL BASE: 65.0


</PRE>