NOAA-Style Climate Reports


Report for 2008 April
<PRE>
                  MONTHLY CLIMATOLOGICAL SUMMARY FOR 4/2008
                                        HEAT  COOL        
     MEAN                               DEG   DEG       WIND SPEED       DOM MEAN  MEAN
DAY  TEMP  HIGH   TIME     LOW   TIME   DAYS  DAYS RAIN AVG  HI  TIME    DIR BAROM HUM
---------------------------------------------------------------------------------------
1    62.0  71.3  12:00am  51.0   8:51am    5    2  0.00   3  27   6:28am   N 30.04   56
2    56.7  64.8   2:58pm  49.8   3:02am    8    0  0.01   1  11   9:50pm   N 30.08   70
3    70.7  83.0   4:11pm  56.9   1:29am    1    7  0.00   4  25   9:40am   S 29.76   74
4    57.7  71.1   1:04am  49.6   8:53am    8    0  0.53   3  26   5:24am   N 29.88   67
5    56.3  72.8   4:28pm  41.6   7:43am   10    1  0.00   0   7   1:02pm  NE 29.90   54
6    65.1  81.4   6:28pm  52.2   8:13am    5    5  0.00   2  20  12:48pm   S 29.76   61
7    71.2  86.3   5:09pm  59.6   6:25am    2    8  0.00   1  14   4:40pm  SE 29.79   61
8    71.7  80.7   3:58pm  54.4  11:56pm    0    7  0.18   4  22   6:06am   S 29.74   64
9    62.9  76.5   4:54pm  51.1   4:34am    6    3  0.31   3  19   9:44pm   N 29.73   82
10   71.3  84.1   4:07pm  62.1   5:40am    1    7  0.55   3  24   3:51am   S 29.51   55
11   61.4  72.8   5:14pm  49.2   7:08am    5    1  0.00   2  16  12:52pm  NW 29.88   40
12   58.4  71.5   4:21pm  47.1   7:29am    8    1  0.00   2  19   5:32pm NNW 30.10   42
13   54.1  64.5   3:52pm  45.4   2:20am   11    0  0.00   2  20  12:05pm   N 30.22   42
14   53.4  71.5   5:39pm  35.2   7:36am   12    1  0.00   0   9  12:03pm   N 30.24   40
15   61.8  76.7   4:05pm  48.2   4:48am    6    3  0.00   3  14  11:53am SSE 30.06   39
16   65.6  77.0   4:30pm  53.9   6:42am    3    4  0.00   6  28  11:45am   S 29.86   59
17   67.6  73.9   5:41pm  54.5  11:59pm    1    3  1.16   5  25   4:07am   S 29.77   67
18   58.1  72.7   5:57pm  46.4   7:22am    8    1  0.00   2  16   9:40am   W 29.94   53
19   68.4  89.9   4:24pm  51.4   5:54am    4    8  0.00   1  11   8:21am   S 29.89   44
20   69.9  80.5   4:48pm  57.5   7:34am    1    6  0.00   3  17   5:20pm   S 29.78   52
21   77.0  88.8   4:32pm  68.9   6:37am    0   12  0.00   4  20   1:07pm   S 29.74   65
22   78.5  90.7   2:55pm  69.1   5:55am    0   13  0.00   1  12  11:42am   S 29.81   66
23   75.1  82.6   2:04pm  66.0  11:37pm    0   10  1.36   1  13   2:31pm  SE 29.86   74
24   74.1  85.3   2:46pm  64.2  12:16am    0    9  0.04   4  27  12:13am   S 29.76   73
25   73.9  84.1  12:30pm  60.9  11:57pm    0    9  0.01   5  25   9:44am   S 29.79   64
26   65.2  78.6   3:28pm  53.1   5:31am    4    4  0.00   1  25   1:56pm  NE 29.96   57
27   58.3  66.1   6:20pm  52.0   8:22am    7    0  0.07   2  18  11:06am   N 30.10   62
28   60.8  82.2   5:13pm  39.3   6:04am    9    5  0.00   1  12   3:44pm   S 30.10   48
29   68.1  84.1   3:46pm  52.3   6:59am    4    7  0.00   3  21   6:04pm   S 29.94   40
30   70.8  83.2   3:19pm  57.3   6:35am    1    7  0.00   6  25   9:13am   S 29.71   51
---------------------------------------------------------------------------------------
TOT  65.5  90.7  4/22/08  35.2  4/14/08  129  145  4.22   3  28  4/16/08   S 29.89   58

HEAT BASE: 65.0
COOL BASE: 65.0


</PRE>