NOAA-Style Climate Reports


Report for 2008 May
<PRE>
                  MONTHLY CLIMATOLOGICAL SUMMARY FOR 5/2008
                                        HEAT  COOL        
     MEAN                               DEG   DEG       WIND SPEED       DOM MEAN  MEAN
DAY  TEMP  HIGH   TIME     LOW   TIME   DAYS  DAYS RAIN AVG  HI  TIME    DIR BAROM HUM
---------------------------------------------------------------------------------------
1    75.1  85.9   3:33pm  67.6   4:44am    0   10  0.00   7  26   1:08am   S 29.53   64
2    72.0  82.4   5:44pm  61.5   8:12am    0    7  0.02   3  28   2:59am   S 29.64   44
3    60.9  73.7   4:57pm  47.1   7:07am    6    2  0.00   2  19   3:27am   N 30.00   38
4    65.3  83.0   4:14pm  48.0   5:05am    6    6  0.00   0   7   9:40am   E 30.03   42
5    67.3  72.7  11:07am  62.6   1:29am    0    3  0.15   1  17   6:56pm  SE 29.99   69
6    69.5  78.8   6:15pm  62.7   7:24am    0    5  0.49   2  22   1:37pm SSE 29.85   81
7    72.2  84.0   6:06pm  62.6  11:48pm    0    7  0.04   3  24   5:56pm   S 29.55   70
8    71.7  85.5   6:33pm  61.3   6:57am    1    8  0.00   1  12   3:58am WSW 29.65   61
9    76.3  88.6   3:33pm  66.1   7:14am    0   11  0.00   1  14   2:31pm   N 29.66   57
10   79.1  93.2   4:48pm  68.4   2:50am    0   14  0.00   2  20   1:20pm   S 29.62   58
11   64.6  75.6   4:54pm  52.5   7:10am    3    3  0.00   2  14   8:24am   N 29.98   36
12   66.3  79.6   1:26pm  50.5   4:01am    4    6  0.00   2  16   4:01pm SSE 29.83   48
13   74.6  82.2   6:19pm  68.9   1:30am    0   10  0.04   2  20   4:35am   S 29.70   75
14   72.1  77.9   1:27pm  66.4  11:54pm    0    7  0.31   1  14  12:01am   N 29.77   79
15   63.9  71.6   2:52pm  58.6   8:21am    2    1  0.00   1  16   2:51pm   N 29.86   74
16   67.3  81.4   4:25pm  55.1   6:40am    3    5  0.00   1  12   1:32pm   N 30.02   59
17   72.9  90.1   4:20pm  59.0   4:30am    2    9  0.00   1  11   7:15pm   S 29.88   52
18   76.2  91.0   3:30pm  61.0   6:45am    0   12  0.00   1  13  12:21pm   N 29.75   43
19   80.0  98.2   2:59pm  58.0   6:36am    1   16  0.00   2  19   3:45pm   S 29.64   40
20   79.8  92.7   4:04pm  66.6   6:39am    0   15  0.00   1  16  12:35pm   N 29.66   44
21   78.1  89.5   3:29pm  67.9   6:52am    0   13  0.00   3  19   3:58pm  SE 29.57   50
22   81.6  91.6   4:50pm  72.3   5:55am    0   17  0.02   5  24   2:32pm SSE 29.42   65
23   84.4  95.1   4:04pm  76.5   5:33am    0   19  0.00   3  16  11:09am  SE 29.57   63
24   84.4  96.3   3:50pm  76.7   4:32am    0   19  0.00   2  18   8:00am SSE 29.75   64
25   82.7  95.9   4:17pm  69.4   6:56am    0   18  0.28   2  18  12:32pm SSE 29.81   64
26   83.7  95.1   4:26pm  74.0   6:04am    0   19  0.03   3  18   9:57am SSE 29.74   65
27   73.7  81.2  12:00am  66.0   2:02pm    0    9  1.14   2  17   3:52am   S 29.85   78
28   79.7  94.7   4:56pm  67.8   2:23am    0   15  0.00   0   7  10:02am WSW 29.99   66
29   80.9  93.8   3:34pm  70.6   6:24am    0   16  0.00   1  11   7:42pm  SE 29.96   66
30   82.3  93.4   3:25pm  72.1   6:44am    0   17  0.00   3  19   6:06pm   S 29.85   57
31   82.6  93.8   4:19pm  71.8   6:01am    0   16  0.00   2  16   9:28am SSE 29.84   59
---------------------------------------------------------------------------------------
TOT  74.9  98.2  5/19/08  47.1   5/3/08   30  334  2.52   2  28   5/2/08   S 29.77   59

HEAT BASE: 65.0
COOL BASE: 65.0


</PRE>