NOAA-Style Climate Reports


Report for 2008 June
<PRE>
                  MONTHLY CLIMATOLOGICAL SUMMARY FOR 6/2008
                                        HEAT  COOL        
     MEAN                               DEG   DEG       WIND SPEED       DOM MEAN  MEAN
DAY  TEMP  HIGH   TIME     LOW   TIME   DAYS  DAYS RAIN AVG  HI  TIME    DIR BAROM HUM
---------------------------------------------------------------------------------------
1    84.0  95.1   2:48pm  73.7   6:32am    0   19  0.00   2  14   4:00am SSE 29.82   60
2    84.0  96.1   4:42pm  71.6   6:19am    0   19  0.00   3  20   1:36pm   S 29.78   58
3    85.5  95.9   4:19pm  74.6   6:38am    0   20  0.00   7  30   3:40pm   S 29.63   53
4    85.1  95.6   4:02pm  74.6   6:20am    0   20  0.00   8  29   4:11pm   S 29.52   53
5    84.7  95.1   3:25pm  75.1   5:25am    0   20  0.00   9  31  12:55am   S 29.52   57
6
7    85.8  96.1   5:36pm  78.3   6:29am    0   21  0.00   6  25  11:50am   S 29.82   57
8    86.1  97.5   4:15pm  77.9   6:20am    0   21  0.00   7  26  12:06pm   S 29.78   55
9    78.4  94.3   2:50pm  67.6   5:22pm    0   13  0.20   4  25   2:02am   S 29.78   68
10   79.4  93.6   3:52pm  67.4   4:43am    0   14  0.47   2  18  11:11am SSE 29.85   70
11   83.9  95.6   3:14pm  73.2   5:12am    0   19  0.00   4  21  10:33am   S 29.75   58
12   85.2  96.3   4:44pm  73.5   5:38am    0   20  0.00   6  24   5:06am   S 29.76   55
13   86.4  98.7   4:50pm  76.1   6:14am    0   21  0.00   4  25   2:21am   S 29.84   55
14   84.9  95.4   5:21pm  77.7   6:39am    0   20  0.00   2  16  10:49am   S 29.88   59
15
16   87.6  99.0   4:38pm  75.1   6:02am    0   23  0.00   2  16  12:05pm SSE 29.81   51
17   75.2  86.1  10:44am  68.4  12:00pm    0   10  0.59   1  26  11:41am   N 29.92   75
18
19   81.0  95.1   5:18pm  70.4   9:10am    0   16  0.02   1  16   8:15am   E 29.82   64
20   84.9  98.0   5:07pm  74.7   6:28am    0   20  0.00   1  12   1:22pm   N 29.87   55
21   83.2  94.3   4:19pm  72.0   6:42am    0   18  0.00   1  16   3:05pm   N 29.99   51
22   82.9  98.0   3:19pm  68.1   6:31am    0   18  0.00   0  10   2:00pm   W 29.95   49
23   84.4 100.2   2:45pm  66.6   6:39am    0   19  0.00   1  12   3:07pm SSE 29.91   44
24   84.9  96.3   5:38pm  74.6   6:39am    0   20  0.00   2  12   2:13pm   S 29.97   50
25   84.9  99.7   4:32pm  72.7   6:19am    0   20  0.12   3  20  10:03am   S 29.96   57
26   84.1  98.5   5:21pm  73.0   5:55am    0   19  0.01   3  19  12:57pm   S 29.87   59
27   87.2 100.4   4:43pm  75.8   6:06am    0   22  0.00   4  20   9:12am   S 29.79   51
28   85.1 100.7   3:57pm  74.9  11:54pm    0   20  0.07   4  22  12:21am   S 29.84   55
29   72.4  74.9  12:00am  70.8   4:49am    0    3  0.19   0  10   3:54am  SE 29.99   81
---------------------------------------------------------------------------------------
TOT  83.9 101.0  6/15/08  66.6  6/23/08    0  476  1.71   3  31   6/5/08   S 29.82   57

HEAT BASE: 65.0
COOL BASE: 65.0


</PRE>