NOAA-Style Climate Reports


Report for 2008 July
<PRE>
                  MONTHLY CLIMATOLOGICAL SUMMARY FOR 7/2008
                                        HEAT  COOL        
     MEAN                               DEG   DEG       WIND SPEED       DOM MEAN  MEAN
DAY  TEMP  HIGH   TIME     LOW   TIME   DAYS  DAYS RAIN AVG  HI  TIME    DIR BAROM HUM
---------------------------------------------------------------------------------------
1    83.5  98.5   4:46pm  69.6   6:53am    0   18  0.00   1  13   7:22pm   S 29.94   45
2    83.9  98.7   2:24pm  66.3   6:40am    0   19  0.00   1  11   2:27pm SSE 29.87   46
3    85.5 101.0   5:24pm  70.4   6:50am    0   21  0.00   1  11   8:58am   S 29.87   48
4    86.9 101.7   5:18pm  75.3   6:37am    0   22  0.00   1  13   5:58pm   S 29.89   48
5    87.2 100.2   4:34pm  73.3   6:50am    0   22  0.00   2  17  10:38pm   S 29.86   47
6    87.1 100.4   5:21pm  75.1   5:43am    0   22  0.00   3  18   2:19pm   S 29.85   45
7    88.1 100.4   3:23pm  76.0   7:04am    0   23  0.00   3  17  12:21pm   S 29.87   46
8    85.5 101.5   5:43pm  74.9   5:55am    0   21  0.59   1  17   7:46pm   S 29.89   56
9    84.6 101.5   5:35pm  73.7   6:30am    0   19  0.41   1  21   8:21pm  NE 29.93   63
10   86.7  98.7   2:42pm  75.8   6:00am    0   22  0.01   1  13   5:18pm   S 29.91   55
11   87.7  98.5   4:38pm  78.5   6:56am    0   23  0.00   3  17   3:04am   S 29.90   45
12   89.6 102.3   4:21pm  78.3   7:04am    0   25  0.00   3  17   3:47am   S 29.88   42
13   86.0  96.8   2:19pm  79.4   7:16am    0   21  0.00   2  16   6:25pm   S 29.84   52
14   85.5  96.1   3:07pm  75.1   7:24am    0   21  0.00   1  11   3:14pm  NE 29.84   57
15   82.7  94.7   1:53pm  74.6  11:47pm    0   18  0.17   1  14   8:19pm   S 29.91   67
16   83.6  99.2   3:51pm  73.0   6:35am    0   19  0.07   0  13   7:17pm SSE 29.96   64
17   87.2 100.7   5:27pm  75.1   6:47am    0   22  0.00   1  11  11:47am SSE 29.91   45
18   87.4 101.7   4:05pm  73.5   6:55am    0   22  0.00   1  14  11:46am   S 29.85   44
19   88.2 101.5   4:35pm  75.6   6:54am    0   23  0.00   1  11   4:43pm   S 29.88   44
20   89.1 102.3   3:51pm  76.1   6:49am    0   24  0.00   1  11  12:38pm   S 29.93   45
21   89.6 103.8   3:55pm  75.6   6:30am    0   25  0.00   0  14   6:10pm   S 29.87   42
22   90.4 103.1   4:22pm  77.7   7:04am    0   25  0.00   1  14  12:27pm   S 29.82   42
23   88.7 100.7   3:57pm  74.6   6:45am    0   24  0.00   1  12   1:51pm SSE 29.84   50
24   87.4  99.4   5:07pm  76.3   6:40am    0   22  0.00   1  14   2:19pm SSE 29.88   53
25   88.1 100.4   5:53pm  77.7   5:58am    0   23  0.00   2  18  12:39pm   S 29.95   51
26   89.3 102.8   4:30pm  78.5   7:16am    0   24  0.00   1  13   1:15pm   S 29.92   44
27   90.7 106.5   4:26pm  77.2   6:53am    0   26  0.00   1  11   9:12am   S 29.79   33
28   91.8 106.5   3:34pm  76.0   6:51am    0   27  0.00   2  13   9:58am   S 29.71   35
29   90.2 102.5   4:43pm  79.0   6:57am    0   25  0.00   2  15   3:20pm   S 29.71   42
30   85.6 102.0   5:14pm  77.7   5:53am    0   21  0.86   3  18   2:26am   S 29.67   60
31   88.3 103.3   4:24pm  75.3   5:20am    0   23  0.00   1  16   8:49am   S 29.66   57
---------------------------------------------------------------------------------------
TOT  87.3 106.5  7/27/08  66.3   7/2/08    0  691  2.11   1  21   7/9/08   S 29.86   49

HEAT BASE: 65.0
COOL BASE: 65.0

</PRE>