NOAA-Style Climate Reports


Report for 2008 August
<pre>
                  MONTHLY CLIMATOLOGICAL SUMMARY FOR 8/2008
                                        HEAT  COOL        
     MEAN                               DEG   DEG       WIND SPEED       DOM MEAN  MEAN
DAY  TEMP  HIGH   TIME     LOW   TIME   DAYS  DAYS RAIN AVG  HI  TIME    DIR BAROM HUM
---------------------------------------------------------------------------------------
1    90.1 103.8   3:23pm  77.7   2:51am    0   25  0.76   1  14   2:15am   S 29.76   54
2    90.7 104.4   3:34pm  78.3   6:36am    0   26  0.00   1  10   8:31am   S 29.79   45
3    91.4 107.1   4:22pm  76.7   6:53am    0   26  0.00   1  17  10:54pm   S 29.80   41
4    90.6 105.4   4:48pm  75.6   7:18am    0   26  0.00   0  10   6:28pm  SE 29.82   45
5    89.8  99.9   5:00pm  80.9   7:15am    0   25  0.00   1  12   5:53pm   E 29.85   45
6    83.4  94.3   4:24pm  74.2   7:35am    0   18  0.01   2  14  10:24am SSE 29.91   60
7    88.0 102.3   4:45pm  76.5   6:48am    0   23  0.02   1  13   9:07pm   S 29.88   52
8    84.1  97.3   5:18pm  75.6   8:25am    0   19  0.07   1  11   9:47pm ENE 29.86   63
9    88.1 102.3   4:06pm  77.0   6:27am    0   23  0.00   2  17   4:42pm   S 29.76   52
10   90.5 103.8   4:20pm  80.7   7:04am    0   25  0.00   4  19   3:26am   S 29.66   45
11   85.0  94.3   4:44pm  76.1  11:52pm    0   20  0.05   1  16   5:17pm   S 29.68   60
12   79.1  87.4   2:04pm  74.4   3:33am    0   14  0.14   1  14   4:58pm   N 29.70   72
13   82.6  98.5   5:09pm  69.1   6:47am    0   18  0.00   0  10  12:41pm   N 29.77   58
14   85.2 100.4   4:01pm  72.1   6:55am    0   20  0.00   0  10  11:31am SSE 29.79   47
15   77.4  89.3   6:07pm  66.8   6:16am    0   12  1.05   2  22   3:29am   N 29.87   70
16   74.9  83.6   4:48pm  67.4   6:57am    0   10  0.00   1  10  10:31am  NE 29.96   69
17   79.3  90.1   2:33pm  70.9   6:06am    0   14  0.00   0   8  12:05pm  NE 29.90   62
18   75.2  78.1  12:00am  73.2  10:30pm    0   10  0.49   0   7   8:21pm ENE 29.83   80
19   74.2  82.8   4:37pm  71.6  10:55pm    0    9  0.10   1   8   1:15pm ENE 29.80   83
20   75.3  83.6   4:21pm  70.4   7:42am    0   10  0.55   0  10   5:38pm  NE 29.76   83
21   79.8  94.9   6:02pm  68.8   5:48am    0   15  0.00   0   7   1:25pm   W 29.78   69
22   85.5  99.7   5:10pm  75.3   3:12am    0   20  0.00   1  13   8:34am   S 29.83   65
23   84.4  98.7   4:46pm  73.5   7:18am    0   19  0.00   0  12   6:07pm   W 29.91   60
24   83.2  96.3   5:35pm  71.5   6:50am    0   18  0.00   1  10   5:43pm   N 29.86   60
25   83.1  94.5   3:47pm  73.3   7:11am    0   18  0.00   1  14   4:09pm   N 29.78   61
26   84.0  96.8   3:29pm  72.5   6:50am    0   19  0.00   0   7  10:43pm SSE 29.75   60
27   85.8  99.7   5:14pm  74.4   7:01am    0   21  0.00   1  11   2:15pm SSE 29.76   59
28   86.7 101.5   4:16pm  75.8   7:00am    0   22  0.00   1  10  10:55am   S 29.76   54
29   85.4  98.7   2:44pm  75.4   7:11am    0   20  0.00   0  11   4:31pm   S 29.83   57
30   85.2  97.8   2:23pm  75.3   7:11am    0   20  0.00   1  11   3:16pm  SE 29.88   60
31   84.8  96.3   4:01pm  76.8   6:02am    0   20  0.00   1  11   4:13pm ENE 29.84   58
---------------------------------------------------------------------------------------
TOT  84.0 107.1   8/3/08  66.8  8/15/08    0  587  3.24   1  22  8/15/08   S 29.81   60

HEAT BASE: 65.0
COOL BASE: 65.0


</pre>